{"id":266,"date":"2018-08-21T12:49:30","date_gmt":"2018-08-21T09:49:30","guid":{"rendered":"https:\/\/blog.edu.turku.fi\/paaskyvuorenphy\/?page_id=266"},"modified":"2025-11-17T08:15:26","modified_gmt":"2025-11-17T06:15:26","slug":"ryhmat-paivakoti-keltasirkunpolku","status":"publish","type":"page","link":"https:\/\/blog.edu.turku.fi\/paaskyvuorenphy\/ryhmat-paivakoti-keltasirkunpolku\/","title":{"rendered":"P\u00e4\u00e4skyvuoren p\u00e4iv\u00e4koti"},"content":{"rendered":"<p><a href=\"https:\/\/blog.edu.turku.fi\/paaskyvuorenphy\/files\/2023\/03\/20230228_122743.jpg\"><img loading=\"lazy\" decoding=\"async\" class=\"alignright wp-image-531 size-medium\" src=\"https:\/\/blog.edu.turku.fi\/paaskyvuorenphy\/files\/2023\/03\/20230228_122743-225x300.jpg\" alt=\"\" width=\"225\" height=\"300\" srcset=\"https:\/\/blog.edu.turku.fi\/paaskyvuorenphy\/files\/2023\/03\/20230228_122743-225x300.jpg 225w, https:\/\/blog.edu.turku.fi\/paaskyvuorenphy\/files\/2023\/03\/20230228_122743.jpg 600w\" sizes=\"auto, (max-width: 225px) 85vw, 225px\" \/><\/a><\/p>\n<p><strong>Leivoset<\/strong> on 12- paikkainen alle 3- vuotiaiden ryhm\u00e4, jossa ty\u00f6skentelee varhaiskasvatuksen opettaja ja kaksi lastenhoitajaa.<\/p>\n<p><em>puh. 040 168 2104<\/em><\/p>\n<p><strong>Varpuset<\/strong> on 12- paikkainen alle 3- vuotiaiden ryhm\u00e4, jossa ty\u00f6skentelee varhaiskasvatuksen opettaja ja kaksi lastenhoitajaa.<\/p>\n<p><em>puh. 040 168 3846<\/em><\/p>\n<p><strong>Viherpeipot <\/strong>on 12- paikkainen alle 3- vuotiaiden ryhm\u00e4, jossa ty\u00f6skentelee varhaiskasvatuksen opettaja, varhaiskasvatuksen sosionomi sek\u00e4 lastenhoitaja<\/p>\n<p><em>\u00a0puh: 040 198 0476<\/em><\/p>\n<p><strong>Talitintit<\/strong> on 21- paikkainen 3 &#8211; 5- vuotiaiden ryhm\u00e4, jossa ty\u00f6skentelee kaksi varhaiskasvatuksen opettajaa ja lastenhoitaja.<\/p>\n<p><em> puh. 040 168 3292<\/em><\/p>\n<p><strong>V\u00e4st\u00e4r\u00e4kit<\/strong> on 21- paikkainen 3 &#8211; 5- vuotiaiden ryhm\u00e4, jossa ty\u00f6skentelee kaksi varhaiskasvatuksen opettajaa, lastenhoitaja.<\/p>\n<p><em>puh 040 168 3939<\/em><\/p>\n<p><strong>Rastaat<\/strong> on 21- paikkainen 3 &#8211; 5- vuotiaiden ryhm\u00e4, jossa ty\u00f6skentelee varhaiskasvatuksen opettaja, kaksi lastenhoitajaa.<\/p>\n<p><em> puh. 040 168 2872<\/em><\/p>\n<p>&nbsp;<\/p>\n<p><a href=\"https:\/\/blog.edu.turku.fi\/paaskyvuorenphy\/files\/2023\/03\/20230228_123431.jpg\"><img loading=\"lazy\" decoding=\"async\" class=\"alignnone size-medium wp-image-533\" src=\"https:\/\/blog.edu.turku.fi\/paaskyvuorenphy\/files\/2023\/03\/20230228_123431-300x225.jpg\" alt=\"\" width=\"300\" height=\"225\" srcset=\"https:\/\/blog.edu.turku.fi\/paaskyvuorenphy\/files\/2023\/03\/20230228_123431-300x225.jpg 300w, https:\/\/blog.edu.turku.fi\/paaskyvuorenphy\/files\/2023\/03\/20230228_123431.jpg 800w\" sizes=\"auto, (max-width: 300px) 85vw, 300px\" \/><\/a><\/p>\n","protected":false},"excerpt":{"rendered":"<p>Leivoset on 12- paikkainen alle 3- vuotiaiden ryhm\u00e4, jossa ty\u00f6skentelee varhaiskasvatuksen opettaja ja kaksi lastenhoitajaa. puh. 040 168 2104 Varpuset on 12- paikkainen alle 3- vuotiaiden ryhm\u00e4, jossa ty\u00f6skentelee varhaiskasvatuksen opettaja ja kaksi lastenhoitajaa. puh. 040 168 3846 Viherpeipot on 12- paikkainen alle 3- vuotiaiden ryhm\u00e4, jossa ty\u00f6skentelee varhaiskasvatuksen opettaja, varhaiskasvatuksen sosionomi sek\u00e4 lastenhoitaja \u00a0puh: &hellip; <a href=\"https:\/\/blog.edu.turku.fi\/paaskyvuorenphy\/ryhmat-paivakoti-keltasirkunpolku\/\" class=\"more-link\">Jatka lukemista<span class=\"screen-reader-text\"> &#8221;P\u00e4\u00e4skyvuoren p\u00e4iv\u00e4koti&#8221;<\/span><\/a><\/p>\n","protected":false},"author":2889,"featured_media":0,"parent":0,"menu_order":2,"comment_status":"closed","ping_status":"closed","template":"","meta":{"footnotes":""},"class_list":["post-266","page","type-page","status-publish","hentry"],"_links":{"self":[{"href":"https:\/\/blog.edu.turku.fi\/paaskyvuorenphy\/wp-json\/wp\/v2\/pages\/266","targetHints":{"allow":["GET"]}}],"collection":[{"href":"https:\/\/blog.edu.turku.fi\/paaskyvuorenphy\/wp-json\/wp\/v2\/pages"}],"about":[{"href":"https:\/\/blog.edu.turku.fi\/paaskyvuorenphy\/wp-json\/wp\/v2\/types\/page"}],"author":[{"embeddable":true,"href":"https:\/\/blog.edu.turku.fi\/paaskyvuorenphy\/wp-json\/wp\/v2\/users\/2889"}],"replies":[{"embeddable":true,"href":"https:\/\/blog.edu.turku.fi\/paaskyvuorenphy\/wp-json\/wp\/v2\/comments?post=266"}],"version-history":[{"count":18,"href":"https:\/\/blog.edu.turku.fi\/paaskyvuorenphy\/wp-json\/wp\/v2\/pages\/266\/revisions"}],"predecessor-version":[{"id":550,"href":"https:\/\/blog.edu.turku.fi\/paaskyvuorenphy\/wp-json\/wp\/v2\/pages\/266\/revisions\/550"}],"wp:attachment":[{"href":"https:\/\/blog.edu.turku.fi\/paaskyvuorenphy\/wp-json\/wp\/v2\/media?parent=266"}],"curies":[{"name":"wp","href":"https:\/\/api.w.org\/{rel}","templated":true}]}}