{"id":245,"date":"2018-08-21T12:11:39","date_gmt":"2018-08-21T09:11:39","guid":{"rendered":"https:\/\/blog.edu.turku.fi\/paaskyvuorenphy\/?page_id=245"},"modified":"2025-11-17T08:18:18","modified_gmt":"2025-11-17T06:18:18","slug":"leikkikerho","status":"publish","type":"page","link":"https:\/\/blog.edu.turku.fi\/paaskyvuorenphy\/leikkikerho\/","title":{"rendered":"Ulkokerho K\u00e4pytikat"},"content":{"rendered":"<p><strong>Ulkokerho K\u00e4pytikat <\/strong><\/p>\n<p>Ulkokerho K\u00e4pytikoissa toimii 3-5 vuotiaita kerholaisia.<\/p>\n<p>Kerho kokoontuu maanantaisin, keskiviikkoisin ja perjantaisin klo 8.30-11.30. Tapaamme Jaanin srk-talon pihalla (Karjakuja 75) ja siit\u00e4 siirrymme yhdess\u00e4 p\u00e4iv\u00e4n retkikohteeseemme.<\/p>\n<p>Ulkokerhossa hy\u00f6dynn\u00e4mme l\u00e4hiymp\u00e4rist\u00f6n ulkoilu- ja retkeilymahdollisuuksia<br \/>\nmonipuolisesti. Kerhoarkeen kuuluu leikkimist\u00e4, liikkumista, k\u00e4sill\u00e4 tekemist\u00e4 ja taiteen<br \/>\nilmaisemista. Lapsiryhm\u00e4 ja ohjaajat pysyv\u00e4t samoina. Kerhossa painottuvat yhdess\u00e4olo, ilon ja oppimisen kokemukset sek\u00e4 lapsesta v\u00e4litt\u00e4minen. Kerhossa toteutetaan varhaiskasvatussuunnitelmaa.<\/p>\n<p>Kerho on perheille maksuton. Kerhoa ohjaa kaksi varhaiskasvatuksen ammattilaista, joista toinen on kaupungin varhaiskasvatuksen lastenhoitaja ja toinen seurakuntayhtym\u00e4n lastenohjaaja.<\/p>\n<p>Ilmoittautuminen ja tiedustelut :<\/p>\n<p>Ella Heikkil\u00e4 (P\u00e4\u00e4skyvuoren p\u00e4iv\u00e4koti)<\/p>\n<p>puh. 050 467 2003<\/p>\n<p>Kerhon puhelinnumero 040 341 7635.<\/p>\n<p>Tervetuloa K\u00e4pytikkoihin<\/p>\n<p><a href=\"https:\/\/blog.edu.turku.fi\/paaskyvuorenphy\/files\/2020\/12\/blogiin-2.jpg\"><img loading=\"lazy\" decoding=\"async\" class=\"size-medium wp-image-426 alignleft\" src=\"https:\/\/blog.edu.turku.fi\/paaskyvuorenphy\/files\/2020\/12\/blogiin-2-300x288.jpg\" alt=\"\" width=\"300\" height=\"288\" srcset=\"https:\/\/blog.edu.turku.fi\/paaskyvuorenphy\/files\/2020\/12\/blogiin-2-300x288.jpg 300w, https:\/\/blog.edu.turku.fi\/paaskyvuorenphy\/files\/2020\/12\/blogiin-2.jpg 800w\" sizes=\"auto, (max-width: 300px) 85vw, 300px\" \/><\/a><\/p>\n<p><a href=\"https:\/\/blog.edu.turku.fi\/paaskyvuorenphy\/files\/2020\/12\/laavu.jpg\"><img loading=\"lazy\" decoding=\"async\" class=\"size-medium wp-image-424 alignleft\" src=\"https:\/\/blog.edu.turku.fi\/paaskyvuorenphy\/files\/2020\/12\/laavu-217x300.jpg\" alt=\"\" width=\"217\" height=\"300\" srcset=\"https:\/\/blog.edu.turku.fi\/paaskyvuorenphy\/files\/2020\/12\/laavu-217x300.jpg 217w, https:\/\/blog.edu.turku.fi\/paaskyvuorenphy\/files\/2020\/12\/laavu.jpg 579w\" sizes=\"auto, (max-width: 217px) 85vw, 217px\" \/><\/a><a href=\"https:\/\/blog.edu.turku.fi\/paaskyvuorenphy\/files\/2020\/12\/IMG-20201005-WA0002.jpg\"><img loading=\"lazy\" decoding=\"async\" class=\"size-medium wp-image-415 alignleft\" src=\"https:\/\/blog.edu.turku.fi\/paaskyvuorenphy\/files\/2020\/12\/IMG-20201005-WA0002-300x225.jpg\" alt=\"\" width=\"300\" height=\"225\" srcset=\"https:\/\/blog.edu.turku.fi\/paaskyvuorenphy\/files\/2020\/12\/IMG-20201005-WA0002-300x225.jpg 300w, https:\/\/blog.edu.turku.fi\/paaskyvuorenphy\/files\/2020\/12\/IMG-20201005-WA0002.jpg 800w\" sizes=\"auto, (max-width: 300px) 85vw, 300px\" \/><\/a><\/p>\n","protected":false},"excerpt":{"rendered":"<p>Ulkokerho K\u00e4pytikat Ulkokerho K\u00e4pytikoissa toimii 3-5 vuotiaita kerholaisia. Kerho kokoontuu maanantaisin, keskiviikkoisin ja perjantaisin klo 8.30-11.30. Tapaamme Jaanin srk-talon pihalla (Karjakuja 75) ja siit\u00e4 siirrymme yhdess\u00e4 p\u00e4iv\u00e4n retkikohteeseemme. Ulkokerhossa hy\u00f6dynn\u00e4mme l\u00e4hiymp\u00e4rist\u00f6n ulkoilu- ja retkeilymahdollisuuksia monipuolisesti. Kerhoarkeen kuuluu leikkimist\u00e4, liikkumista, k\u00e4sill\u00e4 tekemist\u00e4 ja taiteen ilmaisemista. Lapsiryhm\u00e4 ja ohjaajat pysyv\u00e4t samoina. Kerhossa painottuvat yhdess\u00e4olo, ilon ja oppimisen &hellip; <a href=\"https:\/\/blog.edu.turku.fi\/paaskyvuorenphy\/leikkikerho\/\" class=\"more-link\">Jatka lukemista<span class=\"screen-reader-text\"> &#8221;Ulkokerho K\u00e4pytikat&#8221;<\/span><\/a><\/p>\n","protected":false},"author":2889,"featured_media":0,"parent":0,"menu_order":4,"comment_status":"closed","ping_status":"closed","template":"","meta":{"footnotes":""},"class_list":["post-245","page","type-page","status-publish","hentry"],"_links":{"self":[{"href":"https:\/\/blog.edu.turku.fi\/paaskyvuorenphy\/wp-json\/wp\/v2\/pages\/245","targetHints":{"allow":["GET"]}}],"collection":[{"href":"https:\/\/blog.edu.turku.fi\/paaskyvuorenphy\/wp-json\/wp\/v2\/pages"}],"about":[{"href":"https:\/\/blog.edu.turku.fi\/paaskyvuorenphy\/wp-json\/wp\/v2\/types\/page"}],"author":[{"embeddable":true,"href":"https:\/\/blog.edu.turku.fi\/paaskyvuorenphy\/wp-json\/wp\/v2\/users\/2889"}],"replies":[{"embeddable":true,"href":"https:\/\/blog.edu.turku.fi\/paaskyvuorenphy\/wp-json\/wp\/v2\/comments?post=245"}],"version-history":[{"count":21,"href":"https:\/\/blog.edu.turku.fi\/paaskyvuorenphy\/wp-json\/wp\/v2\/pages\/245\/revisions"}],"predecessor-version":[{"id":553,"href":"https:\/\/blog.edu.turku.fi\/paaskyvuorenphy\/wp-json\/wp\/v2\/pages\/245\/revisions\/553"}],"wp:attachment":[{"href":"https:\/\/blog.edu.turku.fi\/paaskyvuorenphy\/wp-json\/wp\/v2\/media?parent=245"}],"curies":[{"name":"wp","href":"https:\/\/api.w.org\/{rel}","templated":true}]}}