{"id":99,"date":"2022-06-30T11:58:22","date_gmt":"2022-06-30T08:58:22","guid":{"rendered":"https:\/\/blog.edu.turku.fi\/oskar\/?page_id=99"},"modified":"2024-08-29T12:18:14","modified_gmt":"2024-08-29T09:18:14","slug":"koulutukset","status":"publish","type":"page","link":"https:\/\/blog.edu.turku.fi\/oskar\/koulutukset\/","title":{"rendered":"Koulutukset"},"content":{"rendered":"<p><span style=\"color: #ff0000;\"><strong>HANKE P\u00c4\u00c4TTYNYT &#8211; T\u00c4M\u00c4 SIVU ON EN\u00c4\u00c4 ARKISTOK\u00c4YT\u00d6SS\u00c4<\/strong><\/span><\/p>\n<p>OSKAR-hankkeen koulutukset ovat avoimia ja maksuttomia varhaiskasvatuksen, perusopetuksen ja toisen asteen kasvatus- ja opetushenkil\u00f6st\u00f6lle. Tarkista tarkempi kohderyhm\u00e4 yksitt\u00e4isen koulutuksen kohdalta.<\/p>\n<p><strong><a href=\"https:\/\/edu.turku.fi\/events\/categories\/oskar\/\">Katso lista tulevista koulutuksista edu.turku.fi-sivuilta<\/a><\/strong><\/p>\n<hr \/>\n<p>Vinkki! Seuraavat verkkokurssit ovat hankkeen ajan jatkuvasti auki, voit tutustua vaikka heti:<\/p>\n<ul>\n<li><a href=\"https:\/\/edu.turku.fi\/events\/tietoturvan-ja-tietosuojan-verkkokurssi\/\">Tietoturvan ja tietosuojan verkkokurssi<\/a><\/li>\n<li><a href=\"https:\/\/edu.turku.fi\/events\/ergonomian-verkkokurssi\/\">Ergonomiaa opetushenkil\u00f6st\u00f6lle<\/a><\/li>\n<li><a href=\"https:\/\/edu.turku.fi\/events\/avoimet-lahteet-tiedonhaku-ja-lahdekritiikki-2\/\">Avoimet l\u00e4hteet, tiedonhaku ja l\u00e4hdekritiikki<\/a> (webinaaritallenteet)<\/li>\n<\/ul>\n","protected":false},"excerpt":{"rendered":"<p>HANKE P\u00c4\u00c4TTYNYT &#8211; T\u00c4M\u00c4 SIVU ON EN\u00c4\u00c4 ARKISTOK\u00c4YT\u00d6SS\u00c4 OSKAR-hankkeen koulutukset ovat avoimia ja maksuttomia varhaiskasvatuksen, perusopetuksen ja toisen asteen kasvatus- ja opetushenkil\u00f6st\u00f6lle. Tarkista tarkempi kohderyhm\u00e4 yksitt\u00e4isen koulutuksen kohdalta. Katso lista tulevista koulutuksista edu.turku.fi-sivuilta Vinkki! Seuraavat verkkokurssit ovat hankkeen ajan jatkuvasti<\/p>\n","protected":false},"author":9,"featured_media":0,"parent":0,"menu_order":0,"comment_status":"closed","ping_status":"closed","template":"","meta":{"footnotes":""},"class_list":["post-99","page","type-page","status-publish","hentry"],"_links":{"self":[{"href":"https:\/\/blog.edu.turku.fi\/oskar\/wp-json\/wp\/v2\/pages\/99","targetHints":{"allow":["GET"]}}],"collection":[{"href":"https:\/\/blog.edu.turku.fi\/oskar\/wp-json\/wp\/v2\/pages"}],"about":[{"href":"https:\/\/blog.edu.turku.fi\/oskar\/wp-json\/wp\/v2\/types\/page"}],"author":[{"embeddable":true,"href":"https:\/\/blog.edu.turku.fi\/oskar\/wp-json\/wp\/v2\/users\/9"}],"replies":[{"embeddable":true,"href":"https:\/\/blog.edu.turku.fi\/oskar\/wp-json\/wp\/v2\/comments?post=99"}],"version-history":[{"count":17,"href":"https:\/\/blog.edu.turku.fi\/oskar\/wp-json\/wp\/v2\/pages\/99\/revisions"}],"predecessor-version":[{"id":188,"href":"https:\/\/blog.edu.turku.fi\/oskar\/wp-json\/wp\/v2\/pages\/99\/revisions\/188"}],"wp:attachment":[{"href":"https:\/\/blog.edu.turku.fi\/oskar\/wp-json\/wp\/v2\/media?parent=99"}],"curies":[{"name":"wp","href":"https:\/\/api.w.org\/{rel}","templated":true}]}}