{"id":65,"date":"2024-04-10T12:54:35","date_gmt":"2024-04-10T09:54:35","guid":{"rendered":"https:\/\/blog.edu.turku.fi\/osallisuus\/?page_id=65"},"modified":"2024-05-02T11:29:39","modified_gmt":"2024-05-02T08:29:39","slug":"materiaaleja-ja-vinkkeja-osallisuustyohon","status":"publish","type":"page","link":"https:\/\/blog.edu.turku.fi\/osallisuus\/materiaaleja-ja-vinkkeja-osallisuustyohon\/","title":{"rendered":"Materiaaleja ja vinkkej\u00e4 osallisuusty\u00f6h\u00f6n\u00a0"},"content":{"rendered":"<p><span data-contrast=\"auto\">Opinkirjon yll\u00e4pit\u00e4m\u00e4 materiaalipankki oppilaskuntatoiminnan tueksi.<\/span><span data-contrast=\"none\">\u00a0<\/span><span data-ccp-props=\"{&quot;201341983&quot;:0,&quot;335559739&quot;:160,&quot;335559740&quot;:259}\"> T\u00e4\u00e4lt\u00e4 l\u00f6ytyy esim. Oppilaskuntatoiminnan ohjaajan opas, ohje yhdenvertaisuusty\u00f6pajoihin, Kannattaisiko vaikuttaa? &#8211; opas jossa on vinkkej\u00e4 vaikuttamisty\u00f6h\u00f6n ja MOK-materiaaleja yhteiskunnallisella otteella.<br \/>\n<\/span><a href=\"https:\/\/omaoppilaskunta.fi\/\"><span data-contrast=\"none\">https:\/\/omaoppilaskunta.fi\/<\/span><\/a><span data-contrast=\"auto\">\u00a0<\/span><span data-ccp-props=\"{&quot;201341983&quot;:0,&quot;335559739&quot;:160,&quot;335559740&quot;:259}\">\u00a0<\/span><\/p>\n<p><span data-contrast=\"auto\">Opettajat oppilaiden osallisuuden vahvistajina -koulutukset<\/span><span data-ccp-props=\"{&quot;201341983&quot;:0,&quot;335559739&quot;:160,&quot;335559740&quot;:259}\"><br \/>\n<\/span><a href=\"https:\/\/www.nuortensuomi.fi\/opettajat-oppilaiden-osallisuuden-vahvistajina\/\"><span data-contrast=\"none\">https:\/\/www.nuortensuomi.fi\/opettajat-oppilaiden-osallisuuden-vahvistajina\/<\/span><\/a><span data-contrast=\"auto\">\u00a0<\/span><span data-ccp-props=\"{&quot;201341983&quot;:0,&quot;335559739&quot;:160,&quot;335559740&quot;:259}\">\u00a0<\/span><\/p>\n<p><span data-contrast=\"auto\">Ohjeet vaalien j\u00e4rjest\u00e4miseen ja k\u00e4sittelyyn, politiikkaviikon materiaaleja (tammikuussa) sek\u00e4 listattu erilaisia virallisia ja ep\u00e4virallisia vaikuttamisen v\u00e4yli\u00e4 nuorille (Malleja demokratiakasvatukseen ja osallisuuteen)<\/span><span data-ccp-props=\"{&quot;201341983&quot;:0,&quot;335559739&quot;:160,&quot;335559740&quot;:259}\"><br \/>\n<\/span><a href=\"https:\/\/nuorisoala.fi\/palvelut\/demokratiakasvatus-ja-osallisuus\/\"><span data-contrast=\"none\">https:\/\/nuorisoala.fi\/palvelut\/demokratiakasvatus-ja-osallisuus\/<\/span><\/a><span data-contrast=\"auto\">\u00a0<\/span><span data-ccp-props=\"{&quot;201341983&quot;:0,&quot;335559739&quot;:160,&quot;335559740&quot;:259}\">\u00a0<\/span><\/p>\n<p><span data-contrast=\"none\">Miten tehd\u00e4 nuorten osallisuudesta vaikuttavaa? T\u00e4lt\u00e4 sivustolta l\u00f6yd\u00e4t tietoa, ty\u00f6kaluja ja esimerkkej\u00e4 nuorten osallistumisen mahdollistamiseksi.\u00a0<\/span><span data-contrast=\"auto\">\u00a0<\/span><span data-ccp-props=\"{&quot;201341983&quot;:0,&quot;335559739&quot;:160,&quot;335559740&quot;:259}\"><br \/>\n<\/span><a href=\"https:\/\/nuoretjaosallisuus.fi\/\"><span data-contrast=\"none\">https:\/\/nuoretjaosallisuus.fi\/<\/span><\/a><span data-ccp-props=\"{&quot;201341983&quot;:0,&quot;335559739&quot;:160,&quot;335559740&quot;:259}\">\u00a0<\/span><\/p>\n<p>Setan kouluopas<br \/>\n<a href=\"https:\/\/seta.fi\/tue\/kouluopas\/\">https:\/\/seta.fi\/tue\/kouluopas\/<\/a><\/p>\n<p>Autismikirjon lapset ja nuoret<br \/>\n<a href=\"https:\/\/autismiliitto.fi\/autismi\/autismikirjon-lapset-ja-nuoret\/\">https:\/\/autismiliitto.fi\/autismi\/autismikirjon-lapset-ja-nuoret\/<\/a><\/p>\n<p>Koulun tukitoimet, Nepsy-hanke TARMO<br \/>\n<a href=\"https:\/\/adhd-liitto.fi\/adhd-tietoa\/tietoa-ammattilaisille\/\">https:\/\/adhd-liitto.fi\/adhd-tietoa\/tietoa-ammattilaisille\/<\/a><\/p>\n<p>Opetushallitus &#8211; Kielitietoinen koulu<br \/>\n<a href=\"https:\/\/www.oph.fi\/fi\/tilastot-ja-julkaisut\/julkaisut\/kielitietoinen-opetus-kielitietoinen-koulu\">https:\/\/www.oph.fi\/fi\/tilastot-ja-julkaisut\/julkaisut\/kielitietoinen-opetus-kielitietoinen-koulu<\/a><\/p>\n<p>Nuortentalosta l\u00f6yd\u00e4t tietoa pitk\u00e4aikaissairaiden nuorten el\u00e4m\u00e4st\u00e4 ja nuorille suunnatuista palveluista, hoidon siirtymisest\u00e4 aikuispuolelle sek\u00e4 tukea omahoitoon. Nuoret ovat itse osallistuneet sis\u00e4ll\u00f6n tuottamiseen.<br \/>\n<a href=\"https:\/\/www.terveyskyla.fi\/nuortentalo\">https:\/\/www.terveyskyla.fi\/nuortentalo<\/a><\/p>\n<p>VAMLAS &#8211; Vammaisten lasten ja nuorten tukis\u00e4\u00e4ti\u00f6 SR<br \/>\n<a href=\"https:\/\/vamlas.fi\/koulu-ja-opiskelu\/\">https:\/\/vamlas.fi\/koulu-ja-opiskelu\/<\/a><\/p>\n<p>&nbsp;<\/p>\n<p><img loading=\"lazy\" decoding=\"async\" class=\"alignnone size-medium wp-image-20\" src=\"https:\/\/blog.edu.turku.fi\/osallisuus\/files\/2024\/04\/IMG_5504-2024-04-10-06_25_24-300x225.jpg\" alt=\"\" width=\"300\" height=\"225\" srcset=\"https:\/\/blog.edu.turku.fi\/osallisuus\/files\/2024\/04\/IMG_5504-2024-04-10-06_25_24-300x225.jpg 300w, https:\/\/blog.edu.turku.fi\/osallisuus\/files\/2024\/04\/IMG_5504-2024-04-10-06_25_24.jpg 1024w\" sizes=\"auto, (max-width: 300px) 85vw, 300px\" \/><\/p>\n","protected":false},"excerpt":{"rendered":"<p>Opinkirjon yll\u00e4pit\u00e4m\u00e4 materiaalipankki oppilaskuntatoiminnan tueksi.\u00a0 T\u00e4\u00e4lt\u00e4 l\u00f6ytyy esim. Oppilaskuntatoiminnan ohjaajan opas, ohje yhdenvertaisuusty\u00f6pajoihin, Kannattaisiko vaikuttaa? &#8211; opas jossa on vinkkej\u00e4 vaikuttamisty\u00f6h\u00f6n ja MOK-materiaaleja yhteiskunnallisella otteella. https:\/\/omaoppilaskunta.fi\/\u00a0\u00a0 Opettajat oppilaiden osallisuuden vahvistajina -koulutukset https:\/\/www.nuortensuomi.fi\/opettajat-oppilaiden-osallisuuden-vahvistajina\/\u00a0\u00a0 Ohjeet vaalien j\u00e4rjest\u00e4miseen ja k\u00e4sittelyyn, politiikkaviikon materiaaleja (tammikuussa) sek\u00e4 listattu erilaisia virallisia ja ep\u00e4virallisia vaikuttamisen v\u00e4yli\u00e4 nuorille (Malleja demokratiakasvatukseen ja osallisuuteen) https:\/\/nuorisoala.fi\/palvelut\/demokratiakasvatus-ja-osallisuus\/\u00a0\u00a0 Miten &hellip; <a href=\"https:\/\/blog.edu.turku.fi\/osallisuus\/materiaaleja-ja-vinkkeja-osallisuustyohon\/\" class=\"more-link\">Jatka lukemista<span class=\"screen-reader-text\"> &#8221;Materiaaleja ja vinkkej\u00e4 osallisuusty\u00f6h\u00f6n\u00a0&#8221;<\/span><\/a><\/p>\n","protected":false},"author":3407,"featured_media":0,"parent":0,"menu_order":0,"comment_status":"closed","ping_status":"closed","template":"","meta":{"footnotes":""},"class_list":["post-65","page","type-page","status-publish","hentry"],"_links":{"self":[{"href":"https:\/\/blog.edu.turku.fi\/osallisuus\/wp-json\/wp\/v2\/pages\/65","targetHints":{"allow":["GET"]}}],"collection":[{"href":"https:\/\/blog.edu.turku.fi\/osallisuus\/wp-json\/wp\/v2\/pages"}],"about":[{"href":"https:\/\/blog.edu.turku.fi\/osallisuus\/wp-json\/wp\/v2\/types\/page"}],"author":[{"embeddable":true,"href":"https:\/\/blog.edu.turku.fi\/osallisuus\/wp-json\/wp\/v2\/users\/3407"}],"replies":[{"embeddable":true,"href":"https:\/\/blog.edu.turku.fi\/osallisuus\/wp-json\/wp\/v2\/comments?post=65"}],"version-history":[{"count":4,"href":"https:\/\/blog.edu.turku.fi\/osallisuus\/wp-json\/wp\/v2\/pages\/65\/revisions"}],"predecessor-version":[{"id":129,"href":"https:\/\/blog.edu.turku.fi\/osallisuus\/wp-json\/wp\/v2\/pages\/65\/revisions\/129"}],"wp:attachment":[{"href":"https:\/\/blog.edu.turku.fi\/osallisuus\/wp-json\/wp\/v2\/media?parent=65"}],"curies":[{"name":"wp","href":"https:\/\/api.w.org\/{rel}","templated":true}]}}