{"id":59,"date":"2024-04-10T12:49:22","date_gmt":"2024-04-10T09:49:22","guid":{"rendered":"https:\/\/blog.edu.turku.fi\/osallisuus\/?page_id=59"},"modified":"2024-04-11T09:17:03","modified_gmt":"2024-04-11T06:17:03","slug":"tukioppilaat","status":"publish","type":"page","link":"https:\/\/blog.edu.turku.fi\/osallisuus\/tukioppilaat\/","title":{"rendered":"Tukioppilaat"},"content":{"rendered":"<h3><strong>Haluatko tukioppilaaksi? <a href=\"https:\/\/www.facebook.com\/mllturku\"><span data-contrast=\"auto\"><img loading=\"lazy\" decoding=\"async\" class=\"size-medium wp-image-60 alignright\" src=\"https:\/\/blog.edu.turku.fi\/osallisuus\/files\/2024\/04\/tukioppilas_logo-rgb-nelio-300x300-1-300x300.png\" alt=\"\" width=\"300\" height=\"300\" srcset=\"https:\/\/blog.edu.turku.fi\/osallisuus\/files\/2024\/04\/tukioppilas_logo-rgb-nelio-300x300-1.png 300w, https:\/\/blog.edu.turku.fi\/osallisuus\/files\/2024\/04\/tukioppilas_logo-rgb-nelio-300x300-1-150x150.png 150w\" sizes=\"auto, (max-width: 300px) 85vw, 300px\" \/><\/span><\/a><\/strong><\/h3>\n<p><span data-contrast=\"none\">Jokaisessa koulussa on tukioppilastoimintaa ja siit\u00e4 vastaavat koulun omat tukioppilasohjaajat. Jos et tied\u00e4, keit\u00e4 he ovat, voit kysy\u00e4 koulun henkil\u00f6kunnalta. Tukioppilaaksi haluaville voi olla hakemus tai haastattelu, koulu p\u00e4\u00e4tt\u00e4\u00e4 itse hakuprosessista.<\/span><span data-ccp-props=\"{&quot;201341983&quot;:0,&quot;335559739&quot;:0,&quot;335559740&quot;:259,&quot;469777462&quot;:[720],&quot;469777927&quot;:[0],&quot;469777928&quot;:[1]}\"><br \/>\n<\/span><span data-contrast=\"none\">Tukioppilaiden koulutukset j\u00e4rjest\u00e4\u00e4 MLL Varsinais-Suomen piiri. Tukioppilasohjaajat ovat mukana koulutuksissa.<\/span><span data-ccp-props=\"{&quot;201341983&quot;:0,&quot;335559739&quot;:0,&quot;335559740&quot;:259,&quot;469777462&quot;:[720],&quot;469777927&quot;:[0],&quot;469777928&quot;:[1]}\">\u00a0<\/span><\/p>\n<p><strong>Mit\u00e4 tukioppilas tekee?\u00a0<\/strong><\/p>\n<p><span data-contrast=\"none\">Tukioppilaiksi kaivataan oppilaita, jotka omalla esimerkill\u00e4\u00e4n luovat hyv\u00e4\u00e4 turvallista oppimisymp\u00e4rist\u00f6\u00e4. Yleens\u00e4 he ovat mukana uusien seiskojen ryhm\u00e4ytt\u00e4misess\u00e4 ja pit\u00e4v\u00e4t oppitunteja omille kummiluokilleen; aiheina voi olla esimerkiksi ehk\u00e4isev\u00e4 p\u00e4ihdety\u00f6, kiusaamisen vastainen ty\u00f6 ja yhdenvertaisuus. Tukioppilaat voivat j\u00e4rjest\u00e4\u00e4 erilaisia teemap\u00e4ivi\u00e4 kouluvuoden aikana.<\/span><span data-ccp-props=\"{&quot;201341983&quot;:0,&quot;335559739&quot;:0,&quot;335559740&quot;:259,&quot;469777462&quot;:[720],&quot;469777927&quot;:[0],&quot;469777928&quot;:[1]}\"><br \/>\n<\/span><span data-contrast=\"none\">Tukioppilastoiminnalla tavoitellaan sit\u00e4, ett\u00e4 jokaisella oppilaalla olisi koulussa hyv\u00e4 olla. Tukioppilaaksi toivotaan monenlaisia persoonia &#8211; t\u00e4rkeint\u00e4 on ett\u00e4 koet itse haluavasi auttaa muita, olet empaattinen ja yst\u00e4v\u00e4llinen muille. Esiintymistaitojakin tarvitaan mutta niit\u00e4 voi tukioppilastoiminnassa my\u00f6s oppia.<\/span><span data-ccp-props=\"{&quot;201341983&quot;:0,&quot;335559739&quot;:0,&quot;335559740&quot;:259,&quot;469777462&quot;:[720],&quot;469777927&quot;:[0],&quot;469777928&quot;:[1]}\">\u00a0<\/span><\/p>\n<h3><strong>Haluatko tukioppilasohjaajaksi?\u00a0<\/strong><\/h3>\n<p><span data-contrast=\"none\">Ota yhteytt\u00e4 esihenkil\u00f6\u00f6si! Tukioppilasohjaajien koulutukset Turussa hoitaa MLL Varsinais-Suomen piiri. Sielt\u00e4 saa koulutusta, materiaalia yms. Turussa lis\u00e4apuna on\u00a0 MLL Turun\u00a0 yhdistys joka esimerkiksi maksaa turkulaisten koulujen tukioppilaiden ja tukioppilasohjaajien koulutukset.<\/span><span data-ccp-props=\"{&quot;201341983&quot;:0,&quot;335559739&quot;:0,&quot;335559740&quot;:259,&quot;469777462&quot;:[720],&quot;469777927&quot;:[0],&quot;469777928&quot;:[1]}\">\u00a0<\/span><\/p>\n<p><i><span data-contrast=\"none\">Tukioppilastoiminta-osuuden kokoamisessa ovat olleet mukana Nummenpakan koulun tukioppilasohjaaja ja MLL Turun yhdistyksen hallituksen j\u00e4sen Tiina Ben Moussa sek\u00e4 MLL Varsinais-Suomen piirin nuorisotoiminnan koordinaattori Ina Vahalahti. H\u00e4n vastaa tukioppilastoiminnan koordinoinnista.<\/span><\/i><\/p>\n<p><strong>Linkkej\u00e4 ja lis\u00e4tietoa:\u00a0<\/strong><\/p>\n<p><a href=\"https:\/\/www.nuortennetti.fi\/koulu-ja-tyo\/tukioppilaat\/\">Tukioppilaat (nuortennetti)<\/a><\/p>\n<p><a href=\"https:\/\/www.mll.fi\/ammattilaisille\/kouluille-ja-oppilaitoksille\/tukioppilastoiminta\/\">Tukioppilastoiminta (MLL)<\/a><\/p>\n<p><a href=\"https:\/\/www.facebook.com\/mllturku\"><span data-contrast=\"auto\">MLL Turun yhdistys (facebook-sivu)<\/span><span data-ccp-props=\"{&quot;201341983&quot;:0,&quot;335559739&quot;:160,&quot;335559740&quot;:259}\">\u00a0<\/span><\/a><\/p>\n<p><a href=\"https:\/\/varsinaissuomenpiiri.mll.fi\"><span data-contrast=\"auto\">MLL Varsinais-Suomen piiri<\/span><span data-ccp-props=\"{&quot;201341983&quot;:0,&quot;335559739&quot;:160,&quot;335559740&quot;:259}\">\u00a0<\/span><\/a><\/p>\n<p><a href=\"https:\/\/www.mll.fi\/tapahtumahaku\/?tyyppi=koulutus-ammattilaisille\"><span data-contrast=\"auto\">Tukioppilasohjaajien koulutukset (MLL)<\/span><\/a> <span data-ccp-props=\"{&quot;201341983&quot;:0,&quot;335559739&quot;:160,&quot;335559740&quot;:259}\">\u00a0<\/span><\/p>\n","protected":false},"excerpt":{"rendered":"<p>Haluatko tukioppilaaksi? Jokaisessa koulussa on tukioppilastoimintaa ja siit\u00e4 vastaavat koulun omat tukioppilasohjaajat. Jos et tied\u00e4, keit\u00e4 he ovat, voit kysy\u00e4 koulun henkil\u00f6kunnalta. Tukioppilaaksi haluaville voi olla hakemus tai haastattelu, koulu p\u00e4\u00e4tt\u00e4\u00e4 itse hakuprosessista. Tukioppilaiden koulutukset j\u00e4rjest\u00e4\u00e4 MLL Varsinais-Suomen piiri. Tukioppilasohjaajat ovat mukana koulutuksissa.\u00a0 Mit\u00e4 tukioppilas tekee?\u00a0 Tukioppilaiksi kaivataan oppilaita, jotka omalla esimerkill\u00e4\u00e4n luovat hyv\u00e4\u00e4 turvallista &hellip; <a href=\"https:\/\/blog.edu.turku.fi\/osallisuus\/tukioppilaat\/\" class=\"more-link\">Jatka lukemista<span class=\"screen-reader-text\"> &#8221;Tukioppilaat&#8221;<\/span><\/a><\/p>\n","protected":false},"author":3407,"featured_media":0,"parent":0,"menu_order":4,"comment_status":"closed","ping_status":"closed","template":"","meta":{"footnotes":""},"class_list":["post-59","page","type-page","status-publish","hentry"],"_links":{"self":[{"href":"https:\/\/blog.edu.turku.fi\/osallisuus\/wp-json\/wp\/v2\/pages\/59","targetHints":{"allow":["GET"]}}],"collection":[{"href":"https:\/\/blog.edu.turku.fi\/osallisuus\/wp-json\/wp\/v2\/pages"}],"about":[{"href":"https:\/\/blog.edu.turku.fi\/osallisuus\/wp-json\/wp\/v2\/types\/page"}],"author":[{"embeddable":true,"href":"https:\/\/blog.edu.turku.fi\/osallisuus\/wp-json\/wp\/v2\/users\/3407"}],"replies":[{"embeddable":true,"href":"https:\/\/blog.edu.turku.fi\/osallisuus\/wp-json\/wp\/v2\/comments?post=59"}],"version-history":[{"count":2,"href":"https:\/\/blog.edu.turku.fi\/osallisuus\/wp-json\/wp\/v2\/pages\/59\/revisions"}],"predecessor-version":[{"id":73,"href":"https:\/\/blog.edu.turku.fi\/osallisuus\/wp-json\/wp\/v2\/pages\/59\/revisions\/73"}],"wp:attachment":[{"href":"https:\/\/blog.edu.turku.fi\/osallisuus\/wp-json\/wp\/v2\/media?parent=59"}],"curies":[{"name":"wp","href":"https:\/\/api.w.org\/{rel}","templated":true}]}}