{"id":31,"date":"2024-04-10T11:03:54","date_gmt":"2024-04-10T08:03:54","guid":{"rendered":"https:\/\/blog.edu.turku.fi\/osallisuus\/?page_id=31"},"modified":"2024-05-02T10:49:58","modified_gmt":"2024-05-02T07:49:58","slug":"oppilaskuntatoiminta","status":"publish","type":"page","link":"https:\/\/blog.edu.turku.fi\/osallisuus\/oppilaskuntatoiminta\/","title":{"rendered":"Oppilaskunta"},"content":{"rendered":"<p>Kaikki koulun oppilaat kuuluvat oppilaskuntaan. Oppilaskunnan hallitus valitaan demokraattisesti oppilaiden keskuudesta niin ett\u00e4 kaikilla on mahdollisuus hakea sen j\u00e4seneksi. Hallituksen toimintaa ohjaa teht\u00e4v\u00e4\u00e4n valittu opettaja.<\/p>\n<p><a href=\"https:\/\/blog.edu.turku.fi\/osallisuus\/oppilaskuntatoiminta\/materiaaleja-ja-vinkkeja-oppilaskuntatyohon\/\">Materiaalit-sivulta<\/a> l\u00f6yd\u00e4t todistuspohjat ja vinkkej\u00e4 toimintaan<\/p>\n<p><a href=\"https:\/\/blog.edu.turku.fi\/osallisuus\/oppilaskuntatoiminta\/6-askelta-oppilaskuntatyon-kaynnistamiseen\/\">Oppilaskuntaty\u00f6n k\u00e4ynnist\u00e4misen askeleet t\u00e4\u00e4ll\u00e4.<\/a><\/p>\n<p><img loading=\"lazy\" decoding=\"async\" class=\"alignnone size-medium wp-image-13\" src=\"https:\/\/blog.edu.turku.fi\/osallisuus\/files\/2024\/04\/IMG_2711-2024-04-10-06_25_20-225x300.jpg\" alt=\"\" width=\"225\" height=\"300\" srcset=\"https:\/\/blog.edu.turku.fi\/osallisuus\/files\/2024\/04\/IMG_2711-2024-04-10-06_25_20-225x300.jpg 225w, https:\/\/blog.edu.turku.fi\/osallisuus\/files\/2024\/04\/IMG_2711-2024-04-10-06_25_20.jpg 768w\" sizes=\"auto, (max-width: 225px) 85vw, 225px\" \/><\/p>\n","protected":false},"excerpt":{"rendered":"<p>Kaikki koulun oppilaat kuuluvat oppilaskuntaan. Oppilaskunnan hallitus valitaan demokraattisesti oppilaiden keskuudesta niin ett\u00e4 kaikilla on mahdollisuus hakea sen j\u00e4seneksi. Hallituksen toimintaa ohjaa teht\u00e4v\u00e4\u00e4n valittu opettaja. Materiaalit-sivulta l\u00f6yd\u00e4t todistuspohjat ja vinkkej\u00e4 toimintaan Oppilaskuntaty\u00f6n k\u00e4ynnist\u00e4misen askeleet t\u00e4\u00e4ll\u00e4.<\/p>\n","protected":false},"author":3407,"featured_media":0,"parent":0,"menu_order":0,"comment_status":"closed","ping_status":"closed","template":"","meta":{"footnotes":""},"class_list":["post-31","page","type-page","status-publish","hentry"],"_links":{"self":[{"href":"https:\/\/blog.edu.turku.fi\/osallisuus\/wp-json\/wp\/v2\/pages\/31","targetHints":{"allow":["GET"]}}],"collection":[{"href":"https:\/\/blog.edu.turku.fi\/osallisuus\/wp-json\/wp\/v2\/pages"}],"about":[{"href":"https:\/\/blog.edu.turku.fi\/osallisuus\/wp-json\/wp\/v2\/types\/page"}],"author":[{"embeddable":true,"href":"https:\/\/blog.edu.turku.fi\/osallisuus\/wp-json\/wp\/v2\/users\/3407"}],"replies":[{"embeddable":true,"href":"https:\/\/blog.edu.turku.fi\/osallisuus\/wp-json\/wp\/v2\/comments?post=31"}],"version-history":[{"count":4,"href":"https:\/\/blog.edu.turku.fi\/osallisuus\/wp-json\/wp\/v2\/pages\/31\/revisions"}],"predecessor-version":[{"id":126,"href":"https:\/\/blog.edu.turku.fi\/osallisuus\/wp-json\/wp\/v2\/pages\/31\/revisions\/126"}],"wp:attachment":[{"href":"https:\/\/blog.edu.turku.fi\/osallisuus\/wp-json\/wp\/v2\/media?parent=31"}],"curies":[{"name":"wp","href":"https:\/\/api.w.org\/{rel}","templated":true}]}}