{"id":28,"date":"2015-10-19T10:59:18","date_gmt":"2015-10-19T07:59:18","guid":{"rendered":"https:\/\/blog.edu.turku.fi\/orminkujanphy\/?page_id=28"},"modified":"2022-10-17T09:21:49","modified_gmt":"2022-10-17T06:21:49","slug":"norpat","status":"publish","type":"page","link":"https:\/\/blog.edu.turku.fi\/orminkujanpk\/ryhmat\/norpat\/","title":{"rendered":"Norpat"},"content":{"rendered":"<p><a href=\"https:\/\/blog.edu.turku.fi\/orminkujanphy\/files\/2019\/02\/norppa-kivell\u00e4.jpg\"><img loading=\"lazy\" decoding=\"async\" class=\"alignleft wp-image-1277 size-thumbnail\" src=\"https:\/\/blog.edu.turku.fi\/orminkujanpk\/files\/2019\/02\/norppa-kivell\u00e4-150x150.jpg\" alt=\"\" width=\"150\" height=\"150\" \/><\/a><\/p>\n<p>&nbsp;<\/p>\n<p>&nbsp;<\/p>\n<p>&nbsp;<\/p>\n<p><em>Norpat on 2-3 -vuotiaiden lasten ryhm\u00e4. Lapsia ryhm\u00e4ss\u00e4mme on 13<br \/>\nRyhm\u00e4ss\u00e4mme ty\u00f6skentelee 1 varhaiskasvatuksen opettaja sek\u00e4 2 lastenhoitajaa. <\/em><\/p>\n<p>Norppien arkea voit seurata heid\u00e4n instagramistaan @orminkujannorpat<\/p>\n","protected":false},"excerpt":{"rendered":"<p>&nbsp; &nbsp; &nbsp; Norpat on 2-3 -vuotiaiden lasten ryhm\u00e4. Lapsia ryhm\u00e4ss\u00e4mme on 13 Ryhm\u00e4ss\u00e4mme ty\u00f6skentelee 1 varhaiskasvatuksen opettaja sek\u00e4 2 lastenhoitajaa. Norppien arkea voit seurata heid\u00e4n instagramistaan @orminkujannorpat<\/p>\n","protected":false},"author":1556,"featured_media":0,"parent":19,"menu_order":4,"comment_status":"closed","ping_status":"closed","template":"","meta":{"footnotes":""},"class_list":["post-28","page","type-page","status-publish","hentry"],"_links":{"self":[{"href":"https:\/\/blog.edu.turku.fi\/orminkujanpk\/wp-json\/wp\/v2\/pages\/28","targetHints":{"allow":["GET"]}}],"collection":[{"href":"https:\/\/blog.edu.turku.fi\/orminkujanpk\/wp-json\/wp\/v2\/pages"}],"about":[{"href":"https:\/\/blog.edu.turku.fi\/orminkujanpk\/wp-json\/wp\/v2\/types\/page"}],"author":[{"embeddable":true,"href":"https:\/\/blog.edu.turku.fi\/orminkujanpk\/wp-json\/wp\/v2\/users\/1556"}],"replies":[{"embeddable":true,"href":"https:\/\/blog.edu.turku.fi\/orminkujanpk\/wp-json\/wp\/v2\/comments?post=28"}],"version-history":[{"count":13,"href":"https:\/\/blog.edu.turku.fi\/orminkujanpk\/wp-json\/wp\/v2\/pages\/28\/revisions"}],"predecessor-version":[{"id":1726,"href":"https:\/\/blog.edu.turku.fi\/orminkujanpk\/wp-json\/wp\/v2\/pages\/28\/revisions\/1726"}],"up":[{"embeddable":true,"href":"https:\/\/blog.edu.turku.fi\/orminkujanpk\/wp-json\/wp\/v2\/pages\/19"}],"wp:attachment":[{"href":"https:\/\/blog.edu.turku.fi\/orminkujanpk\/wp-json\/wp\/v2\/media?parent=28"}],"curies":[{"name":"wp","href":"https:\/\/api.w.org\/{rel}","templated":true}]}}