{"id":21,"date":"2015-10-19T10:56:37","date_gmt":"2015-10-19T07:56:37","guid":{"rendered":"https:\/\/blog.edu.turku.fi\/orminkujanphy\/?page_id=21"},"modified":"2022-10-17T09:16:50","modified_gmt":"2022-10-17T06:16:50","slug":"21-2","status":"publish","type":"page","link":"https:\/\/blog.edu.turku.fi\/orminkujanpk\/ryhmat\/21-2\/","title":{"rendered":"Vesikirput"},"content":{"rendered":"<p><a href=\"https:\/\/blog.edu.turku.fi\/orminkujanphy\/files\/2019\/02\/vesikirppu-1.jpg\"><img loading=\"lazy\" decoding=\"async\" class=\"alignnone wp-image-1258 size-thumbnail\" src=\"https:\/\/blog.edu.turku.fi\/orminkujanpk\/files\/2019\/02\/vesikirppu-1-150x150.jpg\" alt=\"\" width=\"150\" height=\"150\" \/><\/a><\/p>\n<p>Vesikirput on 1-2 -vuotiaiden lasten ryhm\u00e4. Lapsia ryhm\u00e4ss\u00e4mme on 12.<br \/>\nRyhm\u00e4ss\u00e4mme ty\u00f6skentelee 1 varhaiskasvatuksen opettaja sek\u00e4 2 lastenhoitajaa.<\/p>\n<p>Vesikirppujen arkea voit seurata heid\u00e4n omasta blogistaan<br \/>\n<a href=\"https:\/\/blog.edu.turku.fi\/orminkujanpk-vesikirput\/\">https:\/\/blog.edu.turku.fi\/orminkujanpk-vesikirput\/<\/a><\/p>\n<p>&nbsp;<\/p>\n<p>&nbsp;<\/p>\n","protected":false},"excerpt":{"rendered":"<p>Vesikirput on 1-2 -vuotiaiden lasten ryhm\u00e4. Lapsia ryhm\u00e4ss\u00e4mme on 12. Ryhm\u00e4ss\u00e4mme ty\u00f6skentelee 1 varhaiskasvatuksen opettaja sek\u00e4 2 lastenhoitajaa. Vesikirppujen arkea voit seurata heid\u00e4n omasta blogistaan https:\/\/blog.edu.turku.fi\/orminkujanpk-vesikirput\/ &nbsp; &nbsp;<\/p>\n","protected":false},"author":1556,"featured_media":0,"parent":19,"menu_order":1,"comment_status":"closed","ping_status":"closed","template":"","meta":{"footnotes":""},"class_list":["post-21","page","type-page","status-publish","hentry"],"_links":{"self":[{"href":"https:\/\/blog.edu.turku.fi\/orminkujanpk\/wp-json\/wp\/v2\/pages\/21","targetHints":{"allow":["GET"]}}],"collection":[{"href":"https:\/\/blog.edu.turku.fi\/orminkujanpk\/wp-json\/wp\/v2\/pages"}],"about":[{"href":"https:\/\/blog.edu.turku.fi\/orminkujanpk\/wp-json\/wp\/v2\/types\/page"}],"author":[{"embeddable":true,"href":"https:\/\/blog.edu.turku.fi\/orminkujanpk\/wp-json\/wp\/v2\/users\/1556"}],"replies":[{"embeddable":true,"href":"https:\/\/blog.edu.turku.fi\/orminkujanpk\/wp-json\/wp\/v2\/comments?post=21"}],"version-history":[{"count":28,"href":"https:\/\/blog.edu.turku.fi\/orminkujanpk\/wp-json\/wp\/v2\/pages\/21\/revisions"}],"predecessor-version":[{"id":1723,"href":"https:\/\/blog.edu.turku.fi\/orminkujanpk\/wp-json\/wp\/v2\/pages\/21\/revisions\/1723"}],"up":[{"embeddable":true,"href":"https:\/\/blog.edu.turku.fi\/orminkujanpk\/wp-json\/wp\/v2\/pages\/19"}],"wp:attachment":[{"href":"https:\/\/blog.edu.turku.fi\/orminkujanpk\/wp-json\/wp\/v2\/media?parent=21"}],"curies":[{"name":"wp","href":"https:\/\/api.w.org\/{rel}","templated":true}]}}