{"id":375,"date":"2023-09-13T12:21:58","date_gmt":"2023-09-13T09:21:58","guid":{"rendered":"https:\/\/blog.edu.turku.fi\/oppimisentuki\/?page_id=375"},"modified":"2023-11-03T13:50:41","modified_gmt":"2023-11-03T11:50:41","slug":"opetusneuvos-pirjo-koivulan-koulutus-erityisista-oppimisen-tuen-kaytanteista","status":"publish","type":"page","link":"https:\/\/blog.edu.turku.fi\/oppimisentuki\/opetusneuvos-pirjo-koivulan-koulutus-erityisista-oppimisen-tuen-kaytanteista\/","title":{"rendered":"Opetusneuvos Pirjo Koivulan koulutus erityisist\u00e4 oppimisen tuen k\u00e4yt\u00e4nteist\u00e4 27.10.2023 (mennyt)"},"content":{"rendered":"<p><strong>Aika:<\/strong> Perjantai 27.10.2023 kello 8.30-15.30<\/p>\n<p><strong>Paikka:<\/strong> TAI:n Lemmink\u00e4isenkadun auditorio,\u00a0 Lemmink\u00e4isenkatu 18 D, Turku<\/p>\n<p><strong>Ilmoittautuminen: <a href=\"https:\/\/www.lyyti.in\/pirjokoivulankoulutus\">https:\/\/www.lyyti.in\/pirjokoivulankoulutus<\/a> <\/strong><\/p>\n<p><strong>Kenelle: <\/strong>Turun, Turun normaalikoulun, Maskun ja Laitilan perusopetuksen opetushenkil\u00f6st\u00f6lle<\/p>\n<p><strong>Koulutuksesta:<\/strong><\/p>\n<p>Koulutuksessa k\u00e4yd\u00e4\u00e4n l\u00e4pi lains\u00e4\u00e4d\u00e4nt\u00f6\u00e4, opetussuunnitelman perusteita ja Opetushallituksen antamia ohjeistuksia liittyen oppimisen ja koulunk\u00e4ynnin tukeen. Asiakokonaisuuksia ovat tukea tarvitsevan oppilaan arvioinnin kysymykset, opetuksen erityiset painoalueet ja oppim\u00e4\u00e4r\u00e4n yksil\u00f6llist\u00e4minen, erilaiset joustoa mahdollistavat ratkaisut, kuten erityiset opetusj\u00e4rjestelyt (PoL 18\u00a7) ja vuosiluokkiin sitomaton opiskelu. N\u00e4iden pohjalta mietit\u00e4\u00e4n, mit\u00e4 voi tehd\u00e4, kun oppilaalta puuttuu suorituksia. P\u00e4iv\u00e4n aikana on mahdollista esitt\u00e4\u00e4 kysymyksi\u00e4 ja keskustella.<\/p>\n<p><strong>Kouluttajasta:<\/strong><\/p>\n<p>Opetusneuvos Pirjo Koivula on tehnyt pitk\u00e4n uran Opetushallituksen oppimisen ja koulunk\u00e4ynnin tuesta vastuussa olevana opetusneuvoksena. H\u00e4n on ollut mukana kolmessa eri tukea kehitt\u00e4v\u00e4ss\u00e4 ty\u00f6ryhm\u00e4ss\u00e4 ja niiden pohjalta tehdyss\u00e4 lains\u00e4\u00e4d\u00e4nn\u00f6n ja opetussuunnitelman perusteiden valmisteluty\u00f6ss\u00e4 sek\u00e4 erilaisten tukea koskevien ohjeistusten laadinnassa. Lis\u00e4ksi h\u00e4n on toiminut keskeisiss\u00e4 teht\u00e4viss\u00e4 eri kehitt\u00e4mishankkeissa. Pirjo on ollut mukana useissa kehitysyhteisty\u00f6hankkeissa Afrikassa ja Aasiassa ja toiminut Suomen edustajana eri kansainv\u00e4lisiss\u00e4 organisaatioissa. T\u00e4ll\u00e4 hetkell\u00e4 h\u00e4n kouluttaa opetustoimen henkil\u00f6st\u00f6\u00e4 kotimaassa ja Euroopan Komission toimeksiannosta sek\u00e4 toimii kansainv\u00e4lisiss\u00e4 asiantuntijateht\u00e4viss\u00e4.<\/p>\n<p><strong>P\u00e4iv\u00e4n tarkempaa aikataulua:<\/strong><\/p>\n<p>8.30 aamukahvi<\/p>\n<p>9.00 koulutus alkaa<\/p>\n<p>11.00 &#8211; 12.00 lounas<\/p>\n<p>14.00-14.30 iltap\u00e4iv\u00e4kahvi<\/p>\n<p>15.30 koulutus p\u00e4\u00e4ttyy<\/p>\n<p><em>Teill\u00e4 on mahdollisuus l\u00e4hett\u00e4\u00e4 kouluttajalle kysymyksi\u00e4 jo etuk\u00e4teen. Kysymyksenne voitte l\u00e4hett\u00e4\u00e4 osoitteeseen <a href=\"mailto:tiina.vanhanen@turku.fi\">tiina.vanhanen@turku.fi<\/a> 13.10 menness\u00e4, niin kokoan ne yhteen kouluttajaa varten. <\/em><em>Koulutuksen j\u00e4rjest\u00e4\u00e4 Esi- ja perusopetuksen oppimisen tuen kehitt\u00e4minen Varsinais-Suomessa hanke, jota opetus- ja kulttuuriministeri\u00f6 rahoittaa. <\/em><em>Lis\u00e4tietoja <a href=\"mailto:tiina.vanhanen@turku.fi\">tiina.vanhanen@turku.fi<\/a><\/em><\/p>\n","protected":false},"excerpt":{"rendered":"<p>Aika: Perjantai 27.10.2023 kello 8.30-15.30 Paikka: TAI:n Lemmink\u00e4isenkadun auditorio,\u00a0 Lemmink\u00e4isenkatu 18 D, Turku Ilmoittautuminen: https:\/\/www.lyyti.in\/pirjokoivulankoulutus Kenelle: Turun, Turun normaalikoulun, Maskun ja Laitilan perusopetuksen opetushenkil\u00f6st\u00f6lle Koulutuksesta: Koulutuksessa k\u00e4yd\u00e4\u00e4n l\u00e4pi lains\u00e4\u00e4d\u00e4nt\u00f6\u00e4, opetussuunnitelman perusteita ja Opetushallituksen antamia ohjeistuksia liittyen oppimisen ja koulunk\u00e4ynnin tukeen. Asiakokonaisuuksia ovat tukea tarvitsevan oppilaan arvioinnin kysymykset, opetuksen erityiset painoalueet ja oppim\u00e4\u00e4r\u00e4n yksil\u00f6llist\u00e4minen, erilaiset joustoa &hellip; <\/p>\n<p class=\"link-more\"><a href=\"https:\/\/blog.edu.turku.fi\/oppimisentuki\/opetusneuvos-pirjo-koivulan-koulutus-erityisista-oppimisen-tuen-kaytanteista\/\" class=\"more-link\">Jatka lukemista<span class=\"screen-reader-text\"> &#8221;Opetusneuvos Pirjo Koivulan koulutus erityisist\u00e4 oppimisen tuen k\u00e4yt\u00e4nteist\u00e4 27.10.2023 (mennyt)&#8221;<\/span><\/a><\/p>\n","protected":false},"author":3241,"featured_media":0,"parent":0,"menu_order":0,"comment_status":"closed","ping_status":"closed","template":"","meta":{"footnotes":""},"class_list":["post-375","page","type-page","status-publish","hentry","entry"],"_links":{"self":[{"href":"https:\/\/blog.edu.turku.fi\/oppimisentuki\/wp-json\/wp\/v2\/pages\/375","targetHints":{"allow":["GET"]}}],"collection":[{"href":"https:\/\/blog.edu.turku.fi\/oppimisentuki\/wp-json\/wp\/v2\/pages"}],"about":[{"href":"https:\/\/blog.edu.turku.fi\/oppimisentuki\/wp-json\/wp\/v2\/types\/page"}],"author":[{"embeddable":true,"href":"https:\/\/blog.edu.turku.fi\/oppimisentuki\/wp-json\/wp\/v2\/users\/3241"}],"replies":[{"embeddable":true,"href":"https:\/\/blog.edu.turku.fi\/oppimisentuki\/wp-json\/wp\/v2\/comments?post=375"}],"version-history":[{"count":5,"href":"https:\/\/blog.edu.turku.fi\/oppimisentuki\/wp-json\/wp\/v2\/pages\/375\/revisions"}],"predecessor-version":[{"id":401,"href":"https:\/\/blog.edu.turku.fi\/oppimisentuki\/wp-json\/wp\/v2\/pages\/375\/revisions\/401"}],"wp:attachment":[{"href":"https:\/\/blog.edu.turku.fi\/oppimisentuki\/wp-json\/wp\/v2\/media?parent=375"}],"curies":[{"name":"wp","href":"https:\/\/api.w.org\/{rel}","templated":true}]}}