{"id":318,"date":"2023-04-27T12:43:00","date_gmt":"2023-04-27T09:43:00","guid":{"rendered":"https:\/\/blog.edu.turku.fi\/oppimisentuki\/?page_id=318"},"modified":"2025-10-30T09:30:42","modified_gmt":"2025-10-30T07:30:42","slug":"turun-oppimisen-tuen-palvelusivusto","status":"publish","type":"page","link":"https:\/\/blog.edu.turku.fi\/oppimisentuki\/turun-oppimisen-tuen-palvelusivusto\/","title":{"rendered":"Oppimisen tuen palvelusivusto"},"content":{"rendered":"<p>&nbsp;<\/p>\n<p><img loading=\"lazy\" decoding=\"async\" class=\"size-full wp-image-415 aligncenter\" src=\"https:\/\/blog.edu.turku.fi\/oppimisentuki\/files\/2025\/10\/oppimisen-tuen-palvelusivusto.png\" alt=\"\" width=\"1046\" height=\"832\" srcset=\"https:\/\/blog.edu.turku.fi\/oppimisentuki\/files\/2025\/10\/oppimisen-tuen-palvelusivusto.png 1046w, https:\/\/blog.edu.turku.fi\/oppimisentuki\/files\/2025\/10\/oppimisen-tuen-palvelusivusto-300x239.png 300w, https:\/\/blog.edu.turku.fi\/oppimisentuki\/files\/2025\/10\/oppimisen-tuen-palvelusivusto-1024x815.png 1024w\" sizes=\"auto, (max-width: 1046px) 100vw, 1046px\" \/><\/p>\n<p>&nbsp;<\/p>\n<p>Hankkeessa on toteutettu <strong>Oppimisen tuen palvelusivustot<\/strong>. Sivustoja tehtiin alueellisessa yhteisty\u00f6ss\u00e4 tuen yhten\u00e4isyyden edist\u00e4miseksi.<\/p>\n<p>Oppimisen tuen palvelusivusto on kasvatuksen ja opetuksen henkil\u00f6st\u00f6lle tarkoitettu s\u00e4hk\u00f6inen ty\u00f6v\u00e4line oppilaan oppimisen tuen asioihin. Sivustolle on koottu oppimisen tukemiseen liittyv\u00e4 tieto yhteen paikkaan. S\u00e4hk\u00f6isen sivuston tarkoituksena on tarjota p\u00e4ivittyv\u00e4\u00e4 ja ajantasaista tietoa varhaiskasvatuksen ja perusopetuksen henkil\u00f6st\u00f6lle oppimisen tukemisen liittyvist\u00e4 asioista. Sivustolta l\u00f6ytyy esimerkiksi eri toimijoiden ty\u00f6nkuvat ja vastuut lapsen ja nuoren oppimisen tuen asioissa, pedagogisten asiakirjojen laatimisen ohjeistukset, tietoa oppimisen ja kasvamisen tukemisesta eri tilanteissa ja nivelvaiheiden yhteisty\u00f6 ja k\u00e4yt\u00e4nn\u00f6t.<\/p>\n<p>Turun oppimisen tuen palvelusivusto l\u00f6ytyy osoitteesta <a href=\"https:\/\/blog.edu.turku.fi\/oppimisen-tuki\/\">Turun oppimisen tuen palvelusivusto<\/a>. Sivusto toimii eri laitteilla, niin ty\u00f6koneella kuin \u00e4lypuhelimellakin. Tavoitteena on k\u00e4\u00e4nt\u00e4\u00e4 sivusto toiselle kotimaiselle kielelle ja jatkaa oppimisen ja kasvamisen tuen polun kirjaamista my\u00f6s 2. asteelle. N\u00e4in sivusto tulee toimimaan k\u00e4tev\u00e4n\u00e4 alustana my\u00f6s koko koulupolun tuen yhten\u00e4ist\u00e4miselle.<\/p>\n<p>&nbsp;<\/p>\n<p>&nbsp;<\/p>\n<p>&nbsp;<\/p>\n<p>&nbsp;<\/p>\n<p>&nbsp;<\/p>\n<p>\u200b<\/p>\n","protected":false},"excerpt":{"rendered":"<p>&nbsp; &nbsp; Hankkeessa on toteutettu Oppimisen tuen palvelusivustot. Sivustoja tehtiin alueellisessa yhteisty\u00f6ss\u00e4 tuen yhten\u00e4isyyden edist\u00e4miseksi. Oppimisen tuen palvelusivusto on kasvatuksen ja opetuksen henkil\u00f6st\u00f6lle tarkoitettu s\u00e4hk\u00f6inen ty\u00f6v\u00e4line oppilaan oppimisen tuen asioihin. Sivustolle on koottu oppimisen tukemiseen liittyv\u00e4 tieto yhteen paikkaan. S\u00e4hk\u00f6isen sivuston tarkoituksena on tarjota p\u00e4ivittyv\u00e4\u00e4 ja ajantasaista tietoa varhaiskasvatuksen ja perusopetuksen henkil\u00f6st\u00f6lle oppimisen tukemisen liittyvist\u00e4 &hellip; <\/p>\n<p class=\"link-more\"><a href=\"https:\/\/blog.edu.turku.fi\/oppimisentuki\/turun-oppimisen-tuen-palvelusivusto\/\" class=\"more-link\">Jatka lukemista<span class=\"screen-reader-text\"> &#8221;Oppimisen tuen palvelusivusto&#8221;<\/span><\/a><\/p>\n","protected":false},"author":3241,"featured_media":0,"parent":0,"menu_order":0,"comment_status":"closed","ping_status":"closed","template":"","meta":{"footnotes":""},"class_list":["post-318","page","type-page","status-publish","hentry","entry"],"_links":{"self":[{"href":"https:\/\/blog.edu.turku.fi\/oppimisentuki\/wp-json\/wp\/v2\/pages\/318","targetHints":{"allow":["GET"]}}],"collection":[{"href":"https:\/\/blog.edu.turku.fi\/oppimisentuki\/wp-json\/wp\/v2\/pages"}],"about":[{"href":"https:\/\/blog.edu.turku.fi\/oppimisentuki\/wp-json\/wp\/v2\/types\/page"}],"author":[{"embeddable":true,"href":"https:\/\/blog.edu.turku.fi\/oppimisentuki\/wp-json\/wp\/v2\/users\/3241"}],"replies":[{"embeddable":true,"href":"https:\/\/blog.edu.turku.fi\/oppimisentuki\/wp-json\/wp\/v2\/comments?post=318"}],"version-history":[{"count":15,"href":"https:\/\/blog.edu.turku.fi\/oppimisentuki\/wp-json\/wp\/v2\/pages\/318\/revisions"}],"predecessor-version":[{"id":417,"href":"https:\/\/blog.edu.turku.fi\/oppimisentuki\/wp-json\/wp\/v2\/pages\/318\/revisions\/417"}],"wp:attachment":[{"href":"https:\/\/blog.edu.turku.fi\/oppimisentuki\/wp-json\/wp\/v2\/media?parent=318"}],"curies":[{"name":"wp","href":"https:\/\/api.w.org\/{rel}","templated":true}]}}