{"id":248,"date":"2022-12-30T12:14:35","date_gmt":"2022-12-30T10:14:35","guid":{"rendered":"https:\/\/blog.edu.turku.fi\/oppimisentuki\/?page_id=248"},"modified":"2023-03-27T11:20:40","modified_gmt":"2023-03-27T08:20:40","slug":"yhteisopettajuus-ylakoulussa-koulutus-17-3-2023","status":"publish","type":"page","link":"https:\/\/blog.edu.turku.fi\/oppimisentuki\/yhteisopettajuus-ylakoulussa-koulutus-17-3-2023\/","title":{"rendered":"Yhteisopettajuus yl\u00e4koulussa -koulutus (mennyt)"},"content":{"rendered":"<p><strong>Yhteisopettajuus voimavarana &#8211; yksin tekemisest\u00e4 yhdess\u00e4 tekemisen <\/strong><strong>malliin (koulutus yl\u00e4koulujen henkil\u00f6kunnalle) <\/strong><\/p>\n<p>Aika:\u00a0\u00a0\u00a0\u00a0\u00a0\u00a0\u00a0\u00a0\u00a0\u00a0\u00a0\u00a0\u00a0 17.3.2023 8:00 &#8211; 15:30<\/p>\n<p>Paikka:\u00a0\u00a0\u00a0\u00a0\u00a0\u00a0\u00a0\u00a0\u00a0 S\/S BORE -laiva, Baltic-sali<\/p>\n<p>Osoite \u00a0\u00a0\u00a0\u00a0\u00a0\u00a0\u00a0\u00a0\u00a0 Linnankatu 72, 20100 Turku<\/p>\n<p>Ilmoittautumislinkki: <a href=\"https:\/\/www.lyyti.in\/Yhteisopettajuus_ylakoulussa_1732023_8404\">https:\/\/www.lyyti.in\/Yhteisopettajuus_ylakoulussa_1732023_8404<\/a><\/p>\n<p><strong>Koulutuksen alustavaa aikataulua<\/strong><\/p>\n<p>8.00 Aloitus<\/p>\n<p>9.30 &#8211; 10.00 Tauko<\/p>\n<p>11.30 &#8211; 12.30 Lounastauko<\/p>\n<p>14.00 &#8211; 14.30 Tauko<\/p>\n<p>15.30 Koulutus loppuu<\/p>\n<p><strong>Koulutuksen kuvaus <\/strong><\/p>\n<p>Yhteisopettajuudessa on kyse kahden tai useamman opettajan tasa-arvoisesta yhteisty\u00f6st\u00e4, jossa he vastaavat opetuksen suunnittelusta, toteutuksesta ja arvioinnista yhdess\u00e4. Parhaimmillaan yhteisopettajuus on yhdess\u00e4 oppimista, tekemist\u00e4 ja jakamista. Se antaa aikaa kehitt\u00e4miseen, oppilaiden kohtaamiseen sek\u00e4 tukee ty\u00f6n mielekkyytt\u00e4 ja siten my\u00f6s opettajan hyvinvointia ja jaksamista. T\u00e4ss\u00e4 koulutuksessa saat lis\u00e4ymm\u00e4rryst\u00e4 ja -innostusta siihen, mit\u00e4 mahdollisuuksia yhteisopettajuus voi antaa sinulle. Koulutuksessa saat vastauksia muun muassa seuraaviin kysymyksiin: Miten yhteisopettajuus tukee monialaisuuden toteuttamista koulussa? Miten yhteisopettajuus helpottaa eriytt\u00e4mist\u00e4? Miten yhdess\u00e4 tekemisen kulttuuri vahvistaa hyvinvointia ja lis\u00e4\u00e4 ty\u00f6ss\u00e4 jaksamista ja innostusta?<\/p>\n<p><strong>Kenelle<\/strong><\/p>\n<p>Yl\u00e4koulun opettajille, jotka suunnittelevat tai aloittelevat yhteisopettajuutta. Koulutukseen voivat osallistua my\u00f6s muut yhteisopettajuudesta kiinnostuneet kuten rehtorit tai koulunk\u00e4ynninohjaajat. Koulutukseen osallistumista suositellaan yhdess\u00e4 ty\u00f6parin tai -tiimin kanssa.<\/p>\n<p><strong>Koulutuksen sis\u00e4lt\u00f6<\/strong><\/p>\n<ul>\n<li>Yhteisopettajuuden periaatteet ja toimintaa tukevat rakenteet<\/li>\n<li>Mit\u00e4 yhdess\u00e4 tekeminen ja opettaminen mahdollistavat?<\/li>\n<li>Erilaiset yhteisopettajuuden toteutusmallit<\/li>\n<li>Pedagogiset menetelm\u00e4t yhteisopetuksessa ja oppimisen arviointi<\/li>\n<li>Opettajan vahvuudet, vuorovaikutus ja luottamus yhteisty\u00f6nvoimavarana<\/li>\n<li>Yhteisopettajuuden suunnitteleminen: oman suunnitelman avulla kohti k\u00e4yt\u00e4nn\u00f6n toteutusta<\/li>\n<\/ul>\n<p><strong>Hy\u00f6ty osallistujalle<\/strong><\/p>\n<p>Koulutuksessa k\u00e4ymme l\u00e4pi yhteisopettajuuden periaatteet, sen toteutustavat, suunnittelun ja arvioinnin. Osallistujana saat kuvan, miten yhteisopettajuuden avulla voidaan tukea oppimista, laaja-alaisten taitojen kehittymist\u00e4 sek\u00e4 toteuttaa entist\u00e4 laadukkaampaa opetusta. Osallistujat p\u00e4\u00e4sev\u00e4t kehitt\u00e4m\u00e4\u00e4n my\u00f6s omaa yhteisopettajuuttaan.<\/p>\n<p><strong>Kouluttajana<\/strong><\/p>\n<p>Katri Lehtovaara FM on koulutukseltaan aineenopettaja, rehtori, el\u00e4m\u00e4ntaidon valmentaja ja ratkaisukeskeinen ty\u00f6nohjaaja STOry. Katrilla on pitk\u00e4 ja laaja kokemus koulumaailmasta yl\u00e4koulun ja lukion \u00e4idinkielenopettajana sek\u00e4 pedagogisena apulaisrehtorina. Nyky\u00e4\u00e4n Katri toimii kouluttajana, ty\u00f6nohjaajana ja opetusalan konsulttina.<\/p>\n<p><strong>Koulutuksen j\u00e4rjest\u00e4j\u00e4<\/strong><\/p>\n<p>Esi- ja perusopetuksen oppimisen tuen kehitt\u00e4minen Varsinais-Suomessa hanke, joka on osa OKM:n Oikeus Oppia kehitt\u00e4misohjelmaa.<\/p>\n<p>Lis\u00e4tietoja antaa <a href=\"mailto:tiina.vanhanen@turku.fi\">tiina.vanhanen@turku.fi<\/a><\/p>\n<p>&nbsp;<\/p>\n","protected":false},"excerpt":{"rendered":"<p>Yhteisopettajuus voimavarana &#8211; yksin tekemisest\u00e4 yhdess\u00e4 tekemisen malliin (koulutus yl\u00e4koulujen henkil\u00f6kunnalle) Aika:\u00a0\u00a0\u00a0\u00a0\u00a0\u00a0\u00a0\u00a0\u00a0\u00a0\u00a0\u00a0\u00a0 17.3.2023 8:00 &#8211; 15:30 Paikka:\u00a0\u00a0\u00a0\u00a0\u00a0\u00a0\u00a0\u00a0\u00a0 S\/S BORE -laiva, Baltic-sali Osoite \u00a0\u00a0\u00a0\u00a0\u00a0\u00a0\u00a0\u00a0\u00a0 Linnankatu 72, 20100 Turku Ilmoittautumislinkki: https:\/\/www.lyyti.in\/Yhteisopettajuus_ylakoulussa_1732023_8404 Koulutuksen alustavaa aikataulua 8.00 Aloitus 9.30 &#8211; 10.00 Tauko 11.30 &#8211; 12.30 Lounastauko 14.00 &#8211; 14.30 Tauko 15.30 Koulutus loppuu Koulutuksen kuvaus Yhteisopettajuudessa on kyse kahden &hellip; <\/p>\n<p class=\"link-more\"><a href=\"https:\/\/blog.edu.turku.fi\/oppimisentuki\/yhteisopettajuus-ylakoulussa-koulutus-17-3-2023\/\" class=\"more-link\">Jatka lukemista<span class=\"screen-reader-text\"> &#8221;Yhteisopettajuus yl\u00e4koulussa -koulutus (mennyt)&#8221;<\/span><\/a><\/p>\n","protected":false},"author":3241,"featured_media":0,"parent":0,"menu_order":0,"comment_status":"closed","ping_status":"closed","template":"","meta":{"footnotes":""},"class_list":["post-248","page","type-page","status-publish","hentry","entry"],"_links":{"self":[{"href":"https:\/\/blog.edu.turku.fi\/oppimisentuki\/wp-json\/wp\/v2\/pages\/248","targetHints":{"allow":["GET"]}}],"collection":[{"href":"https:\/\/blog.edu.turku.fi\/oppimisentuki\/wp-json\/wp\/v2\/pages"}],"about":[{"href":"https:\/\/blog.edu.turku.fi\/oppimisentuki\/wp-json\/wp\/v2\/types\/page"}],"author":[{"embeddable":true,"href":"https:\/\/blog.edu.turku.fi\/oppimisentuki\/wp-json\/wp\/v2\/users\/3241"}],"replies":[{"embeddable":true,"href":"https:\/\/blog.edu.turku.fi\/oppimisentuki\/wp-json\/wp\/v2\/comments?post=248"}],"version-history":[{"count":3,"href":"https:\/\/blog.edu.turku.fi\/oppimisentuki\/wp-json\/wp\/v2\/pages\/248\/revisions"}],"predecessor-version":[{"id":302,"href":"https:\/\/blog.edu.turku.fi\/oppimisentuki\/wp-json\/wp\/v2\/pages\/248\/revisions\/302"}],"wp:attachment":[{"href":"https:\/\/blog.edu.turku.fi\/oppimisentuki\/wp-json\/wp\/v2\/media?parent=248"}],"curies":[{"name":"wp","href":"https:\/\/api.w.org\/{rel}","templated":true}]}}