{"id":243,"date":"2022-12-30T12:10:36","date_gmt":"2022-12-30T10:10:36","guid":{"rendered":"https:\/\/blog.edu.turku.fi\/oppimisentuki\/?page_id=243"},"modified":"2023-03-27T11:20:24","modified_gmt":"2023-03-27T08:20:24","slug":"yhteisopettajuus-alakoulussa-koulutus-9-3-2023","status":"publish","type":"page","link":"https:\/\/blog.edu.turku.fi\/oppimisentuki\/yhteisopettajuus-alakoulussa-koulutus-9-3-2023\/","title":{"rendered":"Yhteisopettajuus alakoulussa -koulutus (mennyt)"},"content":{"rendered":"<p><strong>Aika: 9.3.2023 8:00 &#8211; 15:30<\/strong><\/p>\n<p><strong>Paikka: Data-City, Lemmink\u00e4isenkadun auditorio<\/strong><\/p>\n<p><strong>Osoite: Lemmink\u00e4isenkatu 14-18B, Turku<\/strong><\/p>\n<p>Ilmoittautumislinkki: <a href=\"https:\/\/www.lyyti.in\/Yhteisopettajuus_alakoulussa_0818\">https:\/\/www.lyyti.in\/Yhteisopettajuus_alakoulussa_0818<\/a><\/p>\n<p>Kouluttajana toimii Turun kaupungin luokanopettajana toimiva Saara M\u00e4lk\u00f6nen, jolla on pitk\u00e4 kokemus yhteisopettajuudesta. Koulutukseen kannattaa napata ty\u00f6kaveri mukaan, kenen kanssa yhteisty\u00f6t\u00e4 haluaisi tehd\u00e4.<\/p>\n<p><strong>Koulutuksen alustavaa aikataulua<\/strong><\/p>\n<p>8.00 Aloitus<\/p>\n<p>9.30 &#8211; 10.00 Tauko<\/p>\n<p>11.30 &#8211; 12.30 Lounastauko<\/p>\n<p>14.00 &#8211; 14.30 Tauko<\/p>\n<p>15.30 Koulutus loppuu<\/p>\n<p><strong>Koulutuksen j\u00e4rjest\u00e4j\u00e4<\/strong><\/p>\n<p>Esi- ja perusopetuksen oppimisen tuen kehitt\u00e4minen Varsinais-Suomessa hanke, joka on osa OKM:n Oikeus Oppia kehitt\u00e4misohjelmaa.<\/p>\n<p>Lis\u00e4tietoja antaa <a href=\"mailto:tiina.vanhanen@turku.fi\">tiina.vanhanen@turku.fi<\/a><\/p>\n","protected":false},"excerpt":{"rendered":"<p>Aika: 9.3.2023 8:00 &#8211; 15:30 Paikka: Data-City, Lemmink\u00e4isenkadun auditorio Osoite: Lemmink\u00e4isenkatu 14-18B, Turku Ilmoittautumislinkki: https:\/\/www.lyyti.in\/Yhteisopettajuus_alakoulussa_0818 Kouluttajana toimii Turun kaupungin luokanopettajana toimiva Saara M\u00e4lk\u00f6nen, jolla on pitk\u00e4 kokemus yhteisopettajuudesta. Koulutukseen kannattaa napata ty\u00f6kaveri mukaan, kenen kanssa yhteisty\u00f6t\u00e4 haluaisi tehd\u00e4. Koulutuksen alustavaa aikataulua 8.00 Aloitus 9.30 &#8211; 10.00 Tauko 11.30 &#8211; 12.30 Lounastauko 14.00 &#8211; 14.30 Tauko &hellip; <\/p>\n<p class=\"link-more\"><a href=\"https:\/\/blog.edu.turku.fi\/oppimisentuki\/yhteisopettajuus-alakoulussa-koulutus-9-3-2023\/\" class=\"more-link\">Jatka lukemista<span class=\"screen-reader-text\"> &#8221;Yhteisopettajuus alakoulussa -koulutus (mennyt)&#8221;<\/span><\/a><\/p>\n","protected":false},"author":3241,"featured_media":0,"parent":0,"menu_order":0,"comment_status":"closed","ping_status":"closed","template":"","meta":{"footnotes":""},"class_list":["post-243","page","type-page","status-publish","hentry","entry"],"_links":{"self":[{"href":"https:\/\/blog.edu.turku.fi\/oppimisentuki\/wp-json\/wp\/v2\/pages\/243","targetHints":{"allow":["GET"]}}],"collection":[{"href":"https:\/\/blog.edu.turku.fi\/oppimisentuki\/wp-json\/wp\/v2\/pages"}],"about":[{"href":"https:\/\/blog.edu.turku.fi\/oppimisentuki\/wp-json\/wp\/v2\/types\/page"}],"author":[{"embeddable":true,"href":"https:\/\/blog.edu.turku.fi\/oppimisentuki\/wp-json\/wp\/v2\/users\/3241"}],"replies":[{"embeddable":true,"href":"https:\/\/blog.edu.turku.fi\/oppimisentuki\/wp-json\/wp\/v2\/comments?post=243"}],"version-history":[{"count":5,"href":"https:\/\/blog.edu.turku.fi\/oppimisentuki\/wp-json\/wp\/v2\/pages\/243\/revisions"}],"predecessor-version":[{"id":301,"href":"https:\/\/blog.edu.turku.fi\/oppimisentuki\/wp-json\/wp\/v2\/pages\/243\/revisions\/301"}],"wp:attachment":[{"href":"https:\/\/blog.edu.turku.fi\/oppimisentuki\/wp-json\/wp\/v2\/media?parent=243"}],"curies":[{"name":"wp","href":"https:\/\/api.w.org\/{rel}","templated":true}]}}