{"id":216,"date":"2023-03-27T11:14:58","date_gmt":"2023-03-27T08:14:58","guid":{"rendered":"https:\/\/blog.edu.turku.fi\/oppimisentuki\/?page_id=216"},"modified":"2023-11-03T13:51:24","modified_gmt":"2023-11-03T11:51:24","slug":"cico-koulutus-syksy-2023","status":"publish","type":"page","link":"https:\/\/blog.edu.turku.fi\/oppimisentuki\/cico-koulutus-syksy-2023\/","title":{"rendered":"2 p\u00e4iv\u00e4n CICO-koulutus 28.9.2023 ja 2.11.2023 (mennyt)"},"content":{"rendered":"<p>Check in-Check out (CICO) on tehostetun tuen toimintamalli k\u00e4yt\u00f6songelmien kohtaamiseen kouluyhteis\u00f6ss\u00e4.<\/p>\n<p><strong>CICO-koulutus sis\u00e4lt\u00e4\u00e4 kaksi koulutusp\u00e4iv\u00e4\u00e4, teht\u00e4v\u00e4n ja s\u00e4hk\u00f6isen materiaalin.\u00a0 <\/strong><\/p>\n<p>AJANKOHTA<\/p>\n<p>Koulutusp\u00e4iv\u00e4t ovat torstai 28.9 ja torstai\u00a0 2.11 ja kellonajat molempina p\u00e4ivin\u00e4 8.30 &#8211; 15.30.<\/p>\n<p>PAIKKA<\/p>\n<p>Koulutus toteutetaan l\u00e4hikoulutuksena Turussa Bore-laivan Baltic-salissa. (Aurajoki, Linnankatu 72<br \/>\n20100 Turku).<\/p>\n<p>KOHDERYHM\u00c4T<\/p>\n<p>Koulutus suunnattu opettajille, erityisopettajille, rehtoreille ja\/tai koulunk\u00e4ynninohjaajille. Koulutus on tarkoitettu Turun, Maskun ja Laitilan perusopetuksen kouluille, yleisopetuksen ala- ja yl\u00e4kouluihin siten, ett\u00e4 kouluista osallistuisi koulutukseen kahden kolmen henkil\u00f6n \u201dCiCo-tiimi\u201d, johon kuuluisi ainakin yksi opettaja\/erityisopettaja.<\/p>\n<p>KOULUTUKSEN SIS\u00c4LL\u00d6T<\/p>\n<p>Check in-Check out (CICO) toimintamalli on k\u00e4yt\u00f6songelmia ennaltaehk\u00e4isev\u00e4\u00e4 ja toivottua k\u00e4yt\u00f6st\u00e4 tukevaa perusopetuksen tehostettua tukea. CICO-toimintamalli toimii jatkeena koulun yleiselle tuelle. CICO-tuesta hy\u00f6tyv\u00e4t ne oppilaat, jotka tarvitsevat lis\u00e4harjoitusta k\u00e4ytt\u00e4ytymisen ja sosiaalisten taitojen oppimiseen. Erityisesti oppilaat, joiden k\u00e4ytt\u00e4ytymist\u00e4 yll\u00e4pit\u00e4\u00e4 aikuisilta tai toisilta oppilailta saatu huomio hy\u00f6tyv\u00e4t usein CICO-toimintamallista. Toimintamallin k\u00e4yt\u00f6st\u00e4 on lupaavia tuloksia my\u00f6s niiden oppilaiden kohdalla, joilla on vaikeutta annettuihin teht\u00e4viin sitoutumisessa tai niiden loppuunsaattamisessa. CICO soveltuu oppilaille, joiden h\u00e4iri\u00f6k\u00e4ytt\u00e4ytymisen on toisille oppilaille fyysisesti vaaratonta.\u00a0CICO toimii jatkeena yleiselle tuelle tarjoamalla oppilaalle enemm\u00e4n positiivisia aikuiskontakteja, sosiaalisten taitojen harjoittelua, tehostettua ohjausta koulun kasvutavoitteiden saavuttamiseksi, p\u00e4ivitt\u00e4isen yhteydenpidon kodin ja koulun v\u00e4lille sek\u00e4 positiivista vahvistusta toivotulle k\u00e4ytt\u00e4ytymiselle. Toimintamalli rakentuu s\u00e4\u00e4nn\u00f6llisen palautteenannon ymp\u00e4rille oppilaan p\u00e4ivitt\u00e4iseen seurantakorttiin ja tapahtuu vahvasti yhteisty\u00f6ss\u00e4 huoltajien kanssa. Oppilaan tuki rytmittyy aamutapaamisen (check in), jatkuvan positiivisesti suuntautuvan suullisen ja kirjallisen palautteen sek\u00e4 iltap\u00e4iv\u00e4tapaamisen (check out) sek\u00e4 huoltajilta tulevan palautteen ymp\u00e4rille.<\/p>\n<p>Tiimity\u00f6ll\u00e4 on keskeinen t\u00e4rke\u00e4 rooli CICO-toimintamallin k\u00e4ynnist\u00e4misess\u00e4 koulussa. Kouluun tarvitaan pedagoginen tiimi, joka suunnittelee koulukohtaisen toteutuksen yksityiskohdat: mik\u00e4 on seurantakortin nimi, miss\u00e4 tilassa aamu- ja iltap\u00e4iv\u00e4tapaamiset tapahtuvat, mitk\u00e4 ovat palkkioj\u00e4rjestelm\u00e4n keskeiset periaatteet jne. Pedagogisessa tiimiss\u00e4 tehd\u00e4\u00e4n my\u00f6s p\u00e4\u00e4t\u00f6kset CICO-tuen aloittamisesta ja tarvittaessa tuen muokkaamisesta.\u00a0CICO on positiivisuuteen nojaava, koulussa suhteellisen helposti k\u00e4ytt\u00f6\u00f6n otettava, tutkitusti tehokas toimintamalli. Se tarjoaa koululle selke\u00e4n rakenteen, jonka puitteissa oppilaille on helppo toteuttaa tukea ja seurata k\u00e4ytt\u00e4ytymisen muutosta. CICO-toimintamallin avulla luodaan p\u00e4ivitt\u00e4inen yhteydenpitomalli kodin ja koulun v\u00e4lille.<\/p>\n<p>Koulutuksen tarkoituksena on tukea oman koulun CICO-tuen rakentamista. Koulutukseen osallistujat toteuttavat omassa ty\u00f6ymp\u00e4rist\u00f6ss\u00e4\u00e4n CICO-tukea valituille oppilaille. Tavoitteena on muokata CICO-tuesta omaan kouluyhteis\u00f6\u00f6n sopiva toimintamalli.<\/p>\n<p>KOULUTTAJA<\/p>\n<p>Karhu Anne, KT, Yliopisto-opettaja, Erityispedagogiikka, It\u00e4-Suomen yliopisto<\/p>\n<p>Karhu ty\u00f6skentelee erityispedagogiikan yliopisto-opettajana opettajankoulutuksessa, ty\u00f6skentelee tutkijana sek\u00e4 toimii kouluttaja. Karhulla on pitk\u00e4 ty\u00f6kekemus laaja-alaisena erityisopettajana peruskoulusta ja h\u00e4n on ollut mukana kehitt\u00e4m\u00e4ss\u00e4 koulu ja kuntatasoista toimintamallia erityisesti k\u00e4ytt\u00e4ytymisen ongelmien kohtaamiseen l\u00e4hikoulussa. Karhu ty\u00f6skentelee ProKoulu-tutkimusryhm\u00e4ss\u00e4, jossa kehitet\u00e4\u00e4n oppilaiden k\u00e4ytt\u00e4ytymisen tukea kaikille tuen kolmelle portaalle. Karhu on tehnyt v\u00e4it\u00f6skirjaansa k\u00e4ytt\u00e4ytymisen tehostetusta tuesta ja pilotoinut Suomeen Check in Check out (CICO) tehostetun tuen toimintamallin toivotun k\u00e4ytt\u00e4ytymisen tukemiseen.<\/p>\n<p>ILMOITTAUTUMINEN<\/p>\n<p>Koulutukseen ilmoittaudutaan henkil\u00f6kohtaisesti Lyyti-linkin kautta: <a href=\"https:\/\/www.lyyti.in\/CICO-koulutus\">https:\/\/www.lyyti.in\/CICO-koulutus<\/a><\/p>\n<p>&nbsp;<\/p>\n<p>&nbsp;<\/p>\n<p>Lis\u00e4tietoa koulutuksesta: tiina.vanhanen@turku.fi<\/p>\n<p>&nbsp;<\/p>\n<p>&nbsp;<\/p>\n<p>&nbsp;<\/p>\n<p>&nbsp;<\/p>\n<p>&nbsp;<\/p>\n<p>&nbsp;<\/p>\n","protected":false},"excerpt":{"rendered":"<p>Check in-Check out (CICO) on tehostetun tuen toimintamalli k\u00e4yt\u00f6songelmien kohtaamiseen kouluyhteis\u00f6ss\u00e4. CICO-koulutus sis\u00e4lt\u00e4\u00e4 kaksi koulutusp\u00e4iv\u00e4\u00e4, teht\u00e4v\u00e4n ja s\u00e4hk\u00f6isen materiaalin.\u00a0 AJANKOHTA Koulutusp\u00e4iv\u00e4t ovat torstai 28.9 ja torstai\u00a0 2.11 ja kellonajat molempina p\u00e4ivin\u00e4 8.30 &#8211; 15.30. PAIKKA Koulutus toteutetaan l\u00e4hikoulutuksena Turussa Bore-laivan Baltic-salissa. (Aurajoki, Linnankatu 72 20100 Turku). KOHDERYHM\u00c4T Koulutus suunnattu opettajille, erityisopettajille, rehtoreille ja\/tai koulunk\u00e4ynninohjaajille. Koulutus &hellip; <\/p>\n<p class=\"link-more\"><a href=\"https:\/\/blog.edu.turku.fi\/oppimisentuki\/cico-koulutus-syksy-2023\/\" class=\"more-link\">Jatka lukemista<span class=\"screen-reader-text\"> &#8221;2 p\u00e4iv\u00e4n CICO-koulutus 28.9.2023 ja 2.11.2023 (mennyt)&#8221;<\/span><\/a><\/p>\n","protected":false},"author":3241,"featured_media":0,"parent":0,"menu_order":0,"comment_status":"closed","ping_status":"closed","template":"","meta":{"footnotes":""},"class_list":["post-216","page","type-page","status-publish","hentry","entry"],"_links":{"self":[{"href":"https:\/\/blog.edu.turku.fi\/oppimisentuki\/wp-json\/wp\/v2\/pages\/216","targetHints":{"allow":["GET"]}}],"collection":[{"href":"https:\/\/blog.edu.turku.fi\/oppimisentuki\/wp-json\/wp\/v2\/pages"}],"about":[{"href":"https:\/\/blog.edu.turku.fi\/oppimisentuki\/wp-json\/wp\/v2\/types\/page"}],"author":[{"embeddable":true,"href":"https:\/\/blog.edu.turku.fi\/oppimisentuki\/wp-json\/wp\/v2\/users\/3241"}],"replies":[{"embeddable":true,"href":"https:\/\/blog.edu.turku.fi\/oppimisentuki\/wp-json\/wp\/v2\/comments?post=216"}],"version-history":[{"count":9,"href":"https:\/\/blog.edu.turku.fi\/oppimisentuki\/wp-json\/wp\/v2\/pages\/216\/revisions"}],"predecessor-version":[{"id":403,"href":"https:\/\/blog.edu.turku.fi\/oppimisentuki\/wp-json\/wp\/v2\/pages\/216\/revisions\/403"}],"wp:attachment":[{"href":"https:\/\/blog.edu.turku.fi\/oppimisentuki\/wp-json\/wp\/v2\/media?parent=216"}],"curies":[{"name":"wp","href":"https:\/\/api.w.org\/{rel}","templated":true}]}}