{"id":155,"date":"2022-06-01T11:34:52","date_gmt":"2022-06-01T08:34:52","guid":{"rendered":"https:\/\/blog.edu.turku.fi\/oppimisentuki\/?page_id=155"},"modified":"2023-03-27T11:17:45","modified_gmt":"2023-03-27T08:17:45","slug":"traumakoulutus","status":"publish","type":"page","link":"https:\/\/blog.edu.turku.fi\/oppimisentuki\/traumakoulutus\/","title":{"rendered":"Trauman vaikutus oppimiseen -koulutus (mennyt)"},"content":{"rendered":"<p><strong>Traumatisoituneen lapsen ja nuoren kohtaaminen \u2013 trauman vaikutus oppimiseen 13.10.2022<br \/>\n<\/strong><\/p>\n<p>Koulutuksessa:<\/p>\n<p>-Traumalle altistuminen<\/p>\n<p>-Haavoittuvuus<\/p>\n<p>-Resilienssi<\/p>\n<p>-Trauman kognitiiviset seuraukset ja vaikutus kouluty\u00f6h\u00f6n<\/p>\n<p>-Trauman sosio-emotionaaliset seuraukset ja vaikutus kouluty\u00f6h\u00f6n<\/p>\n<p>Kouluttajana toimiva Kirsi Peltonen ty\u00f6skentelee Erikoistutkijana Turun yliopistossa INVEST Lippulaiva hankkeessa. H\u00e4n on Psykologian tohtori ja\u00a0 Mielenterveyden psykologian dosentti (Treen yliopisto). Peltonen on tutkinut lasten altistumista traumatisoiville tapahtumille ja niiden vaikutusta mielenterveyteen. Erityisesti h\u00e4n on tehnyt interventiotutkimista pyrkien l\u00f6yt\u00e4m\u00e4\u00e4n tehokkaita menetelmi\u00e4 trauman kokeneiden lasten mielenterveyden tukemiseksi. Peltonen on useiden kansallisten ja kansainv\u00e4listen tutkimusyhteis\u00f6jen j\u00e4sen ja h\u00e4n toimii asiantuntijana ammattik\u00e4yt\u00e4nt\u00f6jen kehitt\u00e4misess\u00e4 Suomessa.<\/p>\n<p>Koulutus on suunnattu esi- ja perusopetuksen henkil\u00f6st\u00f6lle.<\/p>\n<p><strong>Ajankohta ja kesto: 13.10 kello 13.00 &#8211; 15.30<\/strong><\/p>\n<p><strong>Paikka: Lemmink\u00e4isenkadun auditorio (Datacity, Lemmink\u00e4isenkatu 14 &#8211; 18B, 20520 Turku)<\/strong><\/p>\n<p><strong>Ilmoittautuminen koulutukseen tapahtuu ilmoittautumislinkin kautta:<\/strong><\/p>\n<p><a href=\"https:\/\/www.lyyti.in\/TRAUMAKOULUTUS\">https:\/\/www.lyyti.in\/TRAUMAKOULUTUS<\/a><\/p>\n<p>Lis\u00e4ksi Turun kaupungin ty\u00f6ntekij\u00e4t ilmoittautuvat viel\u00e4 SAP HR itsepalveluportaalissa, josta tilaisuus l\u00f6ytyy sis\u00e4isen\u00e4 koulutuksena, hakusanalla: <strong>trauma<\/strong>. Koulutusmerkinn\u00e4n saa vain ilmoittautumalla tilaisuuteen etuk\u00e4teen.<\/p>\n<p>&nbsp;<\/p>\n<p>Lis\u00e4tietoja:<\/p>\n<p>Tiina Vanhanen<\/p>\n<p>Projektikoordinaattori<\/p>\n<p>Kasvatuksen ja opetuksen palvelukokonaisuus<\/p>\n<p>040 627 6402<\/p>\n<p><a href=\"mailto:tiina.vanhanen@turku.fi\">tiina.vanhanen@turku.fi<\/a><\/p>\n","protected":false},"excerpt":{"rendered":"<p>Traumatisoituneen lapsen ja nuoren kohtaaminen \u2013 trauman vaikutus oppimiseen 13.10.2022 Koulutuksessa: -Traumalle altistuminen -Haavoittuvuus -Resilienssi -Trauman kognitiiviset seuraukset ja vaikutus kouluty\u00f6h\u00f6n -Trauman sosio-emotionaaliset seuraukset ja vaikutus kouluty\u00f6h\u00f6n Kouluttajana toimiva Kirsi Peltonen ty\u00f6skentelee Erikoistutkijana Turun yliopistossa INVEST Lippulaiva hankkeessa. H\u00e4n on Psykologian tohtori ja\u00a0 Mielenterveyden psykologian dosentti (Treen yliopisto). Peltonen on tutkinut lasten altistumista traumatisoiville tapahtumille &hellip; <\/p>\n<p class=\"link-more\"><a href=\"https:\/\/blog.edu.turku.fi\/oppimisentuki\/traumakoulutus\/\" class=\"more-link\">Jatka lukemista<span class=\"screen-reader-text\"> &#8221;Trauman vaikutus oppimiseen -koulutus (mennyt)&#8221;<\/span><\/a><\/p>\n","protected":false},"author":3241,"featured_media":0,"parent":0,"menu_order":0,"comment_status":"closed","ping_status":"closed","template":"","meta":{"footnotes":""},"class_list":["post-155","page","type-page","status-publish","hentry","entry"],"_links":{"self":[{"href":"https:\/\/blog.edu.turku.fi\/oppimisentuki\/wp-json\/wp\/v2\/pages\/155","targetHints":{"allow":["GET"]}}],"collection":[{"href":"https:\/\/blog.edu.turku.fi\/oppimisentuki\/wp-json\/wp\/v2\/pages"}],"about":[{"href":"https:\/\/blog.edu.turku.fi\/oppimisentuki\/wp-json\/wp\/v2\/types\/page"}],"author":[{"embeddable":true,"href":"https:\/\/blog.edu.turku.fi\/oppimisentuki\/wp-json\/wp\/v2\/users\/3241"}],"replies":[{"embeddable":true,"href":"https:\/\/blog.edu.turku.fi\/oppimisentuki\/wp-json\/wp\/v2\/comments?post=155"}],"version-history":[{"count":11,"href":"https:\/\/blog.edu.turku.fi\/oppimisentuki\/wp-json\/wp\/v2\/pages\/155\/revisions"}],"predecessor-version":[{"id":295,"href":"https:\/\/blog.edu.turku.fi\/oppimisentuki\/wp-json\/wp\/v2\/pages\/155\/revisions\/295"}],"wp:attachment":[{"href":"https:\/\/blog.edu.turku.fi\/oppimisentuki\/wp-json\/wp\/v2\/media?parent=155"}],"curies":[{"name":"wp","href":"https:\/\/api.w.org\/{rel}","templated":true}]}}