{"id":108,"date":"2022-02-25T13:09:54","date_gmt":"2022-02-25T11:09:54","guid":{"rendered":"https:\/\/blog.edu.turku.fi\/oppimisentuki\/?page_id=108"},"modified":"2023-03-27T11:17:23","modified_gmt":"2023-03-27T08:17:23","slug":"nepsykoulutukset","status":"publish","type":"page","link":"https:\/\/blog.edu.turku.fi\/oppimisentuki\/nepsykoulutukset\/","title":{"rendered":"Spesian nepsykoulutukset (mennyt)"},"content":{"rendered":"<h2><img loading=\"lazy\" decoding=\"async\" class=\"alignnone wp-image-35\" src=\"https:\/\/blog.edu.turku.fi\/oppimisentuki\/files\/2022\/01\/Oppimisen-tuki-pikkukuva-288x243.jpg\" alt=\"\" width=\"356\" height=\"300\" \/><\/h2>\n<h2><strong>Neuropsykiatrisesti oireilevien lasten ja nuorten kasvun ja oppimisen tukemisen eri laajuisia koulutuksia (Spesia)<br \/>\n<\/strong><\/h2>\n<h3><strong>1. Teams-koulutus (2 tuntia)<\/strong><\/h3>\n<p><strong>Mit\u00e4<\/strong><\/p>\n<p>Koulutuksessa konkreettisia ja helposti heti k\u00e4ytt\u00f6\u00f6n otettavia v\u00e4lineit\u00e4 kohdata oman ryhm\u00e4n neuropsykiatrisesti oireilevat oppilaat. K\u00e4yt\u00e4nn\u00f6nl\u00e4heinen koulutus, jossa syvennet\u00e4\u00e4n osallistujien tietoja aihepiirist\u00e4 ja annetaan konkreettisia keinoja, v\u00e4lineit\u00e4, ty\u00f6tapoja ja ty\u00f6kaluja tukea kouluarjessa lapsi ja nuoria, joilla neuropsykiatrisia vaikeuksia. Koulutus tarjoaa uusinta tietoa ja antaa toimintamalleja, joita voi hy\u00f6dynt\u00e4\u00e4 my\u00f6s koko luokan kanssa.<\/p>\n<p><strong>Paikka <\/strong><\/p>\n<p>Teams. Koulutus tallennetaan ja tallenne l\u00e4hetet\u00e4\u00e4n ilmoittautuneille.<\/p>\n<p><strong>Ajankohta ja kesto<\/strong><\/p>\n<p>29.9.2022,\u00a0 14.00 &#8211; 16.00 yl\u00e4koulun henkil\u00f6kunta<\/p>\n<p>30.9.2022,\u00a0 14.00 &#8211; 16.00 alakoulun henkil\u00f6kunta<\/p>\n<p><strong>Kouluttaja<\/strong><\/p>\n<p>Kouluttajana toimii molemmissa p\u00e4iviss\u00e4 Marika M\u00e4kinen<\/p>\n<p><strong>Ilmoittautuminen<\/strong><\/p>\n<p>Yl\u00e4koulun henkil\u00f6kunnan koulutukseen:<\/p>\n<p><a href=\"https:\/\/www.lyyti.in\/Nepsynuoret29092022\">https:\/\/www.lyyti.in\/Nepsynuoret29092022<\/a><\/p>\n<p>Alakoulun henkil\u00f6kunnan koulutukseen:<\/p>\n<p><a href=\"https:\/\/www.lyyti.in\/Nepsylapset30092022\">https:\/\/www.lyyti.in\/Nepsylapset30092022<\/a><\/p>\n<p>Huom! Turun kaupungin ty\u00f6ntekij\u00e4t ilmoittautuvat my\u00f6s Sap HR:n kautta.<\/p>\n<h3><strong>2. L\u00e4hikoulutus (3 p\u00e4iv\u00e4\u00e4)<\/strong><\/h3>\n<p><strong>Mit\u00e4<\/strong><\/p>\n<p>Koulutuksessa konkreettisia ja helposti heti k\u00e4ytt\u00f6\u00f6n otettavia v\u00e4lineit\u00e4 kohdata oman ryhm\u00e4n neuropsykiatrisesti oireilevat oppilaat. K\u00e4yt\u00e4nn\u00f6nl\u00e4heinen koulutus, jossa syvennet\u00e4\u00e4n osallistujien tietoja aihepiirist\u00e4 ja annetaan konkreettisia keinoja, v\u00e4lineit\u00e4, ty\u00f6tapoja ja ty\u00f6kaluja tukea kouluarjessa lapsi ja nuoria, joilla neuropsykiatrisia vaikeuksia.<\/p>\n<p><strong>Ajat ja paikat\u00a0 <\/strong><\/p>\n<p>Alakoulun opettajien koulutusp\u00e4iv\u00e4t:<\/p>\n<p>1.4 Bore-laivan Baltic-sali, 9.00 &#8211; 15.30<\/p>\n<p>8.4 Bore-laivan Baltic-sali, 9.00 &#8211; 15.30<\/p>\n<p>19.4 Data-Cityn auditorio, 9.00 &#8211; 15.30<\/p>\n<p>5.9 Bore-laivan Baltic-sali, 9.00 &#8211; 15.30<\/p>\n<p>Yl\u00e4koulun opettajien koulutusp\u00e4iv\u00e4t:<\/p>\n<p>14.4 Bore-laivan Baltic-sali, 9.00 &#8211; 15.30<\/p>\n<p>20.4 Data-Cityn auditorio, 9.00 &#8211; 15.30<\/p>\n<p>11.5 Data-Cityn auditorio, 9.00 &#8211; 15.30<\/p>\n<p>Bore-laivan osoite: S\/S BORE,\u00a0 Linnankatu 72, 20100 Turku<\/p>\n<p>Data-Cityn auditorion osoite: Lemmink\u00e4isenkatu 14-18B, 20520 Turku<\/p>\n<p><strong>Kouluttajat <\/strong><\/p>\n<p>Alakoulun opettajien kouluttajina toimivat 8.4 Virpi Jussila ja Pia Virtanen ja 19.4 Pia Virtanen.<\/p>\n<p>Yl\u00e4koulun opettajien kouluttajina toimivat Piia Virtanen ja Virpi Jussila.<\/p>\n<p><strong>Ilmoittautuminen<\/strong><\/p>\n<p>Turun kaupungin ty\u00f6ntekij\u00e4t ilmoittautuvat sapin kautta (l\u00f6ytyy nimell\u00e4 nepsykoulutus luokanopettajille\/nepsykoulutus aineenopettajille).<\/p>\n<p>Maskun, Laitilan ja Turun Norssin ty\u00f6ntekij\u00e4t ilmoittautuvat s-postilla (tiina.vanhanen@turku.fi).<\/p>\n<p><strong>Koulutuksen tarkempi sis\u00e4lt\u00f6<\/strong><\/p>\n<p>1. koulutusp\u00e4iv\u00e4:<\/p>\n<p>Positiivinen psykologia ja ratkaisukeskeisyys \u2013 teoriaa ja k\u00e4yt\u00e4nn\u00f6n ty\u00f6kaluja opettajille.<\/p>\n<p>2. koulutusp\u00e4iv\u00e4:<\/p>\n<p>Opettaja nepsy-lapsen tai -nuoren ja perheen tukena, liit\u00e4nn\u00e4isvaikeudet ja mielenterveyden haasteet.<\/p>\n<p>3. koulutusp\u00e4iv\u00e4:<\/p>\n<p>Valmennuksellinen ty\u00f6ote osaksi pedagogiikkaa.<\/p>\n<h3><strong>3. Monimuotokoulutus (15 op, 5 l\u00e4hip\u00e4iv\u00e4\u00e4, kesto noin 5kk) <\/strong><\/h3>\n<p><strong>Mit\u00e4<\/strong><\/p>\n<p>koulutuksessa konkreettisia ja helposti heti k\u00e4ytt\u00f6\u00f6n otettavia v\u00e4lineit\u00e4 kohdata oman ryhm\u00e4n neuropsykiatrisesti oireilevat oppilaat. K\u00e4yt\u00e4nn\u00f6nl\u00e4heinen koulutus, jossa syvennet\u00e4\u00e4n osallistujien tietoja aihepiirist\u00e4 ja annetaan konkreettisia keinoja, v\u00e4lineit\u00e4, ty\u00f6tapoja ja ty\u00f6kaluja tukea kouluarjessa lapsi ja nuoria, joilla neuropsykiatrisia vaikeuksia.<\/p>\n<p><strong>Ajankohta ja kesto <\/strong><\/p>\n<p>L\u00e4hip\u00e4iv\u00e4t (9.00 &#8211; 15.30):<\/p>\n<p>29.8 Tuuki-Prikka -kabinetti<\/p>\n<p>12.9 Teams<\/p>\n<p>3.10 Tuuki-Prikka -kabinetti<\/p>\n<p>11.11 Teams<\/p>\n<p>2.12 Tuuki-Prikka -kabinetti<\/p>\n<p>(Tuuki-Prikka -kabinetti, DataCity, Lemmink\u00e4isenkatu 14-18B, 20520 Turku)<\/p>\n<p>Lis\u00e4ksi ennakkoteht\u00e4v\u00e4, pienryhmiss\u00e4 toimimista, itsen\u00e4ist\u00e4 opiskelua.<\/p>\n<p><strong>Kouluttajat<\/strong><\/p>\n<p>Vastuukouluttaja: Piia Virtanen.<\/p>\n<p>Muut kouluttajat: Virpi Jussila, Maria Ojala-Vesteri, kokemuskouluttajat.<\/p>\n<p><strong>Koulutuksen tarkempi sis\u00e4lt\u00f6<\/strong><\/p>\n<p>Viisi yhteist\u00e4 l\u00e4hikoulutusp\u00e4iv\u00e4\u00e4, joista yksi ty\u00f6nohjauksellinen p\u00e4iv\u00e4. Lis\u00e4ksi opiskellaan yhteisell\u00e4 vuorovaikutuksellisella oppimisalustalla, pienryhmiss\u00e4 ja itsen\u00e4isesti opiskellen. Koulutuksessa tehd\u00e4\u00e4n omaan ty\u00f6h\u00f6n liittyv\u00e4 kehitt\u00e4misteht\u00e4v\u00e4. Koulutuksessa on oma vastuuopettaja, joka luotsaa ryhm\u00e4\u00e4 koko koulutuksen ajan. Koulutuksessa mukana my\u00f6s muita Spesia asiantuntijapalveluiden erityisen tuen asiantuntijoita ja kokemuskouluttajia. Osallistujat verkostoituvat, oppivat toisiltaan ja saavat valmiudet jakaa osaamistaan.<\/p>\n","protected":false},"excerpt":{"rendered":"<p>Neuropsykiatrisesti oireilevien lasten ja nuorten kasvun ja oppimisen tukemisen eri laajuisia koulutuksia (Spesia) 1. Teams-koulutus (2 tuntia) Mit\u00e4 Koulutuksessa konkreettisia ja helposti heti k\u00e4ytt\u00f6\u00f6n otettavia v\u00e4lineit\u00e4 kohdata oman ryhm\u00e4n neuropsykiatrisesti oireilevat oppilaat. K\u00e4yt\u00e4nn\u00f6nl\u00e4heinen koulutus, jossa syvennet\u00e4\u00e4n osallistujien tietoja aihepiirist\u00e4 ja annetaan konkreettisia keinoja, v\u00e4lineit\u00e4, ty\u00f6tapoja ja ty\u00f6kaluja tukea kouluarjessa lapsi ja nuoria, joilla neuropsykiatrisia vaikeuksia. &hellip; <\/p>\n<p class=\"link-more\"><a href=\"https:\/\/blog.edu.turku.fi\/oppimisentuki\/nepsykoulutukset\/\" class=\"more-link\">Jatka lukemista<span class=\"screen-reader-text\"> &#8221;Spesian nepsykoulutukset (mennyt)&#8221;<\/span><\/a><\/p>\n","protected":false},"author":3241,"featured_media":0,"parent":0,"menu_order":0,"comment_status":"closed","ping_status":"closed","template":"","meta":{"footnotes":""},"class_list":["post-108","page","type-page","status-publish","hentry","entry"],"_links":{"self":[{"href":"https:\/\/blog.edu.turku.fi\/oppimisentuki\/wp-json\/wp\/v2\/pages\/108","targetHints":{"allow":["GET"]}}],"collection":[{"href":"https:\/\/blog.edu.turku.fi\/oppimisentuki\/wp-json\/wp\/v2\/pages"}],"about":[{"href":"https:\/\/blog.edu.turku.fi\/oppimisentuki\/wp-json\/wp\/v2\/types\/page"}],"author":[{"embeddable":true,"href":"https:\/\/blog.edu.turku.fi\/oppimisentuki\/wp-json\/wp\/v2\/users\/3241"}],"replies":[{"embeddable":true,"href":"https:\/\/blog.edu.turku.fi\/oppimisentuki\/wp-json\/wp\/v2\/comments?post=108"}],"version-history":[{"count":29,"href":"https:\/\/blog.edu.turku.fi\/oppimisentuki\/wp-json\/wp\/v2\/pages\/108\/revisions"}],"predecessor-version":[{"id":294,"href":"https:\/\/blog.edu.turku.fi\/oppimisentuki\/wp-json\/wp\/v2\/pages\/108\/revisions\/294"}],"wp:attachment":[{"href":"https:\/\/blog.edu.turku.fi\/oppimisentuki\/wp-json\/wp\/v2\/media?parent=108"}],"curies":[{"name":"wp","href":"https:\/\/api.w.org\/{rel}","templated":true}]}}