{"id":617,"date":"2023-02-02T14:32:02","date_gmt":"2023-02-02T12:32:02","guid":{"rendered":"https:\/\/blog.edu.turku.fi\/oppimisen-tuki\/?page_id=617"},"modified":"2024-09-18T09:56:05","modified_gmt":"2024-09-18T06:56:05","slug":"yhteistyo-huoltajien-kanssa","status":"publish","type":"page","link":"https:\/\/blog.edu.turku.fi\/oppimisen-tuki\/koulutusasteet\/perusopetus\/lisatiedot\/yhteistyo-tuen-aikana\/yhteistyo-huoltajien-kanssa\/","title":{"rendered":"Yhteisty\u00f6 huoltajien kanssa"},"content":{"rendered":"\n<ul class=\"wp-block-list\">\n<li>Perusopetuslain mukaan opetuksessa tulee olla yhteisty\u00f6ss\u00e4 kotien kanssa.<\/li>\n\n\n\n<li>Henkil\u00f6kohtaisten ja ryhm\u00e4tapaamisten lis\u00e4ksi yhteisty\u00f6ss\u00e4 hy\u00f6dynnet\u00e4\u00e4n tieto- ja viestint\u00e4teknologiaa.<\/li>\n\n\n\n<li>Oppilaille ja huoltajille annetaan tietoa tuen saannin mahdollisuuksista, tuen kolmiportaisuudesta sek\u00e4 k\u00e4ytett\u00e4viss\u00e4 olevista tukimuodoista.<\/li>\n\n\n\n<li>Koulun henkil\u00f6st\u00f6n on t\u00e4rke\u00e4\u00e4 olla yhteydess\u00e4 kotiin heti, kun oppilaalla ilmenee oppimisen tai koulunk\u00e4ynnin ongelmia tai h\u00e4nen hyvinvointinsa on vaarantumassa.<\/li>\n\n\n\n<li>Kun oppilaalla on tuen tarvetta, kodin ja koulun yhteisty\u00f6n merkitys korostuu. Erityisen t\u00e4rke\u00e4\u00e4 yhteisty\u00f6 on my\u00f6s oppilaan koulupolun nivelvaiheissa.<\/li>\n\n\n\n<li>Oppilaan edistymisen ja tuen tarpeen arviointi sek\u00e4 tuen suunnittelu on osa kodin ja koulun s\u00e4\u00e4nn\u00f6llist\u00e4 yhteisty\u00f6t\u00e4.<\/li>\n\n\n\n<li>Pedagogiset asiakirjat ja suunnitelmat laaditaan yhteisty\u00f6ss\u00e4 huoltajien kanssa ja esimerkiksi ennen erityist\u00e4 tukea koskevan p\u00e4\u00e4t\u00f6ksen tekemist\u00e4 opetuksen j\u00e4rjest\u00e4j\u00e4n on kuultava oppilasta ja t\u00e4m\u00e4n huoltajaa.<\/li>\n\n\n\n<li>Huoltaja ei voi kielt\u00e4yty\u00e4 perusopetuslaissa s\u00e4\u00e4detyn tuen vastaanottamisesta.<\/li>\n\n\n\n<li>Yksil\u00f6kohtaisen opiskeluhuollon tuki perustuu kuitenkin vapaaehtoisuuteen ja edellytt\u00e4\u00e4 oppilaan tai tarvittaessa huoltajan suostumusta.<\/li>\n\n\n\n<li>Huoltajalla on ensisijainen vastuu lapsensa kasvatuksesta ja voidakseen huolehtia kasvatusteht\u00e4v\u00e4st\u00e4\u00e4n huoltajan tulee saada tietoa lapsensa oppimisen ja kasvun edistymisest\u00e4 sek\u00e4 mahdollisista poissaoloista.<\/li>\n\n\n\n<li>Huoltajan on huolehdittava, ett\u00e4 h\u00e4nen lapsensa oppivelvollisuus tulee suoritettua.<\/li>\n\n\n\n<li>Huoltajia kannustetaan tukemaan osaltaan lapsensa tavoitteellista oppimista ja koulunk\u00e4ynti\u00e4.<\/li>\n\n\n\n<li>Kun huoltaja saa s\u00e4\u00e4nn\u00f6llisesti tietoa lapsensa koulunk\u00e4ynnist\u00e4, h\u00e4n voi osaltaan tukea lapsensa tavoitteellista oppimista ja koulunk\u00e4ynti\u00e4. Kannustavat ja oppilaan oppimista ja kehityst\u00e4 my\u00f6nteisesti kuvaavat viestit ovat t\u00e4rkeit\u00e4.<\/li>\n\n\n\n<li>Koulu tukee kotien kasvatusteht\u00e4v\u00e4\u00e4 ja vastaa oppilaan opetuksesta ja kasvatuksesta kouluyhteis\u00f6n j\u00e4senen\u00e4.<\/li>\n\n\n\n<li>Huoltajien luottamusta opettajaan vahvistaa h\u00e4nen v\u00e4litt\u00e4v\u00e4 ja arvostava asenne oppilaisiin ja vanhempiin, innostus omasta ty\u00f6st\u00e4\u00e4n, avoimuus ja rehellisyys sek\u00e4 vanhempien my\u00f6nteiset kokemukset kuulluksi tulemisesta ja osallisuudesta.<\/li>\n<\/ul>\n\n\n\n<pre class=\"wp-block-preformatted\">Huom! Kodin ja koulun yhteisty\u00f6ss\u00e4 edistet\u00e4\u00e4n my\u00f6s huoltajien keskin\u00e4ist\u00e4 vuorovaikutusta, jolla vahvistetaan yhteis\u00f6llisyytt\u00e4.<\/pre>\n\n\n\n<ul class=\"wp-block-list\">\n<li>Positiivisesti liikkeelle l\u00e4htenyt yhteisty\u00f6 huoltajien kanssa luo hyv\u00e4n pohjan vuorovaikutukselle ja kannattelee haastavissakin tilanteissa.<\/li>\n\n\n\n<li>Hyvin toimiva viestint\u00e4 on s\u00e4\u00e4nn\u00f6llist\u00e4, suunnitelmallista, oikea-aikaista, vuorovaikutteista, tasa-arvoista ja helposti saavutettavaa.<\/li>\n\n\n\n<li>Yhteydenpidon k\u00e4yt\u00e4nteist\u00e4 on hyv\u00e4 keskustella huoltajien kanssa. Huoltajille on hyv\u00e4 kertoa, milloin henkil\u00f6kunnan tavoittaa ja mit\u00e4 kanavia viestinn\u00e4ss\u00e4 k\u00e4ytet\u00e4\u00e4n.<\/li>\n\n\n\n<li>Kun huoltajille viestit\u00e4\u00e4n ongelmista, sanamuodoilla on suuri merkitys: kerrotaan ongelman lis\u00e4ksi my\u00f6s se, miten opettaja toivoo oppilaan toimivan jatkossa ja mit\u00e4 hy\u00f6ty\u00e4 siit\u00e4 olisi. Sanotaan jotakin, joka luo uskoa siihen, ett\u00e4 ongelma on ratkaistavissa ja pyydet\u00e4\u00e4n huoltajalta apua tai neuvoa.<\/li>\n\n\n\n<li>Mik\u00e4li huoltaja ilmaisee \u00e4rtymyksens\u00e4 s\u00e4hk\u00f6isell\u00e4 viestill\u00e4, ei ryhdyt\u00e4 keskustelemaan asiasta s\u00e4hk\u00f6isesti vaan ilmoitetaan, ett\u00e4 koska asia on niin t\u00e4rke\u00e4, siit\u00e4 pit\u00e4\u00e4 keskustella h\u00e4nen kanssaan henkil\u00f6kohtaisesti.<\/li>\n\n\n\n<li>Pidet\u00e4\u00e4n huoli siit\u00e4, ett\u00e4 huolestunut huoltaja tulee kuulluksi ja kerrotaan, ett\u00e4 on hyv\u00e4 asia, ett\u00e4 h\u00e4n ottaa asian puheeksi. Kerrotaan, ett\u00e4 ymm\u00e4rret\u00e4\u00e4n, ett\u00e4 asia huolestuttaa h\u00e4nt\u00e4 ja tiedustellaan, miten h\u00e4n toivoo, ett\u00e4 asia ratkaistaisiin. Keskustellaan lopuksi huoltajan kanssa siit\u00e4, mit\u00e4 tehd\u00e4\u00e4n, jotta huoltajan huoli v\u00e4istyy.<\/li>\n<\/ul>\n\n\n\n<table class=\"otsikkolinkit\">\n<tbody>\n<tr>\n<td><a href=\"https:\/\/blog.edu.turku.fi\/oppimisen-tuki\/fi\/koulutusasteet\/perusopetus\/lisatiedot\/yhteistyo-tuen-aikana\/yhteistyo-huoltajien-kanssa\/vanhempainillassa-esille-nostettavia-asioita\/\">Vinkkej\u00e4 vanhempainiltaan<\/a><\/td>\n<td><a href=\"https:\/\/blog.edu.turku.fi\/oppimisen-tuki\/files\/2023\/05\/Lomake-vanhempainvarttiin-.pdf\">Huoltajan lomake vanhempainvarttiin (pdf)<\/a><\/td>\n<td><a href=\"https:\/\/blog.edu.turku.fi\/oppimisen-tuki\/files\/2023\/05\/Oppilaan-lomake-vanhempainvarttiin-.pdf\">Oppilaan lomake vanhempainvarttiin (pdf)<\/a><\/td>\n<\/tr>\n<\/tbody>\n<\/table>\n\n\n\n<p>&nbsp;L\u00e4hteet:<\/p>\n\n\n\n<p>Opetushallitus. Kodin ja koulun yhteisty\u00f6. Haettu 2023 osoitteesta <a href=\"https:\/\/www.oph.fi\/fi\/koulutus-ja-tutkinnot\/kodin-ja-koulun-yhteistyo\">https:\/\/www.oph.fi\/fi\/koulutus-ja-tutkinnot\/kodin-ja-koulun-yhteistyo<\/a><\/p>\n\n\n\n<p>Furman, B. Viesti Wilmalla viisaasti. Opettajan opas kodin ja koulun v\u00e4liseen s\u00e4hk\u00f6iseen viestint\u00e4\u00e4n.<\/p>\n\n\n\n<p>Vanhempainliitto. Vanhempien ja opettajien toimiva yhteisty\u00f6. Haettu 2023 osoitteesta <a href=\"https:\/\/vanhempainliitto.fi\/opettajalle\/vanhempien-ja-opettajien-toimiva-yhteistyo\/\">https:\/\/vanhempainliitto.fi\/opettajalle\/vanhempien-ja-opettajien-toimiva-yhteistyo\/<\/a><\/p>\n\n\n\n<p>&nbsp;<\/p>\n\n\n\n<p>&nbsp;<\/p>\n","protected":false},"excerpt":{"rendered":"<p>Kodin ja koulun v\u00e4linen yhteisty\u00f6 Kodin ja koulun v\u00e4linen yhteisty\u00f6 alkaa ensimm\u00e4isest\u00e4 koulup\u00e4iv\u00e4st\u00e4. Kodin ja koulun yhteisty\u00f6 tulisi j\u00e4sent\u00e4\u00e4 jatkumona. Yhteisty\u00f6ll\u00e4 voi olla erilaisia teht\u00e4vi\u00e4 ja muotoja. L\u00e4ht\u00f6kohta on oppilaa&#8230;<\/p>\n","protected":false},"author":56,"featured_media":0,"parent":619,"menu_order":0,"comment_status":"closed","ping_status":"closed","template":"","meta":{"footnotes":""},"class_list":["post-617","page","type-page","status-publish","hentry"],"_links":{"self":[{"href":"https:\/\/blog.edu.turku.fi\/oppimisen-tuki\/wp-json\/wp\/v2\/pages\/617","targetHints":{"allow":["GET"]}}],"collection":[{"href":"https:\/\/blog.edu.turku.fi\/oppimisen-tuki\/wp-json\/wp\/v2\/pages"}],"about":[{"href":"https:\/\/blog.edu.turku.fi\/oppimisen-tuki\/wp-json\/wp\/v2\/types\/page"}],"author":[{"embeddable":true,"href":"https:\/\/blog.edu.turku.fi\/oppimisen-tuki\/wp-json\/wp\/v2\/users\/56"}],"replies":[{"embeddable":true,"href":"https:\/\/blog.edu.turku.fi\/oppimisen-tuki\/wp-json\/wp\/v2\/comments?post=617"}],"version-history":[{"count":19,"href":"https:\/\/blog.edu.turku.fi\/oppimisen-tuki\/wp-json\/wp\/v2\/pages\/617\/revisions"}],"predecessor-version":[{"id":4572,"href":"https:\/\/blog.edu.turku.fi\/oppimisen-tuki\/wp-json\/wp\/v2\/pages\/617\/revisions\/4572"}],"up":[{"embeddable":true,"href":"https:\/\/blog.edu.turku.fi\/oppimisen-tuki\/wp-json\/wp\/v2\/pages\/619"}],"wp:attachment":[{"href":"https:\/\/blog.edu.turku.fi\/oppimisen-tuki\/wp-json\/wp\/v2\/media?parent=617"}],"curies":[{"name":"wp","href":"https:\/\/api.w.org\/{rel}","templated":true}]}}