{"id":601,"date":"2023-02-02T14:29:35","date_gmt":"2023-02-02T12:29:35","guid":{"rendered":"https:\/\/blog.edu.turku.fi\/oppimisen-tuki\/?page_id=601"},"modified":"2024-09-11T14:18:44","modified_gmt":"2024-09-11T11:18:44","slug":"oppimisen-ja-koulunkaynnin-tuen-jarjestaminen","status":"publish","type":"page","link":"https:\/\/blog.edu.turku.fi\/oppimisen-tuki\/koulutusasteet\/perusopetus\/lisatiedot\/oppimisen-ja-koulunkaynnin-tuen-jarjestaminen\/","title":{"rendered":"Oppimisen ja koulunk\u00e4ynnin tuen j\u00e4rjest\u00e4minen"},"content":{"rendered":"\n<table class=\"otsikkolinkit\"><tbody><tr><td><a href=\"#oppilaan-oikeus-tukeen\">Oppilaan oikeus tukeen<\/a><\/td><td><a href=\"#lahikouluperiaate\">L\u00e4hikouluperiaate <\/a><\/td><td><a href=\"#osallisuus-ja-yhteistyo\">Osallisuus ja yhteisty\u00f6<\/a><\/td><td><a href=\"#esteett\u00f6myys\">Esteett\u00f6myys<\/a><\/td><td><a href=\"#kieli-ja-kulttuuritietoisuus\">Kieli- ja kulttuuritietoisuus<\/a><\/td><\/tr><\/tbody><\/table>\n\n\n\n<h2 class=\"wp-block-heading\" id=\"lahikouluperiaate\">L\u00e4hikouluperiaate<\/h2>\n\n\n\n<p>Perusopetuslain mukaisesti opetuksen j\u00e4rjest\u00e4j\u00e4 osoittaa oppivelvolliselle oppilaalle l\u00e4hikoulun. L\u00e4hikoulu on se koulu, jonka oppilaaksi oppilas asuinpaikkansa perusteella kuuluu. Turussa l\u00e4hikoulu osoitetaan oppilasaluejaon mukaisesti. L\u00e4hikoulu ei aina v\u00e4ltt\u00e4m\u00e4tt\u00e4 ole mitatulta et\u00e4isyydelt\u00e4\u00e4n oppilaan asuinpaikkaa l\u00e4hinn\u00e4 oleva koulu.<br>L\u00e4hikouluperiaatteen mukaisesti, oppilaan opetus j\u00e4rjestet\u00e4\u00e4n ensisijaisesti oppilaan l\u00e4hikoulussa ja tarvittava tuki tuodaan oppilaan omaan opetusryhm\u00e4\u00e4n. Oman l\u00e4hikoulun oppimisymp\u00e4rist\u00f6\u00e4 ja rakenteita muokataan ja tukea tarjotaan omassa kouluymp\u00e4rist\u00f6ss\u00e4.<\/p>\n\n\n\n<h2 class=\"wp-block-heading\" id=\"osallisuus-ja-yhteistyo\">Osallisuus ja yhteisty\u00f6<\/h2>\n\n\n\n<p>Suomi on sitoutunut j\u00e4rjest\u00e4m\u00e4\u00e4n opetuksensa inklusiivisesti. Inklusiivisessa koulussa on tasa-arvoon, syrjim\u00e4tt\u00f6myyteen ja moninaisuuden n\u00e4kemiseen rikkautena pohjautuva toimintakulttuuri.<br>Luokan, kodin ja koulun yhteis\u00f6llisyytt\u00e4 edistet\u00e4\u00e4n ja kaikkia oppilaita arvostetaan ja autetaan kasvamaan siten, ett\u00e4 he tuntevat kuuluvansa ryhm\u00e4\u00e4ns\u00e4 ja kouluyhteis\u00f6\u00f6ns\u00e4 niiden t\u00e4ysivaltaisina j\u00e4senin\u00e4.<br>Osallisuuden esteit\u00e4 poistetaan ja mahdollistetaan kaikkien aktiivinen toimijuus, yhteisty\u00f6 ja yhteistoiminnallisuus. Keskeist\u00e4 ovat kaikkien oppilaiden osallisuutta korostavat opetusj\u00e4rjestelyt ja jokaisen oppilaan oikeus osallistua yhteiseen opetukseen yhteisess\u00e4 luokassa sek\u00e4 saada tarvitsemansa tukitoimet oikea-aikaisesti siell\u00e4 miss\u00e4 oppilas opiskelee.<\/p>\n\n\n\n<h2 class=\"wp-block-heading\" id=\"oppilaan-oikeus-tukeen\">Oppilaan oikeus tukeen<\/h2>\n\n\n\n<p>Perusopetuslain mukaan oppilaalla on oikeus saada riitt\u00e4v\u00e4\u00e4 oppimisen ja koulunk\u00e4ynnin tukea heti tuen tarpeen ilmetess\u00e4. Tuki annetaan oppilaalle ensisijaisesti h\u00e4nen omassa opetusryhm\u00e4ss\u00e4\u00e4n ja koulussaan erilaisin joustavin j\u00e4rjestelyin.<\/p>\n\n\n\n<p>Oppilaiden ohjaaminen ohjaaminen on jokaisen kouluyhteis\u00f6ss\u00e4 ty\u00f6skentelev\u00e4n teht\u00e4v\u00e4. Ohjaus liittyy kaikkiin opetus- ja kasvatustilanteisiin, oppiaineisiin ja oppilaalle annettavaan arviointiin.<\/p>\n\n\n\n<h2 class=\"wp-block-heading\" id=\"esteett\u00f6myys\">Esteett\u00f6myys<\/h2>\n\n\n\n<p>Oppimisen tuen j\u00e4rjest\u00e4misess\u00e4 oppimisen esteett\u00f6myys otetaan huomioon: koulun toimintatapoja, opetusj\u00e4rjestelyj\u00e4 ja oppimisymp\u00e4rist\u00f6j\u00e4 muokataan kaikille oppilaille sopiviksi. Esteett\u00f6myys k\u00e4sitet\u00e4\u00e4n laaja-alaisesti huomioiden fyysinen, henkinen, sosiaalinen ja aistiesteett\u00f6myys. Koulujen oppimisymp\u00e4rist\u00f6j\u00e4 suunnitellaan siten, ett\u00e4 ne tukevat kaikkien kouluyhteis\u00f6n j\u00e4senten oppimista ja hyvinvointia.<\/p>\n\n\n\n<h2 class=\"wp-block-heading\" id=\"kieli-ja-kulttuuritietoisuus\">Kieli- ja kulttuuritietoisuus<\/h2>\n\n\n\n<p>Kielitietoisessa koulussa jokainen koulun aikuinen on kielellinen malli ja jokainen opettaja my\u00f6s opettamansa oppiaineen kielen opettaja. Kielitietoista opetusta tarvitaan, koska kieli on paitsi v\u00e4line my\u00f6s oppimisen kohde jokaisessa oppiaineessa. Opetuksessa ymm\u00e4rret\u00e4\u00e4n sis\u00e4lt\u00f6jen ja kielen opetus toisiinsa erottamattomasti liittyvin\u00e4 asioina ja tehd\u00e4\u00e4n oppilaat tietoisiksi eri oppiaineiden kielten erityispiirteist\u00e4. Opetuksessa edet\u00e4\u00e4n arkikielest\u00e4 k\u00e4sitteelliseen ajattelun kieleen. Opettajan ja kouluyhteis\u00f6n tulee tukea oppilaan monilukutaidon kehittymist\u00e4.<br>Kouluissa tunnistetaan, ett\u00e4 kaikki oppilaat ovat monikielisi\u00e4: koulun ja oppiaineiden kielten rinnalla oppilaat k\u00e4ytt\u00e4v\u00e4t vieraita kieli\u00e4, \u00e4idinkieli\u00e4\u00e4n, murteita ja puhekielt\u00e4. Kaikilla oppilailla on mahdollisuus rakentaa kielellist\u00e4 ja kulttuurista identiteetti\u00e4\u00e4n omista l\u00e4ht\u00f6kohdistaan. Kielen keskeinen merkitys oppimisessa, opetuksessa ja arvioinnissa ymm\u00e4rret\u00e4\u00e4n.<\/p>\n","protected":false},"excerpt":{"rendered":"<p>Oppilaan oikeus tukeen Perusopetuslain mukaan oppilaalla on oikeus saada riitt\u00e4v\u00e4\u00e4 oppimisen ja koulunk\u00e4ynnin tukea heti tuen tarpeen ilmetess\u00e4. Tuki annetaan oppilaalle ensisijaisesti h\u00e4nen omassa opetusryhm\u00e4ss\u00e4\u00e4n ja koulussaan e&#8230;<\/p>\n","protected":false},"author":56,"featured_media":0,"parent":424,"menu_order":0,"comment_status":"closed","ping_status":"closed","template":"","meta":{"footnotes":""},"class_list":["post-601","page","type-page","status-publish","hentry"],"_links":{"self":[{"href":"https:\/\/blog.edu.turku.fi\/oppimisen-tuki\/wp-json\/wp\/v2\/pages\/601","targetHints":{"allow":["GET"]}}],"collection":[{"href":"https:\/\/blog.edu.turku.fi\/oppimisen-tuki\/wp-json\/wp\/v2\/pages"}],"about":[{"href":"https:\/\/blog.edu.turku.fi\/oppimisen-tuki\/wp-json\/wp\/v2\/types\/page"}],"author":[{"embeddable":true,"href":"https:\/\/blog.edu.turku.fi\/oppimisen-tuki\/wp-json\/wp\/v2\/users\/56"}],"replies":[{"embeddable":true,"href":"https:\/\/blog.edu.turku.fi\/oppimisen-tuki\/wp-json\/wp\/v2\/comments?post=601"}],"version-history":[{"count":41,"href":"https:\/\/blog.edu.turku.fi\/oppimisen-tuki\/wp-json\/wp\/v2\/pages\/601\/revisions"}],"predecessor-version":[{"id":4489,"href":"https:\/\/blog.edu.turku.fi\/oppimisen-tuki\/wp-json\/wp\/v2\/pages\/601\/revisions\/4489"}],"up":[{"embeddable":true,"href":"https:\/\/blog.edu.turku.fi\/oppimisen-tuki\/wp-json\/wp\/v2\/pages\/424"}],"wp:attachment":[{"href":"https:\/\/blog.edu.turku.fi\/oppimisen-tuki\/wp-json\/wp\/v2\/media?parent=601"}],"curies":[{"name":"wp","href":"https:\/\/api.w.org\/{rel}","templated":true}]}}