{"id":5540,"date":"2025-12-18T15:07:24","date_gmt":"2025-12-18T13:07:24","guid":{"rendered":"https:\/\/blog.edu.turku.fi\/oppimisen-tuki\/?page_id=5540"},"modified":"2025-12-18T16:15:47","modified_gmt":"2025-12-18T14:15:47","slug":"ammatillinen-koulutus","status":"publish","type":"page","link":"https:\/\/blog.edu.turku.fi\/oppimisen-tuki\/koulutusasteet\/ammatillinen-koulutus\/","title":{"rendered":"Ammatillinen koulutus"},"content":{"rendered":"\n<p>Turun ammatti-instituutin laatuk\u00e4sikirjaan on sis\u00e4llytetty oppimisen tukeen liittyv\u00e4t teemat:<\/p>\n\n\n\n<p><a href=\"https:\/\/tai.fi\/laatukasikirja\/\">Laatuk\u00e4sikirja \u2013 Turun ammatti-instituutti<\/a><\/p>\n\n\n\n<p><\/p>\n","protected":false},"excerpt":{"rendered":"<p>Turun ammatti-instituutin laatuk\u00e4sikirjaan on sis\u00e4llytetty oppimisen tukeen liittyv\u00e4t teemat: Laatuk\u00e4sikirja \u2013 Turun ammatti-instituutti<\/p>\n","protected":false},"author":9,"featured_media":0,"parent":309,"menu_order":0,"comment_status":"closed","ping_status":"closed","template":"","meta":{"footnotes":""},"class_list":["post-5540","page","type-page","status-publish","hentry"],"_links":{"self":[{"href":"https:\/\/blog.edu.turku.fi\/oppimisen-tuki\/wp-json\/wp\/v2\/pages\/5540","targetHints":{"allow":["GET"]}}],"collection":[{"href":"https:\/\/blog.edu.turku.fi\/oppimisen-tuki\/wp-json\/wp\/v2\/pages"}],"about":[{"href":"https:\/\/blog.edu.turku.fi\/oppimisen-tuki\/wp-json\/wp\/v2\/types\/page"}],"author":[{"embeddable":true,"href":"https:\/\/blog.edu.turku.fi\/oppimisen-tuki\/wp-json\/wp\/v2\/users\/9"}],"replies":[{"embeddable":true,"href":"https:\/\/blog.edu.turku.fi\/oppimisen-tuki\/wp-json\/wp\/v2\/comments?post=5540"}],"version-history":[{"count":3,"href":"https:\/\/blog.edu.turku.fi\/oppimisen-tuki\/wp-json\/wp\/v2\/pages\/5540\/revisions"}],"predecessor-version":[{"id":5568,"href":"https:\/\/blog.edu.turku.fi\/oppimisen-tuki\/wp-json\/wp\/v2\/pages\/5540\/revisions\/5568"}],"up":[{"embeddable":true,"href":"https:\/\/blog.edu.turku.fi\/oppimisen-tuki\/wp-json\/wp\/v2\/pages\/309"}],"wp:attachment":[{"href":"https:\/\/blog.edu.turku.fi\/oppimisen-tuki\/wp-json\/wp\/v2\/media?parent=5540"}],"curies":[{"name":"wp","href":"https:\/\/api.w.org\/{rel}","templated":true}]}}