{"id":550,"date":"2023-01-26T13:53:59","date_gmt":"2023-01-26T11:53:59","guid":{"rendered":"https:\/\/blog.edu.turku.fi\/oppimisen-tuki\/?page_id=550"},"modified":"2023-11-24T13:58:16","modified_gmt":"2023-11-24T11:58:16","slug":"erityisopettajat-yksityinen","status":"publish","type":"page","link":"https:\/\/blog.edu.turku.fi\/oppimisen-tuki\/koulutusasteet\/varhaiskasvatus\/toimijat\/erityisopettajat-yksityinen\/","title":{"rendered":"Varhaiskasvatuksen erityisopettaja (yksityinen varhaiskasvatus)"},"content":{"rendered":"<p>Yksityisess\u00e4 varhaiskasvatuksessa ty\u00f6skentelevien varhaiskasvatuksen erityisopettajien ty\u00f6teht\u00e4v\u00e4t m\u00e4\u00e4ritell\u00e4\u00e4n tarkemmin aina kyseess\u00e4 olevassa toimipaikassa tai ty\u00f6nantajana toimivien palvelutuottajien kanssa. P\u00e4\u00e4s\u00e4\u00e4nt\u00f6isesti erityisopettajat vastaavat sek\u00e4 kunnallisessa ett\u00e4 yksityisest\u00e4 varhaiskasvatuksessa samanlaisista asioista lasten tuen j\u00e4rjest\u00e4misess\u00e4 ja toteutuksessa.<\/p>\n<ul>\n<li>toimii kolmitasoisen tuen ja erityisopetuksen asiantuntijana omalla vastuualueellaan olevissa yksityisen varhaiskasvatuksen toimipaikoissa<\/li>\n<li>havainnoi lasten ja lapsiryhmien tuen tarpeita ja ryhmien peruspedagogiikan toteutumista<\/li>\n<li>ohjaa ryhmien henkil\u00f6st\u00f6\u00e4 pedagogisten ja erityispedagogisten ty\u00f6skentelymenetelmien, materiaalien ja apuv\u00e4lineiden k\u00e4ytt\u00e4misess\u00e4<\/li>\n<li>konsultoi lapsiryhmien henkil\u00f6st\u00f6\u00e4 sek\u00e4 huoltajia tuen asioissa<\/li>\n<li>osallistuu lapsen tuen suunnitteluun ja arviointiin tarpeen mukaan<\/li>\n<li>osallistuu sovitusti lapsen vasukeskusteluihin yhdess\u00e4 lapsen varhaiskasvatussuunnitelman laativan opettajan kanssa<\/li>\n<li>on mukana lapsi- ja ryhm\u00e4kohtaisten avustajien pedagogisessa ohjauksessa<\/li>\n<li>tukee yksityisen varhaiskasvatuksen henkil\u00f6st\u00f6\u00e4 lasten tukea koskevien hallintop\u00e4\u00e4t\u00f6sten kuulemistilaisuuksien (huoltajien kuuleminen)<\/li>\n<li>vahvistaa hallintop\u00e4\u00e4t\u00f6sten mukaisten tukitoimien toteutumisen<\/li>\n<\/ul>\n","protected":false},"excerpt":{"rendered":"<p>Yksityisess\u00e4 varhaiskasvatuksessa ty\u00f6skentelevien varhaiskasvatuksen erityisopettajien ty\u00f6teht\u00e4v\u00e4t m\u00e4\u00e4ritell\u00e4\u00e4n tarkemmin aina kyseess\u00e4 olevassa toimipaikassa tai ty\u00f6nantajana toimivien palvelutuottajien kanssa. P\u00e4\u00e4s\u00e4\u00e4nt\u00f6isesti erityisopettajat vasta&#8230;<\/p>\n","protected":false},"author":3241,"featured_media":0,"parent":359,"menu_order":0,"comment_status":"closed","ping_status":"closed","template":"","meta":{"footnotes":""},"class_list":["post-550","page","type-page","status-publish","hentry"],"_links":{"self":[{"href":"https:\/\/blog.edu.turku.fi\/oppimisen-tuki\/wp-json\/wp\/v2\/pages\/550","targetHints":{"allow":["GET"]}}],"collection":[{"href":"https:\/\/blog.edu.turku.fi\/oppimisen-tuki\/wp-json\/wp\/v2\/pages"}],"about":[{"href":"https:\/\/blog.edu.turku.fi\/oppimisen-tuki\/wp-json\/wp\/v2\/types\/page"}],"author":[{"embeddable":true,"href":"https:\/\/blog.edu.turku.fi\/oppimisen-tuki\/wp-json\/wp\/v2\/users\/3241"}],"replies":[{"embeddable":true,"href":"https:\/\/blog.edu.turku.fi\/oppimisen-tuki\/wp-json\/wp\/v2\/comments?post=550"}],"version-history":[{"count":5,"href":"https:\/\/blog.edu.turku.fi\/oppimisen-tuki\/wp-json\/wp\/v2\/pages\/550\/revisions"}],"predecessor-version":[{"id":4257,"href":"https:\/\/blog.edu.turku.fi\/oppimisen-tuki\/wp-json\/wp\/v2\/pages\/550\/revisions\/4257"}],"up":[{"embeddable":true,"href":"https:\/\/blog.edu.turku.fi\/oppimisen-tuki\/wp-json\/wp\/v2\/pages\/359"}],"wp:attachment":[{"href":"https:\/\/blog.edu.turku.fi\/oppimisen-tuki\/wp-json\/wp\/v2\/media?parent=550"}],"curies":[{"name":"wp","href":"https:\/\/api.w.org\/{rel}","templated":true}]}}