{"id":5378,"date":"2025-10-13T10:11:43","date_gmt":"2025-10-13T07:11:43","guid":{"rendered":"https:\/\/blog.edu.turku.fi\/oppimisen-tuki\/?page_id=5378"},"modified":"2026-02-19T13:14:31","modified_gmt":"2026-02-19T11:14:31","slug":"lumo","status":"publish","type":"page","link":"https:\/\/blog.edu.turku.fi\/oppimisen-tuki\/koulutusasteet\/lukiokoulutus\/toimijat\/lumo\/","title":{"rendered":"LUMO"},"content":{"rendered":"\n<h2 class=\"wp-block-heading has-text-color has-link-color has-medium-font-size wp-elements-a1dc78c6d7c88aced45bd2700542fb5c\" style=\"color:#4e56b1\"><strong>Lukion monialainen opiskeluhuoltoryhm\u00e4 (LUMO)&nbsp;<\/strong><\/h2>\n\n\n\n<p>Lukion monialainen opiskeluhuoltoryhm\u00e4 (LUMO) vastaa yhteis\u00f6llisen opiskeluhuollon toiminnan suunnittelusta, toteuttamisesta, arvioinnista ja kehitt\u00e4misest\u00e4. Ryhm\u00e4 kokoontuu v\u00e4hint\u00e4\u00e4n kerran lukukaudessa. Vuosittaiseen ty\u00f6suunnitelmaan kirjataan LUMO-ryhm\u00e4n kokoonpano, teht\u00e4v\u00e4t ja toimintatavat. \u00a0<\/p>\n\n\n\n<p>Oppilaitoskohtaista ryhm\u00e4\u00e4 edustaa koulutuksen j\u00e4rjest\u00e4j\u00e4n nime\u00e4m\u00e4n\u00e4 edustajana joko rehtori tai apulaisrehtori. Ryhm\u00e4\u00e4n kuuluvat nimetty opettajaj\u00e4sen (tai -j\u00e4sen\u00adet), opinto\u00ad-ohjaaja, erityisopettaja, opintopsykologi, terveydenhoitaja, kuraattori, huoltaja\u00ad ja opiskelijaedustajat sek\u00e4 mahdollisuuksien mukaan my\u00f6s l\u00e4\u00e4k\u00e4ri.\u00a0<\/p>\n\n\n\n<p>LUMO-ryhm\u00e4\u00e4n kutsutaan tarvittaessa muita oppilaitoksen henkil\u00f6st\u00f6n edustajia ja lasten ja nuorten hyvinvointia edist\u00e4vi\u00e4 viranomaisia ja toimijoita. Yhteisty\u00f6kumppaneita ovat mm. vapaa-\u00adaikatoimialan nuoriso\u00ad-ohjaajat, etsiv\u00e4n nuorisoty\u00f6n toimijat, poliisi ja j\u00e4rjest\u00f6t. \u00a0<\/p>\n\n\n\n<details class=\"wp-block-details is-layout-flow wp-block-details-is-layout-flow\"><summary>L\u00e4hteet:<\/summary>\n<p><em>Turun paikallinen LOPS 2021 luku 4.3.2.&nbsp;<\/em><\/p>\n<\/details>\n","protected":false},"excerpt":{"rendered":"<p>Lukion monialainen opiskeluhuoltoryhm\u00e4 (LUMO)&nbsp; Lukion monialainen opiskeluhuoltoryhm\u00e4 (LUMO) vastaa yhteis\u00f6llisen opiskeluhuollon toiminnan suunnittelusta, toteuttamisesta, arvioinnista ja kehitt\u00e4misest\u00e4. Ryhm\u00e4 kokoontuu v\u00e4hint\u00e4\u00e4n kerran lukukaudessa. Vuosittaiseen ty\u00f6suunnitelmaan kirjataan LUMO-ryhm\u00e4n kokoonpano, teht\u00e4v\u00e4t ja toimintatavat. \u00a0 Oppilaitoskohtaista ryhm\u00e4\u00e4 edustaa koulutuksen j\u00e4rjest\u00e4j\u00e4n nime\u00e4m\u00e4n\u00e4 edustajana joko rehtori<\/p>\n","protected":false},"author":3429,"featured_media":0,"parent":4620,"menu_order":0,"comment_status":"closed","ping_status":"closed","template":"","meta":{"footnotes":""},"class_list":["post-5378","page","type-page","status-publish","hentry"],"_links":{"self":[{"href":"https:\/\/blog.edu.turku.fi\/oppimisen-tuki\/wp-json\/wp\/v2\/pages\/5378","targetHints":{"allow":["GET"]}}],"collection":[{"href":"https:\/\/blog.edu.turku.fi\/oppimisen-tuki\/wp-json\/wp\/v2\/pages"}],"about":[{"href":"https:\/\/blog.edu.turku.fi\/oppimisen-tuki\/wp-json\/wp\/v2\/types\/page"}],"author":[{"embeddable":true,"href":"https:\/\/blog.edu.turku.fi\/oppimisen-tuki\/wp-json\/wp\/v2\/users\/3429"}],"replies":[{"embeddable":true,"href":"https:\/\/blog.edu.turku.fi\/oppimisen-tuki\/wp-json\/wp\/v2\/comments?post=5378"}],"version-history":[{"count":2,"href":"https:\/\/blog.edu.turku.fi\/oppimisen-tuki\/wp-json\/wp\/v2\/pages\/5378\/revisions"}],"predecessor-version":[{"id":5695,"href":"https:\/\/blog.edu.turku.fi\/oppimisen-tuki\/wp-json\/wp\/v2\/pages\/5378\/revisions\/5695"}],"up":[{"embeddable":true,"href":"https:\/\/blog.edu.turku.fi\/oppimisen-tuki\/wp-json\/wp\/v2\/pages\/4620"}],"wp:attachment":[{"href":"https:\/\/blog.edu.turku.fi\/oppimisen-tuki\/wp-json\/wp\/v2\/media?parent=5378"}],"curies":[{"name":"wp","href":"https:\/\/api.w.org\/{rel}","templated":true}]}}