{"id":5376,"date":"2025-10-13T10:09:16","date_gmt":"2025-10-13T07:09:16","guid":{"rendered":"https:\/\/blog.edu.turku.fi\/oppimisen-tuki\/?page_id=5376"},"modified":"2025-10-30T10:12:34","modified_gmt":"2025-10-30T08:12:34","slug":"koulusihteeri","status":"publish","type":"page","link":"https:\/\/blog.edu.turku.fi\/oppimisen-tuki\/koulutusasteet\/lukiokoulutus\/toimijat\/koulusihteeri\/","title":{"rendered":"Koulusihteeri"},"content":{"rendered":"\n<p>Koulusihteeri:\u00a0<\/p>\n\n\n\n<ul class=\"wp-block-list\">\n<li>opastaa lukion arjessa \u00a0<\/li>\n\n\n\n<li>yll\u00e4pit\u00e4\u00e4 opiskelijarekisteri\u00e4 \u00a0<\/li>\n\n\n\n<li>tulostaa opiskelijatodistukset ja opintokirjaotteet \u00a0<\/li>\n\n\n\n<li>hallinnoi ylioppilastutkintoon ilmoittautumiset hallinto-\u00adohjelmassa \u00a0<\/li>\n\n\n\n<li>kirjaa ylioppilastutkintolautakunnan my\u00f6nt\u00e4m\u00e4t erityisj\u00e4rjestelyp\u00e4\u00e4t\u00f6kset \u00a0<\/li>\n\n\n\n<li>hoitaa koulumatka\u00ad ja opintotukiasiat<\/li>\n<\/ul>\n\n\n\n<details class=\"wp-block-details is-layout-flow wp-block-details-is-layout-flow\"><summary>L\u00e4hteet:<\/summary>\n<p><em>Turun paikallinen LOPS 2021 luku 4.1.1.\u00a0<\/em><\/p>\n<\/details>\n","protected":false},"excerpt":{"rendered":"<p>Koulusihteeri:\u00a0<\/p>\n","protected":false},"author":3429,"featured_media":0,"parent":4620,"menu_order":0,"comment_status":"closed","ping_status":"closed","template":"","meta":{"footnotes":""},"class_list":["post-5376","page","type-page","status-publish","hentry"],"_links":{"self":[{"href":"https:\/\/blog.edu.turku.fi\/oppimisen-tuki\/wp-json\/wp\/v2\/pages\/5376","targetHints":{"allow":["GET"]}}],"collection":[{"href":"https:\/\/blog.edu.turku.fi\/oppimisen-tuki\/wp-json\/wp\/v2\/pages"}],"about":[{"href":"https:\/\/blog.edu.turku.fi\/oppimisen-tuki\/wp-json\/wp\/v2\/types\/page"}],"author":[{"embeddable":true,"href":"https:\/\/blog.edu.turku.fi\/oppimisen-tuki\/wp-json\/wp\/v2\/users\/3429"}],"replies":[{"embeddable":true,"href":"https:\/\/blog.edu.turku.fi\/oppimisen-tuki\/wp-json\/wp\/v2\/comments?post=5376"}],"version-history":[{"count":1,"href":"https:\/\/blog.edu.turku.fi\/oppimisen-tuki\/wp-json\/wp\/v2\/pages\/5376\/revisions"}],"predecessor-version":[{"id":5377,"href":"https:\/\/blog.edu.turku.fi\/oppimisen-tuki\/wp-json\/wp\/v2\/pages\/5376\/revisions\/5377"}],"up":[{"embeddable":true,"href":"https:\/\/blog.edu.turku.fi\/oppimisen-tuki\/wp-json\/wp\/v2\/pages\/4620"}],"wp:attachment":[{"href":"https:\/\/blog.edu.turku.fi\/oppimisen-tuki\/wp-json\/wp\/v2\/media?parent=5376"}],"curies":[{"name":"wp","href":"https:\/\/api.w.org\/{rel}","templated":true}]}}