{"id":4875,"date":"2025-08-11T12:32:54","date_gmt":"2025-08-11T09:32:54","guid":{"rendered":"https:\/\/blog.edu.turku.fi\/oppimisen-tuki\/?page_id=4875"},"modified":"2026-03-16T13:35:25","modified_gmt":"2026-03-16T11:35:25","slug":"kuraattori","status":"publish","type":"page","link":"https:\/\/blog.edu.turku.fi\/oppimisen-tuki\/koulutusasteet\/lukiokoulutus\/toimijat\/kuraattori\/","title":{"rendered":"Kuraattori"},"content":{"rendered":"\n<p>Lukion kuraattorin teht\u00e4v\u00e4n\u00e4 on opiskelijoiden hyvinvoinnin ja opiskelijan tukeminen. Tavanomaiset syyt vastaanotolle hakeutumiseen ovat ahdistuneisuus, stressi, mielialan lasku, sosiaalisten tilanteiden haasteet ja sosioekonomiset syyt. Yhteytt\u00e4 voivat ottaa opiskelija itse, huoltajat, koulun henkil\u00f6st\u00f6 ja muut yhteisty\u00f6kumppanit. Tiivis yhteisty\u00f6 koulun ja muiden ammattihenkil\u00f6iden kanssa kuuluu kuraattorin ty\u00f6n kuvaan.\u00a0<\/p>\n\n\n\n<p>Lue lis\u00e4\u00e4: <a href=\"https:\/\/www.varha.fi\/fi\/palveluhakemisto\/koulukuraattoripalvelut\" target=\"_blank\" rel=\"noreferrer noopener\">Koulukuraattoripalvelut | Varha<\/a><\/p>\n\n\n\n<details class=\"wp-block-details is-layout-flow wp-block-details-is-layout-flow\"><summary>L\u00e4hde:<\/summary>\n<p><em>Turun paikallinen lukion opetussuunnitelma 2019 luku 4.3.2.<\/em>&nbsp;<\/p>\n<\/details>\n\n\n\n<p><\/p>\n","protected":false},"excerpt":{"rendered":"<p>Lukion kuraattorin teht\u00e4v\u00e4n\u00e4 on opiskelijoiden hyvinvoinnin ja opiskelijan tukeminen. Tavanomaiset syyt vastaanotolle hakeutumiseen ovat ahdistuneisuus, stressi, mielialan lasku, sosiaalisten tilanteiden haasteet ja sosioekonomiset syyt. Yhteytt\u00e4 voivat ottaa opiskelija itse, huoltajat, koulun henkil\u00f6st\u00f6 ja muut yhteisty\u00f6kumppanit. Tiivis yhteisty\u00f6 koulun ja muiden<\/p>\n","protected":false},"author":3429,"featured_media":0,"parent":4620,"menu_order":0,"comment_status":"closed","ping_status":"closed","template":"","meta":{"footnotes":""},"class_list":["post-4875","page","type-page","status-publish","hentry"],"_links":{"self":[{"href":"https:\/\/blog.edu.turku.fi\/oppimisen-tuki\/wp-json\/wp\/v2\/pages\/4875","targetHints":{"allow":["GET"]}}],"collection":[{"href":"https:\/\/blog.edu.turku.fi\/oppimisen-tuki\/wp-json\/wp\/v2\/pages"}],"about":[{"href":"https:\/\/blog.edu.turku.fi\/oppimisen-tuki\/wp-json\/wp\/v2\/types\/page"}],"author":[{"embeddable":true,"href":"https:\/\/blog.edu.turku.fi\/oppimisen-tuki\/wp-json\/wp\/v2\/users\/3429"}],"replies":[{"embeddable":true,"href":"https:\/\/blog.edu.turku.fi\/oppimisen-tuki\/wp-json\/wp\/v2\/comments?post=4875"}],"version-history":[{"count":5,"href":"https:\/\/blog.edu.turku.fi\/oppimisen-tuki\/wp-json\/wp\/v2\/pages\/4875\/revisions"}],"predecessor-version":[{"id":5860,"href":"https:\/\/blog.edu.turku.fi\/oppimisen-tuki\/wp-json\/wp\/v2\/pages\/4875\/revisions\/5860"}],"up":[{"embeddable":true,"href":"https:\/\/blog.edu.turku.fi\/oppimisen-tuki\/wp-json\/wp\/v2\/pages\/4620"}],"wp:attachment":[{"href":"https:\/\/blog.edu.turku.fi\/oppimisen-tuki\/wp-json\/wp\/v2\/media?parent=4875"}],"curies":[{"name":"wp","href":"https:\/\/api.w.org\/{rel}","templated":true}]}}