{"id":4828,"date":"2025-08-06T14:14:31","date_gmt":"2025-08-06T11:14:31","guid":{"rendered":"https:\/\/blog.edu.turku.fi\/oppimisen-tuki\/?page_id=4828"},"modified":"2026-03-13T11:00:09","modified_gmt":"2026-03-13T09:00:09","slug":"opiskelija","status":"publish","type":"page","link":"https:\/\/blog.edu.turku.fi\/oppimisen-tuki\/koulutusasteet\/lukiokoulutus\/toimijat\/opiskelija\/","title":{"rendered":"Opiskelija ja huoltaja"},"content":{"rendered":"\n<h2 class=\"wp-block-heading has-text-color has-link-color wp-elements-377050da4d5b405ac0b31d6c4f58ef21\" style=\"color:#4e56b1\">Opiskelija<\/h2>\n\n\n\n<p>Lukiokoulutuksen suorittaminen perustuu opiskelijan aktiivisuuteen, oma-aloitteisuuteen ja vastuullisuuteen. Lukioon hyv\u00e4ksytt\u00e4vill\u00e4 tulee olla riitt\u00e4v\u00e4t edellytykset suoriutua lukion oppim\u00e4\u00e4r\u00e4n opinnoista. Opiskelijalla on mahdollisuus ohjautua itsen\u00e4isesti tuen pariin, mik\u00e4li h\u00e4n havaitsee haasteita opiskelussaan. Opiskelijalla on velvollisuus osallistua opetukseen, jollei h\u00e4nen poissaololleen ole perusteltua syyt\u00e4. Oppimisen tukea ei ole tarkoitettu tilanteisiin, jos opiskelija omavalintaisten tai luvattomien poissaolojen vuoksi j\u00e4\u00e4 j\u00e4lkeen opinnoissaan.&nbsp;&nbsp;&nbsp;<\/p>\n\n\n\n<p>Opiskelijalla on oikeus:&nbsp;&nbsp;<\/p>\n\n\n\n<ul class=\"wp-block-list\">\n<li>aineenopettajan antamaan oppimisen tukeen opintojakson aikana&nbsp;<\/li>\n\n\n\n<li>saada tukiopetusta eli aineenopettajien antamaa opetusta ja ohjausta oppimiseen liittyviin tuen tarpeisiin vastaamiseksi&nbsp;<\/li>\n\n\n\n<li>p\u00e4\u00e4tt\u00e4\u00e4, kirjataanko tieto tuesta henkil\u00f6kohtaiseen opintosuunnitelmaan&nbsp;<\/li>\n\n\n\n<li>hallintop\u00e4\u00e4t\u00f6kseen perustuvaan erityisopetukseen, jos oppimisen tuki ei ole riitt\u00e4v\u00e4\u00e4 ja h\u00e4nell\u00e4 on perustellut syyt sen hakemiseen&nbsp;<\/li>\n\n\n\n<li>hakea opiskelun poikkeavaa j\u00e4rjest\u00e4mist\u00e4 perustellusta syyst\u00e4 Lukiokoulutuksessa ei ole mahdollista poiketa oppim\u00e4\u00e4r\u00e4n mukaisista tavoitteista&nbsp;<\/li>\n<\/ul>\n\n\n\n<p><br><\/p>\n\n\n\n<h2 class=\"wp-block-heading has-text-color has-link-color wp-elements-72226e4f4471b7bb2b12c15528e923a7\" style=\"color:#4e56b1\">Huoltaja<\/h2>\n\n\n\n<p>Alaik\u00e4isen opiskelijan huoltajan (tai muun opiskelijan laillisen edustajan) velvollisuutena on huolehtia, ett\u00e4 opiskelija suorittaa oppivelvollisuuden. Osana t\u00e4t\u00e4 huoltaja seuraa opiskelijan opintojen etenemist\u00e4 sek\u00e4 tukee opiskelijan arkea ja hyvinvointia. Lis\u00e4ksi huoltajalta voidaan edellytt\u00e4\u00e4 allekirjoituksia tai s\u00e4hk\u00f6isi\u00e4 kuittauksia opiskelijan todistuksiin tai lukion tiedotteisiin.<\/p>\n\n\n\n<p>Tarvittaessa huoltaja osallistuu my\u00f6s opiskelijan tuen tarpeen arviointiin yhdess\u00e4 opiskelijan ja opettajien kanssa. Tuen tarpeita arvioidaan opintojen alussa sek\u00e4 s\u00e4\u00e4nn\u00f6llisesti opintojen edetess\u00e4.\u00a0Mik\u00e4li huoltaja arvioi, ettei oppimisen tuki ole riitt\u00e4v\u00e4\u00e4, voi h\u00e4n tehd\u00e4 pyynn\u00f6n tai tahdonilmaisun mahdollista erityisopetusta koskevaa hallintop\u00e4\u00e4t\u00f6st\u00e4 koskien. Hallintop\u00e4\u00e4t\u00f6ksen tekee lukion rehtori. Ennen p\u00e4\u00e4t\u00f6ksen tekemist\u00e4 sek\u00e4 opiskelijaa ett\u00e4 huoltajaa kuullaan hallintolain mukaisesti.<\/p>\n\n\n\n<details class=\"wp-block-details is-layout-flow wp-block-details-is-layout-flow\"><summary>L\u00e4hteet:<\/summary>\n<p><em>Turun paikallinen lukion opetussuunnitelma 2019 luku 4.2.4. <\/em><\/p>\n\n\n\n<p><em>Lukiolaki&nbsp;714\/2018<\/em><\/p>\n\n\n\n<p><em>Oppivelvollisuuslaki 1214\/2020<\/em><\/p>\n<\/details>\n\n\n\n<p><\/p>\n","protected":false},"excerpt":{"rendered":"<p>Opiskelija Lukiokoulutuksen suorittaminen perustuu opiskelijan aktiivisuuteen, oma-aloitteisuuteen ja vastuullisuuteen. Lukioon hyv\u00e4ksytt\u00e4vill\u00e4 tulee olla riitt\u00e4v\u00e4t edellytykset suoriutua lukion oppim\u00e4\u00e4r\u00e4n opinnoista. Opiskelijalla on mahdollisuus ohjautua itsen\u00e4isesti tuen pariin, mik\u00e4li h\u00e4n havaitsee haasteita opiskelussaan. Opiskelijalla on velvollisuus osallistua opetukseen, jollei h\u00e4nen poissaololleen ole<\/p>\n","protected":false},"author":3429,"featured_media":0,"parent":4620,"menu_order":0,"comment_status":"closed","ping_status":"closed","template":"","meta":{"footnotes":""},"class_list":["post-4828","page","type-page","status-publish","hentry"],"_links":{"self":[{"href":"https:\/\/blog.edu.turku.fi\/oppimisen-tuki\/wp-json\/wp\/v2\/pages\/4828","targetHints":{"allow":["GET"]}}],"collection":[{"href":"https:\/\/blog.edu.turku.fi\/oppimisen-tuki\/wp-json\/wp\/v2\/pages"}],"about":[{"href":"https:\/\/blog.edu.turku.fi\/oppimisen-tuki\/wp-json\/wp\/v2\/types\/page"}],"author":[{"embeddable":true,"href":"https:\/\/blog.edu.turku.fi\/oppimisen-tuki\/wp-json\/wp\/v2\/users\/3429"}],"replies":[{"embeddable":true,"href":"https:\/\/blog.edu.turku.fi\/oppimisen-tuki\/wp-json\/wp\/v2\/comments?post=4828"}],"version-history":[{"count":11,"href":"https:\/\/blog.edu.turku.fi\/oppimisen-tuki\/wp-json\/wp\/v2\/pages\/4828\/revisions"}],"predecessor-version":[{"id":5846,"href":"https:\/\/blog.edu.turku.fi\/oppimisen-tuki\/wp-json\/wp\/v2\/pages\/4828\/revisions\/5846"}],"up":[{"embeddable":true,"href":"https:\/\/blog.edu.turku.fi\/oppimisen-tuki\/wp-json\/wp\/v2\/pages\/4620"}],"wp:attachment":[{"href":"https:\/\/blog.edu.turku.fi\/oppimisen-tuki\/wp-json\/wp\/v2\/media?parent=4828"}],"curies":[{"name":"wp","href":"https:\/\/api.w.org\/{rel}","templated":true}]}}