{"id":475,"date":"2023-01-17T12:38:01","date_gmt":"2023-01-17T10:38:01","guid":{"rendered":"https:\/\/blog.edu.turku.fi\/oppimisen-tuki\/?page_id=475"},"modified":"2023-11-23T11:49:24","modified_gmt":"2023-11-23T09:49:24","slug":"omakielinen-opettaja-omo","status":"publish","type":"page","link":"https:\/\/blog.edu.turku.fi\/oppimisen-tuki\/koulutusasteet\/perusopetus\/toimijat\/omakielinen-opettaja-omo\/","title":{"rendered":"Omakielinen opettaja (OMO)"},"content":{"rendered":"<ul>\n<li>opettaa ja tukee oppilasta oppilaan omalla \u00e4idinkielell\u00e4<\/li>\n<li>antaa oman kielen opetusta 2 vuoden ajan Suomen peruskoulun aloituksen tukemiseksi<\/li>\n<li>auttaa oppilasta ymm\u00e4rt\u00e4m\u00e4\u00e4n eri oppiaineiden k\u00e4sitteit\u00e4 ja osoittamaan oppimistaan<\/li>\n<li>auttaa oppilasta vahvistamaan oppilaan kulttuuri-identiteetti\u00e4<\/li>\n<li>toimii tukena koulun ja kodin v\u00e4lisess\u00e4 yhteisty\u00f6ss\u00e4<\/li>\n<li>suunnittelee, toteuttaa ja arvioi opetusta yhdess\u00e4 luokan- tai aineenopettajan kanssa<\/li>\n<\/ul>\n","protected":false},"excerpt":{"rendered":"<p>opettaa ja tukee oppilasta oppilaan omalla \u00e4idinkielell\u00e4 tavoitteena poistaa kielimuuri opiskelun ja oppimisen tielt\u00e4. auttaa oppilasta ymm\u00e4rt\u00e4m\u00e4\u00e4n eri oppiaineiden k\u00e4sitteit\u00e4 ja osoittamaan oppimistaan. on tietoin&#8230;<\/p>\n","protected":false},"author":56,"featured_media":0,"parent":426,"menu_order":0,"comment_status":"closed","ping_status":"closed","template":"","meta":{"footnotes":""},"class_list":["post-475","page","type-page","status-publish","hentry"],"_links":{"self":[{"href":"https:\/\/blog.edu.turku.fi\/oppimisen-tuki\/wp-json\/wp\/v2\/pages\/475","targetHints":{"allow":["GET"]}}],"collection":[{"href":"https:\/\/blog.edu.turku.fi\/oppimisen-tuki\/wp-json\/wp\/v2\/pages"}],"about":[{"href":"https:\/\/blog.edu.turku.fi\/oppimisen-tuki\/wp-json\/wp\/v2\/types\/page"}],"author":[{"embeddable":true,"href":"https:\/\/blog.edu.turku.fi\/oppimisen-tuki\/wp-json\/wp\/v2\/users\/56"}],"replies":[{"embeddable":true,"href":"https:\/\/blog.edu.turku.fi\/oppimisen-tuki\/wp-json\/wp\/v2\/comments?post=475"}],"version-history":[{"count":7,"href":"https:\/\/blog.edu.turku.fi\/oppimisen-tuki\/wp-json\/wp\/v2\/pages\/475\/revisions"}],"predecessor-version":[{"id":4228,"href":"https:\/\/blog.edu.turku.fi\/oppimisen-tuki\/wp-json\/wp\/v2\/pages\/475\/revisions\/4228"}],"up":[{"embeddable":true,"href":"https:\/\/blog.edu.turku.fi\/oppimisen-tuki\/wp-json\/wp\/v2\/pages\/426"}],"wp:attachment":[{"href":"https:\/\/blog.edu.turku.fi\/oppimisen-tuki\/wp-json\/wp\/v2\/media?parent=475"}],"curies":[{"name":"wp","href":"https:\/\/api.w.org\/{rel}","templated":true}]}}