{"id":468,"date":"2023-01-17T12:32:48","date_gmt":"2023-01-17T10:32:48","guid":{"rendered":"https:\/\/blog.edu.turku.fi\/oppimisen-tuki\/?page_id=468"},"modified":"2023-10-24T10:25:55","modified_gmt":"2023-10-24T07:25:55","slug":"koululaakari","status":"publish","type":"page","link":"https:\/\/blog.edu.turku.fi\/oppimisen-tuki\/koulutusasteet\/perusopetus\/toimijat\/koululaakari\/","title":{"rendered":"Koulul\u00e4\u00e4k\u00e4ri"},"content":{"rendered":"<ul>\n<li>toimii l\u00e4\u00e4ketieteellisen\u00e4 asiantuntijana kouluterveydenhuollossa ja koko opiskeluhuollossa<\/li>\n<li>edist\u00e4\u00e4 oppilaiden terveytt\u00e4 ja hyvinvointia sek\u00e4 seuraa kasvua ja kehityst\u00e4<\/li>\n<li>suunnittelee ja toteuttaa laajat terveystarkastukset alakoulussa 1. ja 5. luokan oppilaille yhdess\u00e4 terveydenhoitajan kanssa<\/li>\n<li>laajojen terveystarkastusten yhteydess\u00e4 selvittelee koko perheen hyvinvointiin liittyvi\u00e4 asioita ja tukee vanhempia<\/li>\n<li>antaa perheelle terveysneuvontaa oppilaan i\u00e4n ja kehitysvaiheen sek\u00e4 oppilaan ja perheen yksil\u00f6llisen tarpeen mukaisesti<\/li>\n<li>toteuttaa tarvittaessa lis\u00e4- ja seurantak\u00e4yntej\u00e4 ja ohjaa tarvittaviin lis\u00e4tutkimuksiin ja hoitoon<\/li>\n<li>tarjoaa psykososiaalista tukea oppilaille ja perheille<\/li>\n<li>tekee yhteisty\u00f6t\u00e4 muiden opiskeluhuollon toimijoiden kanssa ja osallistuu tarvittaessa esimerkiksi monialaiseen asiantuntijaryhm\u00e4\u00e4n<\/li>\n<li>arvioi tuen tarpeen tuen tason muuttuessa, osallistuu tuen suunnitteluun ja tuen j\u00e4rjest\u00e4miseen<\/li>\n<li>tekee yhteisty\u00f6t\u00e4 koulun ulkopuolisten toimijoiden kanssa ja osallistuu esimerkiksi verkosto-, kuntoutus- ja hoitokokouksiin<\/li>\n<li>osallistuu pitk\u00e4aikaissairaiden ja vammaisten oppilaiden hoito- ja kuntoutussuunnitelmien sovittamiseen kouluarkeen<\/li>\n<li>laatii koulunk\u00e4yntiin liittyvi\u00e4 l\u00e4\u00e4k\u00e4rinlausuntoja<\/li>\n<\/ul>\n","protected":false},"excerpt":{"rendered":"<p>toimii l\u00e4\u00e4ketieteellisen\u00e4 asiantuntijana kouluterveydenhuollossa ja koko oppilashuollossa edist\u00e4\u00e4 oppilaiden terveytt\u00e4 ja hyvinvointia sek\u00e4 seuraa kasvua ja kehityst\u00e4 suunnittelee ja toteuttaa laajat terveystarkast&#8230;<\/p>\n","protected":false},"author":56,"featured_media":0,"parent":426,"menu_order":0,"comment_status":"closed","ping_status":"closed","template":"","meta":{"footnotes":""},"class_list":["post-468","page","type-page","status-publish","hentry"],"_links":{"self":[{"href":"https:\/\/blog.edu.turku.fi\/oppimisen-tuki\/wp-json\/wp\/v2\/pages\/468","targetHints":{"allow":["GET"]}}],"collection":[{"href":"https:\/\/blog.edu.turku.fi\/oppimisen-tuki\/wp-json\/wp\/v2\/pages"}],"about":[{"href":"https:\/\/blog.edu.turku.fi\/oppimisen-tuki\/wp-json\/wp\/v2\/types\/page"}],"author":[{"embeddable":true,"href":"https:\/\/blog.edu.turku.fi\/oppimisen-tuki\/wp-json\/wp\/v2\/users\/56"}],"replies":[{"embeddable":true,"href":"https:\/\/blog.edu.turku.fi\/oppimisen-tuki\/wp-json\/wp\/v2\/comments?post=468"}],"version-history":[{"count":5,"href":"https:\/\/blog.edu.turku.fi\/oppimisen-tuki\/wp-json\/wp\/v2\/pages\/468\/revisions"}],"predecessor-version":[{"id":3964,"href":"https:\/\/blog.edu.turku.fi\/oppimisen-tuki\/wp-json\/wp\/v2\/pages\/468\/revisions\/3964"}],"up":[{"embeddable":true,"href":"https:\/\/blog.edu.turku.fi\/oppimisen-tuki\/wp-json\/wp\/v2\/pages\/426"}],"wp:attachment":[{"href":"https:\/\/blog.edu.turku.fi\/oppimisen-tuki\/wp-json\/wp\/v2\/media?parent=468"}],"curies":[{"name":"wp","href":"https:\/\/api.w.org\/{rel}","templated":true}]}}