{"id":466,"date":"2023-01-17T12:32:26","date_gmt":"2023-01-17T10:32:26","guid":{"rendered":"https:\/\/blog.edu.turku.fi\/oppimisen-tuki\/?page_id=466"},"modified":"2023-10-24T10:22:33","modified_gmt":"2023-10-24T07:22:33","slug":"kouluterveydenhoitaja","status":"publish","type":"page","link":"https:\/\/blog.edu.turku.fi\/oppimisen-tuki\/koulutusasteet\/perusopetus\/toimijat\/kouluterveydenhoitaja\/","title":{"rendered":"Kouluterveydenhoitaja"},"content":{"rendered":"<ul>\n<li>on terveyden edist\u00e4misen asiantuntija koulussa<\/li>\n<li>huomioi ty\u00f6ss\u00e4\u00e4n perheen ja kouluyhteis\u00f6n hyvinvoinnin<\/li>\n<li>edist\u00e4\u00e4 ja tukee oppilaiden terveytt\u00e4, hyvinvointia sek\u00e4 oppimista ja seuraa oppilaiden kasvua ja kehityst\u00e4<\/li>\n<li>tekee vuosittaiset, m\u00e4\u00e4r\u00e4aikaiset terveystarkastukset (alakoulussa 1. ja 5. luokilla laaja terveystarkastus)<\/li>\n<li>ohjaa tarvittaessa jatkotutkimuksiin\u200b ja selvitt\u00e4\u00e4 tuen tarpeen tarkastuksista poisj\u00e4\u00e4vien oppilaiden osalta<\/li>\n<li>huolehtii seulontatutkimuksista<\/li>\n<li>tekee oppilaskohtaista yhteisty\u00f6t\u00e4 vanhempien ja opettajien kanssa<\/li>\n<li>antaa yksil\u00f6llist\u00e4 terveysneuvontaa ja pyrkii ennaltaehk\u00e4isem\u00e4\u00e4n sairauksia<\/li>\n<li>opastaa omahoitoa ja seuraa omahoidon toteutumista annettujen ohjeiden mukaisesti<\/li>\n<li>osallistuu oppilaiden hoito- ja kuntoutussuunnitelmien laatimiseen ja sovittamiseen kouluarkeen<\/li>\n<li>tarjoaa psykososiaalista tukea oppilaille ja perheille<\/li>\n<li>tekee yhteisty\u00f6t\u00e4 muiden opiskeluhuollon toimijoiden kanssa ja osallistuu tarvittaessa monialaisen asiantuntijaryhm\u00e4n ty\u00f6skentelyyn<\/li>\n<li>tekee yhteisty\u00f6t\u00e4 koulun ulkopuolisten toimijoiden kanssa ja osallistuu tarvittaessa verkosto-, kuntoutus- ja hoitokokouksiin<\/li>\n<li>ohjaa oppilaan l\u00e4\u00e4k\u00e4rille tai muille asiantuntijoille tarvittaessa<\/li>\n<li>arvioi tuen tarpeen tuen tason muuttuessa, tukee sek\u00e4 osallistuu monialaisen tuen suunnitteluun ja j\u00e4rjest\u00e4miseen<\/li>\n<\/ul>\n","protected":false},"excerpt":{"rendered":"<p>on terveyden edist\u00e4misen asiantuntija koulussa huomioi ty\u00f6ss\u00e4\u00e4n perheen ja kouluyhteis\u00f6n hyvinvoinnin edist\u00e4\u00e4 ja tukee oppilaiden terveytt\u00e4, hyvinvointia sek\u00e4 oppimista ja seuraa oppilaiden kasvua ja kehityst\u00e4&#8230;<\/p>\n","protected":false},"author":56,"featured_media":0,"parent":426,"menu_order":0,"comment_status":"closed","ping_status":"closed","template":"","meta":{"footnotes":""},"class_list":["post-466","page","type-page","status-publish","hentry"],"_links":{"self":[{"href":"https:\/\/blog.edu.turku.fi\/oppimisen-tuki\/wp-json\/wp\/v2\/pages\/466","targetHints":{"allow":["GET"]}}],"collection":[{"href":"https:\/\/blog.edu.turku.fi\/oppimisen-tuki\/wp-json\/wp\/v2\/pages"}],"about":[{"href":"https:\/\/blog.edu.turku.fi\/oppimisen-tuki\/wp-json\/wp\/v2\/types\/page"}],"author":[{"embeddable":true,"href":"https:\/\/blog.edu.turku.fi\/oppimisen-tuki\/wp-json\/wp\/v2\/users\/56"}],"replies":[{"embeddable":true,"href":"https:\/\/blog.edu.turku.fi\/oppimisen-tuki\/wp-json\/wp\/v2\/comments?post=466"}],"version-history":[{"count":6,"href":"https:\/\/blog.edu.turku.fi\/oppimisen-tuki\/wp-json\/wp\/v2\/pages\/466\/revisions"}],"predecessor-version":[{"id":3959,"href":"https:\/\/blog.edu.turku.fi\/oppimisen-tuki\/wp-json\/wp\/v2\/pages\/466\/revisions\/3959"}],"up":[{"embeddable":true,"href":"https:\/\/blog.edu.turku.fi\/oppimisen-tuki\/wp-json\/wp\/v2\/pages\/426"}],"wp:attachment":[{"href":"https:\/\/blog.edu.turku.fi\/oppimisen-tuki\/wp-json\/wp\/v2\/media?parent=466"}],"curies":[{"name":"wp","href":"https:\/\/api.w.org\/{rel}","templated":true}]}}