{"id":407,"date":"2022-12-13T14:12:57","date_gmt":"2022-12-13T12:12:57","guid":{"rendered":"https:\/\/blog.edu.turku.fi\/oppimisen-tuki\/?page_id=407"},"modified":"2025-11-26T15:22:07","modified_gmt":"2025-11-26T13:22:07","slug":"yksityista-varhaiskasvatusta-koskevat-erilliset-ohjeistukset","status":"publish","type":"page","link":"https:\/\/blog.edu.turku.fi\/oppimisen-tuki\/koulutusasteet\/varhaiskasvatus\/lisatiedot\/yksityista-varhaiskasvatusta-koskevat-erilliset-ohjeistukset\/","title":{"rendered":"Yksityist\u00e4 varhaiskasvatusta koskevat erilliset ohjeistukset"},"content":{"rendered":"<p>Varhaiskasvatuksen palveluntuottaja vastaa lapsen tuen ja tukipalveluiden j\u00e4rjest\u00e4misest\u00e4. Lapsen tarvitsema riitt\u00e4v\u00e4 tuki on j\u00e4rjestett\u00e4v\u00e4 viipym\u00e4tt\u00e4 heti kun lapsen tuen tarve on havaittu. Yksityinen palvelutuottaja vastaa varhaiskasvatuksen erityisopettajan palveluiden j\u00e4rjest\u00e4misest\u00e4 tarvetta vastaavasti.\u00a0<\/p>\n<p>Varhaiskasvatuksen tuen malli on sama sek\u00e4 kunnallisessa ett\u00e4 yksityisess\u00e4 varhaiskasvatuksessa. Lapsen varhaiskasvatuksen tukea koskevat hallintop\u00e4\u00e4t\u00f6kset valmistellaan alueellisissa lapsen tuen ty\u00f6ryhmiss\u00e4 (LATU-ty\u00f6ryhm\u00e4t), joihin jokainen palveluntuottaja kuuluu oman alueensa mukaisesti.<\/p>\n<p>Turun kaupunki tukee tehostettua ja erityist\u00e4 tukea sek\u00e4 yleisen tuen tukipalveluita tarvitsevien lasten tuen j\u00e4rjest\u00e4mist\u00e4 palvelusetelis\u00e4\u00e4nt\u00f6kirjassa m\u00e4\u00e4riteltyjen kertoimien mukaisesti.<\/p>\n<p>Kun lapselle esitet\u00e4\u00e4n varhaiskasvatussuunnitelmassa tehostettua tai erityist\u00e4 tukea taikka yleisen tuen tukipalveluita, varhaiskasvatuksen opettaja ottaa yhteytt\u00e4 p\u00e4iv\u00e4kodille\/palveluntuottajalle nimettyyn alueelliseen varhaiskasvatuksen erityisopettajaan (kunnallinen), joka toimii varhaiskasvatuksen j\u00e4rjest\u00e4j\u00e4n (Turun kaupunki) edustajana huoltajien kuulemisessa.<\/p>\n<p>Huoltajien kuulemisen hoitaa lapsen varhaiskasvatussuunnitelmasta vastaava opettaja. Kuulemistilaisuudessa kunnallinen erityisopettaja kirjaa yl\u00f6s huoltajien mielipiteen lapsen tukea koskien. Kunnallinen veo ei konsultoi tai ota kantaa lapselle esitettyihin tukitoimiin, vaan ainoastaan kirjaa huoltajien mielipiteen lomakkeeseen.<\/p>\n<p>Turussa yksityiset palvelusetelip\u00e4iv\u00e4kodit voivat saada ohjausta varhaiskasvatukseen sek\u00e4 esiopetukseseen liittyviss\u00e4 tuen asioissa nimetylt\u00e4 kaupungin yhteyshenkil\u00f6lt\u00e4.<\/p>\n\n\n<p><\/p>\n","protected":false},"excerpt":{"rendered":"<p>Varhaiskasvatuksen palveluntuottaja vastaa lapsen tuen ja tukipalveluiden j\u00e4rjest\u00e4misest\u00e4. Lapsen tarvitsema riitt\u00e4v\u00e4 tuki on j\u00e4rjestett\u00e4v\u00e4 viipym\u00e4tt\u00e4 heti kun lapsen tuen tarve on havaittu. Yksityinen palvelutuottaja vastaa varhaiskasvatuksen erityisopettajan palveluiden j\u00e4rjest\u00e4misest\u00e4 tarvetta vastaavasti.\u00a0 Varhaiskasvatuksen tuen malli on sama sek\u00e4 kunnallisessa ett\u00e4 yksityisess\u00e4<\/p>\n","protected":false},"author":56,"featured_media":0,"parent":177,"menu_order":0,"comment_status":"closed","ping_status":"closed","template":"","meta":{"footnotes":""},"class_list":["post-407","page","type-page","status-publish","hentry"],"_links":{"self":[{"href":"https:\/\/blog.edu.turku.fi\/oppimisen-tuki\/wp-json\/wp\/v2\/pages\/407","targetHints":{"allow":["GET"]}}],"collection":[{"href":"https:\/\/blog.edu.turku.fi\/oppimisen-tuki\/wp-json\/wp\/v2\/pages"}],"about":[{"href":"https:\/\/blog.edu.turku.fi\/oppimisen-tuki\/wp-json\/wp\/v2\/types\/page"}],"author":[{"embeddable":true,"href":"https:\/\/blog.edu.turku.fi\/oppimisen-tuki\/wp-json\/wp\/v2\/users\/56"}],"replies":[{"embeddable":true,"href":"https:\/\/blog.edu.turku.fi\/oppimisen-tuki\/wp-json\/wp\/v2\/comments?post=407"}],"version-history":[{"count":2,"href":"https:\/\/blog.edu.turku.fi\/oppimisen-tuki\/wp-json\/wp\/v2\/pages\/407\/revisions"}],"predecessor-version":[{"id":5533,"href":"https:\/\/blog.edu.turku.fi\/oppimisen-tuki\/wp-json\/wp\/v2\/pages\/407\/revisions\/5533"}],"up":[{"embeddable":true,"href":"https:\/\/blog.edu.turku.fi\/oppimisen-tuki\/wp-json\/wp\/v2\/pages\/177"}],"wp:attachment":[{"href":"https:\/\/blog.edu.turku.fi\/oppimisen-tuki\/wp-json\/wp\/v2\/media?parent=407"}],"curies":[{"name":"wp","href":"https:\/\/api.w.org\/{rel}","templated":true}]}}