{"id":3467,"date":"2023-09-18T13:12:44","date_gmt":"2023-09-18T10:12:44","guid":{"rendered":"https:\/\/blog.edu.turku.fi\/oppimisen-tuki\/?page_id=3467"},"modified":"2023-11-10T14:39:49","modified_gmt":"2023-11-10T12:39:49","slug":"lapsen-tuki-avoimessa-varhaiskasvatuksessa","status":"publish","type":"page","link":"https:\/\/blog.edu.turku.fi\/oppimisen-tuki\/koulutusasteet\/varhaiskasvatus\/lisatiedot\/lapsen-tuki-avoimessa-varhaiskasvatuksessa\/","title":{"rendered":"Lapsen tuki avoimessa varhaiskasvatuksessa"},"content":{"rendered":"<p>P\u00e4iv\u00e4kodissa ja perhep\u00e4iv\u00e4hoidossa j\u00e4rjestett\u00e4v\u00e4n varhaiskasvatuksen lis\u00e4ksi Turun kaupunki j\u00e4rjest\u00e4\u00e4 avointa varhaiskasvatustoimintaa. Leikkikerhot, perhekerhotoiminta, avoin p\u00e4iv\u00e4koti ja\u202fohjattu puistotoiminta\u202fovat vaihtoehtoja p\u00e4iv\u00e4kodeille ja muulle kokop\u00e4iv\u00e4iselle varhaiskasvatukselle, kun\u202fhuoltaja on kotona, tai tarvitsee vain v\u00e4h\u00e4n varhaiskasvatuksen palveluja.<\/p>\n<p>Varhaiskasvatuslain mukaan varhaiskasvatuksen tukea koskevaa s\u00e4\u00e4nn\u00f6st\u00f6\u00e4 ei sovelleta avoimeen varhaiskasvatukseen. Avoimen varhaiskasvatuksen piiriss\u00e4 oleville lapsille ei tehd\u00e4 tukea koskevia hallintop\u00e4\u00e4t\u00f6ksi\u00e4. Lasten tuen tarpeet huomioidaan avoimen varhaiskasvatuksen toiminnan luonne huomioiden.\u00a0 Avoimessa varhaiskasvatuksessa lapsi p\u00e4\u00e4see osaksi vertaisryhm\u00e4\u00e4, oppii sosiaalisia taitoja ja tutustuu varhaiskasvatuksen toimintatapoihin ja rutiineihin.<\/p>\n<p>Avoimissa p\u00e4iv\u00e4kodeissa ja kerhoissa toiminta suunnitellaan lasten kiinnostuksen kohteet ja valmiudet huomioiden. Leikkipuistotoiminnassa huoltajat ja ohjaajat arvioivat yhteisty\u00f6ss\u00e4 sopivan ajan, jonka lapsi jaksaa olla leikkipaikalla. Luottamuksellinen ja avoin vuorovaikutus henkil\u00f6st\u00f6n ja huoltajien v\u00e4lill\u00e4 tukee lasten hyvinvointia.<\/p>\n<p>Tuen asioissa avoimen varhaiskasvatuksen henkil\u00f6st\u00f6\u00e4 konsultoivat nimetyt alueelliset varhaiskasvatuksen erityisopettajat. Mik\u00e4li n\u00e4ytt\u00e4\u00e4 silt\u00e4, ett\u00e4 lapsella on tarve vahvempaan tukeen, mit\u00e4 avoimessa varhaiskasvatuksessa voidaan antaa, asiasta keskustellaan lapsen huoltajien kanssa. Tarvittaessa lapselle voidaan suositella varhaiskasvatuksen aloittamista p\u00e4iv\u00e4kodissa.<\/p>\n","protected":false},"excerpt":{"rendered":"<p>P\u00e4iv\u00e4kodissa ja perhep\u00e4iv\u00e4hoidossa j\u00e4rjestett\u00e4v\u00e4n varhaiskasvatuksen lis\u00e4ksi Turun kaupunki j\u00e4rjest\u00e4\u00e4 avointa varhaiskasvatustoimintaa. Leikkikerhot, perhekerhotoiminta, avoin p\u00e4iv\u00e4koti ja\u202fohjattu puistotoiminta\u202fovat vaihtoehtoja p\u00e4iv\u00e4kodeille ja muu&#8230;<\/p>\n","protected":false},"author":56,"featured_media":0,"parent":177,"menu_order":0,"comment_status":"closed","ping_status":"closed","template":"","meta":{"footnotes":""},"class_list":["post-3467","page","type-page","status-publish","hentry"],"_links":{"self":[{"href":"https:\/\/blog.edu.turku.fi\/oppimisen-tuki\/wp-json\/wp\/v2\/pages\/3467","targetHints":{"allow":["GET"]}}],"collection":[{"href":"https:\/\/blog.edu.turku.fi\/oppimisen-tuki\/wp-json\/wp\/v2\/pages"}],"about":[{"href":"https:\/\/blog.edu.turku.fi\/oppimisen-tuki\/wp-json\/wp\/v2\/types\/page"}],"author":[{"embeddable":true,"href":"https:\/\/blog.edu.turku.fi\/oppimisen-tuki\/wp-json\/wp\/v2\/users\/56"}],"replies":[{"embeddable":true,"href":"https:\/\/blog.edu.turku.fi\/oppimisen-tuki\/wp-json\/wp\/v2\/comments?post=3467"}],"version-history":[{"count":5,"href":"https:\/\/blog.edu.turku.fi\/oppimisen-tuki\/wp-json\/wp\/v2\/pages\/3467\/revisions"}],"predecessor-version":[{"id":4179,"href":"https:\/\/blog.edu.turku.fi\/oppimisen-tuki\/wp-json\/wp\/v2\/pages\/3467\/revisions\/4179"}],"up":[{"embeddable":true,"href":"https:\/\/blog.edu.turku.fi\/oppimisen-tuki\/wp-json\/wp\/v2\/pages\/177"}],"wp:attachment":[{"href":"https:\/\/blog.edu.turku.fi\/oppimisen-tuki\/wp-json\/wp\/v2\/media?parent=3467"}],"curies":[{"name":"wp","href":"https:\/\/api.w.org\/{rel}","templated":true}]}}