{"id":339,"date":"2022-12-13T12:14:24","date_gmt":"2022-12-13T10:14:24","guid":{"rendered":"https:\/\/blog.edu.turku.fi\/oppimisen-tuki\/?page_id=339"},"modified":"2023-11-13T13:30:59","modified_gmt":"2023-11-13T11:30:59","slug":"kieku","status":"publish","type":"page","link":"https:\/\/blog.edu.turku.fi\/oppimisen-tuki\/koulutusasteet\/varhaiskasvatus\/toimijat\/kieku\/","title":{"rendered":"Kieli- ja kulttuuritietoinen varhaiskasvatuksen opettaja"},"content":{"rendered":"<ul>\n<li>suunnittelee, toteuttaa ja arvioi kaksi- ja monikielisten lasten varhaiskasvatusta lapsiryhmiss\u00e4 k\u00e4ytt\u00e4en ty\u00f6tapoina mm. kieli- ja kulttuuritietoisen pedagogiikan mallintamista, pienryhmien ohjaamista sek\u00e4 samanaikaisopettajuutta<\/li>\n<li>kehitt\u00e4\u00e4 varhaiskasvatuksen oppimisymp\u00e4rist\u00f6j\u00e4 ja toimintakulttuuria kieli- ja kulttuuritietoisemmiksi<\/li>\n<li>konsultoi ja ohjaa henkil\u00f6kuntaa kaksi- ja monikielisten lasten asioissa ja ty\u00f6skentelee kiinte\u00e4ss\u00e4 yhteisty\u00f6ss\u00e4 varhaiskasvatuksen erityisopettajien (veo), varhaiskasvatuksen opettajien ja ryhmien muun henkil\u00f6st\u00f6n kanssa<\/li>\n<li>ohjaa varhaiskasvatuksen henkil\u00f6st\u00f6\u00e4 KieliPedan k\u00e4yt\u00f6ss\u00e4<\/li>\n<li>vastaa esiopetukseen siirtyvien lasten valmistavan opetuksen tarpeen arvioinnista yhteisty\u00f6ss\u00e4 muiden arviointeja tekevien kanssa<\/li>\n<li>osallistuu sovitusti lapsen vasukeskusteluihin ryhm\u00e4n opettajan kanssa ja tekee sovitusti monialaista yhteisty\u00f6t\u00e4 lapsen kielenkehitykseen ja oppimiseen liittyviss\u00e4 asioissa<\/li>\n<li>edist\u00e4\u00e4 lasten huoltajien ja perheiden tietoisuutta oman kielen ja kulttuurin t\u00e4rkeydest\u00e4 ja sen tukemisesta ja vaalimisesta<\/li>\n<li>edist\u00e4\u00e4 katsomuskasvatuksellisen pedagogiikan toteutumista p\u00e4iv\u00e4kodin arjessa<br \/>\ntekee yhteisty\u00f6t\u00e4 seurakunnan ja muiden uskonnollisten yhteis\u00f6jen kanssa<\/li>\n<\/ul>\n","protected":false},"excerpt":{"rendered":"<p>suunnittelee ja toteuttaa kaksi- ja monikielisten lasten varhaiskasvatusta lapsiryhmiss\u00e4 k\u00e4ytt\u00e4en ty\u00f6tapoina mm. kieli- ja kulttuuritietoisen pedagogiikan mallintamista, pienryhmien ohjaamista sek\u00e4 samanaikaisopettajuutta kehi&#8230;<\/p>\n","protected":false},"author":56,"featured_media":0,"parent":359,"menu_order":0,"comment_status":"closed","ping_status":"closed","template":"","meta":{"footnotes":""},"class_list":["post-339","page","type-page","status-publish","hentry"],"_links":{"self":[{"href":"https:\/\/blog.edu.turku.fi\/oppimisen-tuki\/wp-json\/wp\/v2\/pages\/339","targetHints":{"allow":["GET"]}}],"collection":[{"href":"https:\/\/blog.edu.turku.fi\/oppimisen-tuki\/wp-json\/wp\/v2\/pages"}],"about":[{"href":"https:\/\/blog.edu.turku.fi\/oppimisen-tuki\/wp-json\/wp\/v2\/types\/page"}],"author":[{"embeddable":true,"href":"https:\/\/blog.edu.turku.fi\/oppimisen-tuki\/wp-json\/wp\/v2\/users\/56"}],"replies":[{"embeddable":true,"href":"https:\/\/blog.edu.turku.fi\/oppimisen-tuki\/wp-json\/wp\/v2\/comments?post=339"}],"version-history":[{"count":7,"href":"https:\/\/blog.edu.turku.fi\/oppimisen-tuki\/wp-json\/wp\/v2\/pages\/339\/revisions"}],"predecessor-version":[{"id":4201,"href":"https:\/\/blog.edu.turku.fi\/oppimisen-tuki\/wp-json\/wp\/v2\/pages\/339\/revisions\/4201"}],"up":[{"embeddable":true,"href":"https:\/\/blog.edu.turku.fi\/oppimisen-tuki\/wp-json\/wp\/v2\/pages\/359"}],"wp:attachment":[{"href":"https:\/\/blog.edu.turku.fi\/oppimisen-tuki\/wp-json\/wp\/v2\/media?parent=339"}],"curies":[{"name":"wp","href":"https:\/\/api.w.org\/{rel}","templated":true}]}}