{"id":329,"date":"2022-12-13T12:09:30","date_gmt":"2022-12-13T10:09:30","guid":{"rendered":"https:\/\/blog.edu.turku.fi\/oppimisen-tuki\/?page_id=329"},"modified":"2023-11-24T13:46:11","modified_gmt":"2023-11-24T11:46:11","slug":"varhaiskasvatuksen-sosionomi","status":"publish","type":"page","link":"https:\/\/blog.edu.turku.fi\/oppimisen-tuki\/koulutusasteet\/varhaiskasvatus\/toimijat\/varhaiskasvatuksen-sosionomi\/","title":{"rendered":"Varhaiskasvatuksen sosionomi"},"content":{"rendered":"<ul>\n<li>suunnittelee ja toteuttaa ryhm\u00e4n varhaiskasvatusta inklusiivisten periaatteiden ja arvojen (yhdenvertaisuus, tasa-arvo, syrjim\u00e4tt\u00f6myys, jokaisen lapsen sosiaalinen osallisuus ja moninaisuuden arvostaminen) mukaan<\/li>\n<li>havainnoi lasten toimintaa ja tuen tarpeita, sek\u00e4 suunnittelee struktuureja ja ty\u00f6tapoja, jotka tukevat lapsia varhaiskasvatuksessa<\/li>\n<li>arvioi ja kehitt\u00e4\u00e4 ryhm\u00e4n toimintaa lasten yksil\u00f6lliset tuen tarpeet huomioiden<\/li>\n<li>huolehtii, ett\u00e4 lasten tukitoimet aloitetaan lapsiryhm\u00e4ss\u00e4 viivytyksett\u00e4, heti kun tuen tarve on havaittu<\/li>\n<li>osallistuu lapsen varhaiskasvatussuunnitelman laatimiseen tuoden suunnitelman tekoon erityisesti hyvinvointia ja palveluj\u00e4rjestelm\u00e4\u00e4 koskevan ammatillisen osaamisensa<\/li>\n<li>tekee moniammatillista yhteisty\u00f6t\u00e4 omassa tiimiss\u00e4 ja ty\u00f6yhteis\u00f6ss\u00e4 ja yhteisty\u00f6t\u00e4 eri asiantuntijatahojen kanssa<\/li>\n<li>vahvistaa lasten, perheiden ja huoltajien osallisuutta<\/li>\n<li>tekee yhteisty\u00f6t\u00e4 lapsen huoltajien kanssa lapsen edun ensisijaisuus edell\u00e4<\/li>\n<li>ohjaa tarvittaessa huoltajia hakemaan apua ja tukea muista palveluista<\/li>\n<li>tunnistaa perheen tuen tarpeita ja osallistuu moniammatilliseen verkostoyhteisty\u00f6h\u00f6n huoltajien kanssa muun muassa sosiaalipalveluiden ja lastensuojelun yhteisty\u00f6verkostoja hy\u00f6dynt\u00e4en<\/li>\n<li>osallistuu sovittuihin palavereihin, kirjoittaa ja t\u00e4ytt\u00e4\u00e4 tarvittavat selvitykset ja lomakkeet hoitavalle tai tutkivalle taholle tiimiss\u00e4 sovitun ty\u00f6njaon mukaisesti<\/li>\n<\/ul>\n","protected":false},"excerpt":{"rendered":"<p>suunnittelee ja toteuttaa ryhm\u00e4n varhaiskasvatusta inklusiivisten periaatteiden ja arvojen (yhdenvertaisuus, tasa-arvo, syrjim\u00e4tt\u00f6myys, jokaisen lapsen sosiaalinen osallisuus ja moninaisuuden arvostaminen) mukaan havainnoi las&#8230;<\/p>\n","protected":false},"author":56,"featured_media":0,"parent":359,"menu_order":0,"comment_status":"closed","ping_status":"closed","template":"","meta":{"footnotes":""},"class_list":["post-329","page","type-page","status-publish","hentry"],"_links":{"self":[{"href":"https:\/\/blog.edu.turku.fi\/oppimisen-tuki\/wp-json\/wp\/v2\/pages\/329","targetHints":{"allow":["GET"]}}],"collection":[{"href":"https:\/\/blog.edu.turku.fi\/oppimisen-tuki\/wp-json\/wp\/v2\/pages"}],"about":[{"href":"https:\/\/blog.edu.turku.fi\/oppimisen-tuki\/wp-json\/wp\/v2\/types\/page"}],"author":[{"embeddable":true,"href":"https:\/\/blog.edu.turku.fi\/oppimisen-tuki\/wp-json\/wp\/v2\/users\/56"}],"replies":[{"embeddable":true,"href":"https:\/\/blog.edu.turku.fi\/oppimisen-tuki\/wp-json\/wp\/v2\/comments?post=329"}],"version-history":[{"count":6,"href":"https:\/\/blog.edu.turku.fi\/oppimisen-tuki\/wp-json\/wp\/v2\/pages\/329\/revisions"}],"predecessor-version":[{"id":4250,"href":"https:\/\/blog.edu.turku.fi\/oppimisen-tuki\/wp-json\/wp\/v2\/pages\/329\/revisions\/4250"}],"up":[{"embeddable":true,"href":"https:\/\/blog.edu.turku.fi\/oppimisen-tuki\/wp-json\/wp\/v2\/pages\/359"}],"wp:attachment":[{"href":"https:\/\/blog.edu.turku.fi\/oppimisen-tuki\/wp-json\/wp\/v2\/media?parent=329"}],"curies":[{"name":"wp","href":"https:\/\/api.w.org\/{rel}","templated":true}]}}