{"id":30,"date":"2022-04-26T09:39:03","date_gmt":"2022-04-26T06:39:03","guid":{"rendered":"https:\/\/blog.edu.turku.fi\/oppimisen-tuki\/?page_id=30"},"modified":"2025-08-20T10:18:46","modified_gmt":"2025-08-20T07:18:46","slug":"perusopetus","status":"publish","type":"page","link":"https:\/\/blog.edu.turku.fi\/oppimisen-tuki\/koulutusasteet\/perusopetus\/","title":{"rendered":"Perusopetus"},"content":{"rendered":"\n<div id=\"alakoulukaavio\" class=\"kaavio\">\n<div id=\"keha-1\">\n<h2>Vastuut tuen j\u00e4rjest\u00e4misess\u00e4<\/h2>\n<a href=\"https:\/\/blog.edu.turku.fi\/oppimisen-tuki\/koulutusasteet\/perusopetus\/toimijat\/oppilas\/\">Oppilas ja huoltaja<\/a>\n\n<\/div>\n<div id=\"keha-2\">\n<h3>Luokka<\/h3>\n<a href=\"https:\/\/blog.edu.turku.fi\/oppimisen-tuki\/koulutusasteet\/perusopetus\/toimijat\/luokanopettaja\/\">Luokanopettaja<\/a>\n<a href=\"https:\/\/blog.edu.turku.fi\/oppimisen-tuki\/koulutusasteet\/perusopetus\/toimijat\/erityisluokanopettaja\/\">Erityisluokanopettaja<\/a>\n<a href=\"https:\/\/blog.edu.turku.fi\/oppimisen-tuki\/koulutusasteet\/perusopetus\/toimijat\/valmistavan-opetuksen-opettaja\/\">Valmistavan\nopetuksen opettaja<\/a>\n\n<\/div>\n<div id=\"keha-3\">\n<h3>Kasvatus ja opetus<\/h3>\n<a href=\"https:\/\/blog.edu.turku.fi\/oppimisen-tuki\/koulutusasteet\/perusopetus\/toimijat\/konsultoiva-erityisopettaja\/\">Konsultoiva erityisopettaja<\/a>\n<a href=\"https:\/\/blog.edu.turku.fi\/oppimisen-tuki\/koulutusasteet\/perusopetus\/toimijat\/suomi-toisena-kielena-opettaja\/\">S2-opettaja<\/a>\n<a href=\"https:\/\/blog.edu.turku.fi\/oppimisen-tuki\/koulutusasteet\/perusopetus\/toimijat\/koulu-ja-aluenepsyopettajat\/\">Koulu- ja aluenepsyopettajat<\/a>\n<a href=\"https:\/\/blog.edu.turku.fi\/oppimisen-tuki\/koulutusasteet\/perusopetus\/toimijat\/resurssiopettaja\/\">Resurssiopettaja<\/a>\n<a href=\"https:\/\/blog.edu.turku.fi\/oppimisen-tuki\/koulutusasteet\/perusopetus\/toimijat\/koulukohtainen-opiskeluhuoltoryhma\/\">Koulukohtainen opiskeluhuoltoryhm\u00e4<\/a>\n<a href=\"https:\/\/blog.edu.turku.fi\/oppimisen-tuki\/koulutusasteet\/perusopetus\/toimijat\/monialainen-asiantuntijaryhma\/\">Monialainen asiantuntijaryhm\u00e4<\/a>\n<a href=\"https:\/\/blog.edu.turku.fi\/oppimisen-tuki\/koulutusasteet\/perusopetus\/toimijat\/monikulttuurinen-konsultoiva-erityisopettaja\/\">Monikulttuurinen konsultoiva erityisopettaja<\/a>\n<a href=\"https:\/\/blog.edu.turku.fi\/oppimisen-tuki\/koulutusasteet\/perusopetus\/toimijat\/omakielinen-opettaja-omo\/\">Omakielinen opettaja<\/a>\n<a href=\"https:\/\/blog.edu.turku.fi\/oppimisen-tuki\/koulutusasteet\/perusopetus\/toimijat\/erityisopettaja\/\"> Erityisopettaja<\/a>\n<a href=\"https:\/\/blog.edu.turku.fi\/oppimisen-tuki\/koulutusasteet\/perusopetus\/toimijat\/aineenopettaja\/\">Aineenopettaja<\/a>\n<a href=\"https:\/\/blog.edu.turku.fi\/oppimisen-tuki\/koulutusasteet\/perusopetus\/toimijat\/erityispalvelupaallikko\/\">Erityispalvelup\u00e4\u00e4llikk\u00f6<\/a>\n<a href=\"https:\/\/blog.edu.turku.fi\/oppimisen-tuki\/koulutusasteet\/perusopetus\/toimijat\/rehtori\/\">Rehtori<\/a>\n<a href=\"https:\/\/blog.edu.turku.fi\/oppimisen-tuki\/koulutusasteet\/perusopetus\/toimijat\/aamu-ja-iltapaivatoiminnan-ohjaaja\/\">Aamu- ja iltap\u00e4iv\u00e4toiminnan\nohjaaja<\/a>\n<a href=\"https:\/\/blog.edu.turku.fi\/oppimisen-tuki\/koulutusasteet\/perusopetus\/toimijat\/koulunkaynninohjaaja\/\">Koulunk\u00e4ynninohjaaja<\/a>\n<a href=\"https:\/\/blog.edu.turku.fi\/oppimisen-tuki\/koulutusasteet\/ylakoulu\/toimijat\/oppimisen-tuen-suunnittelija\/\">Tuen suunnittelija<\/a>\n\n<\/div>\n<div id=\"keha-4\">\n<h3>Opiskeluhuollon ammattihenkil\u00f6t ja monialainen yhteisty\u00f6<\/h3>\n<a href=\"https:\/\/blog.edu.turku.fi\/oppimisen-tuki\/koulutusasteet\/perusopetus\/toimijat\/erikoissairaanhoito\/\">Erikoissairaanhoito<\/a>\n<a href=\"https:\/\/blog.edu.turku.fi\/oppimisen-tuki\/koulutusasteet\/perusopetus\/toimijat\/sairaalakoulu\/\">Sairaalakoulu<\/a>\n<a href=\"https:\/\/blog.edu.turku.fi\/oppimisen-tuki\/koulutusasteet\/perusopetus\/toimijat\/koulupsykologi\/\">Koulupsykologi<\/a>\n<a href=\"https:\/\/blog.edu.turku.fi\/oppimisen-tuki\/koulutusasteet\/perusopetus\/toimijat\/kouluterveydenhoitaja\/\">Kouluterveydenhoitaja<\/a>\n<a href=\"https:\/\/blog.edu.turku.fi\/oppimisen-tuki\/koulutusasteet\/perusopetus\/toimijat\/varhaiskasvatuksen-neuropsykiatrinen-tiimi\/\">Varhan nepsytiimi<\/a>\n<a href=\"https:\/\/blog.edu.turku.fi\/oppimisen-tuki\/koulutusasteet\/perusopetus\/toimijat\/koulukuraattori\/\">Koulukuraattori<\/a>\n<a href=\"https:\/\/blog.edu.turku.fi\/oppimisen-tuki\/koulutusasteet\/perusopetus\/toimijat\/perheneuvola\/\">Perheneuvola<\/a>\n<a href=\"https:\/\/blog.edu.turku.fi\/oppimisen-tuki\/koulutusasteet\/perusopetus\/toimijat\/psykiatrinen-sairaanhoitaja\/\">Psykiatrinen sairaanhoitaja<\/a>\n<a href=\"https:\/\/blog.edu.turku.fi\/oppimisen-tuki\/koulutusasteet\/perusopetus\/toimijat\/sosiaalipalvelut\/\">Sosiaalipalvelut<\/a>\n<a href=\"https:\/\/blog.edu.turku.fi\/oppimisen-tuki\/koulutusasteet\/perusopetus\/toimijat\/koululaakari\/\">Koulul\u00e4\u00e4k\u00e4ri<\/a>\n\n<\/div>\n<\/div>\n<div class=\"kehakaavioselite\">\n<h2>Vastuut tuen j\u00e4rjest\u00e4misess\u00e4<\/h2>\n<h3>Luokka<\/h3>\n&nbsp;\n<h3>Kasvatus ja opetus<\/h3>\n&nbsp;\n<h3>Opiskeluhuollon ammattihenkil\u00f6t ja monialainen yhteisty\u00f6<\/h3>\n&nbsp;\n\n<\/div>\n","protected":false},"excerpt":{"rendered":"<p>Luokanopettaja Yksik\u00f6n yhteiset asiat Koulunepsyopettaja Perhe &#8230;<\/p>\n","protected":false},"author":56,"featured_media":0,"parent":309,"menu_order":3,"comment_status":"closed","ping_status":"closed","template":"","meta":{"footnotes":""},"class_list":["post-30","page","type-page","status-publish","hentry"],"_links":{"self":[{"href":"https:\/\/blog.edu.turku.fi\/oppimisen-tuki\/wp-json\/wp\/v2\/pages\/30","targetHints":{"allow":["GET"]}}],"collection":[{"href":"https:\/\/blog.edu.turku.fi\/oppimisen-tuki\/wp-json\/wp\/v2\/pages"}],"about":[{"href":"https:\/\/blog.edu.turku.fi\/oppimisen-tuki\/wp-json\/wp\/v2\/types\/page"}],"author":[{"embeddable":true,"href":"https:\/\/blog.edu.turku.fi\/oppimisen-tuki\/wp-json\/wp\/v2\/users\/56"}],"replies":[{"embeddable":true,"href":"https:\/\/blog.edu.turku.fi\/oppimisen-tuki\/wp-json\/wp\/v2\/comments?post=30"}],"version-history":[{"count":99,"href":"https:\/\/blog.edu.turku.fi\/oppimisen-tuki\/wp-json\/wp\/v2\/pages\/30\/revisions"}],"predecessor-version":[{"id":4962,"href":"https:\/\/blog.edu.turku.fi\/oppimisen-tuki\/wp-json\/wp\/v2\/pages\/30\/revisions\/4962"}],"up":[{"embeddable":true,"href":"https:\/\/blog.edu.turku.fi\/oppimisen-tuki\/wp-json\/wp\/v2\/pages\/309"}],"wp:attachment":[{"href":"https:\/\/blog.edu.turku.fi\/oppimisen-tuki\/wp-json\/wp\/v2\/media?parent=30"}],"curies":[{"name":"wp","href":"https:\/\/api.w.org\/{rel}","templated":true}]}}