{"id":285,"date":"2022-11-30T13:57:14","date_gmt":"2022-11-30T11:57:14","guid":{"rendered":"https:\/\/blog.edu.turku.fi\/oppimisen-tuki\/?page_id=285"},"modified":"2023-09-05T10:38:29","modified_gmt":"2023-09-05T07:38:29","slug":"muut-terveydenhuoltopalvelut","status":"publish","type":"page","link":"https:\/\/blog.edu.turku.fi\/oppimisen-tuki\/koulutusasteet\/varhaiskasvatus\/toimijat\/muut-terveydenhuoltopalvelut\/","title":{"rendered":"Muut terveydenhuoltopalvelut"},"content":{"rendered":"<p>Lapsen vanhemmilla tai muilla huoltajilla on ensisijainen vastuu lapsen hyvinvoinnista ja terveydenhuoltoon liittyvien asioiden hoitamisesta. Varhaiskasvatus tekee yhteisty\u00f6t\u00e4 terveydenhuoltoon kuuluvien palveluiden kanssa, mik\u00e4li tarve sit\u00e4 edellytt\u00e4\u00e4.<\/p>\n<p>Varhaiskasvatusik\u00e4isten lasten ensisijainen palvelu on neuvola, josta lapsi ohjataan tarvittaessa erikoissairaanhoidon palveluiden piiriin. Lapsella voi olla jo my\u00f6s sairauden, vamman tai muun tuen tarpeen vuoksi voimassaoleva asiakkuus jossakin terveydenhuollon yksik\u00f6ss\u00e4. Turussa varhaiskasvatuksessa oleva lapsi voi saada terveydenhuollon ammattilaisten palveluita muun muassa lastenneurologian poliklinikan, Turun yliopistollisen keskussairaalan sek\u00e4 vammais- ja eri terapiapalveluiden kautta.<\/p>\n<pre><em>Huom. Lapsen ja perheiden sosiaali- ja terveyspalveluita koskevat tiedot ovat salassa pidett\u00e4vi\u00e4. Lapsen terveyteen liittyvi\u00e4 tietoja ei saa jakaa tahoille, jotka eiv\u00e4t tietoa tarvitse ty\u00f6ss\u00e4\u00e4n. <\/em>\r\n\r\n<em>My\u00f6s lapsen varhaiskasvatuksessa saamaa tukea koskevat tiedot ovat salassa pidett\u00e4vi\u00e4.<\/em><\/pre>\n<p>Varhaiskasvatuksen j\u00e4rjest\u00e4j\u00e4 voi pyyt\u00e4\u00e4 terveydenhuollon edustajaa osallistumaan lapsen tuen tarpeen arviointiin. Yhteisty\u00f6t\u00e4 tehd\u00e4\u00e4n aina lapsen edun ensisijaisuuden periaatteella.<\/p>\n<p>L\u00e4\u00e4kehoidon toteutus tai muu pitk\u00e4aikaissairauden hoito ovat asioita, jotka on usein huomioitava my\u00f6s varhaiskasvatuksessa. My\u00f6s kuulo-, n\u00e4k\u00f6- ja liikuntavammat, erilaiset neurologiset tai pitk\u00e4aikaissairaudet edellytt\u00e4v\u00e4t useimmiten yhteisty\u00f6t\u00e4 varhaiskasvatuksen ja terveydenhuollon v\u00e4lill\u00e4.<\/p>\n<p>Mik\u00e4li lapsen sairaus, vamma tai muu tuen tarve vaikuttaa lapsen varhaiskasvatuksessa j\u00e4rjestelyihin ja tukitoimiin tarvittavasta yhteisty\u00f6st\u00e4 terveydenhuollon kanssa on t\u00e4rke\u00e4\u00e4 sopia jo heti lapsen aloittaessa varhaiskasvatuksessa.<\/p>\n<p>&nbsp;<\/p>\n","protected":false},"excerpt":{"rendered":"<p>Varhaiskasvatus tekee yhteisty\u00f6t\u00e4 useiden terveydenhuoltoon\/erikoissairaanhoitoon kuuluvien palveluiden kanssa. Erikoissairaanhoidon alaisuuteen kuuluvat esimerkiksi TYKS:n lasten neurologinen yksikk\u00f6, lasten psykiatrinen ty\u00f6ryhm\u00e4\u2026. Kun lapsella o&#8230;<\/p>\n","protected":false},"author":56,"featured_media":0,"parent":359,"menu_order":0,"comment_status":"closed","ping_status":"closed","template":"","meta":{"footnotes":""},"class_list":["post-285","page","type-page","status-publish","hentry"],"_links":{"self":[{"href":"https:\/\/blog.edu.turku.fi\/oppimisen-tuki\/wp-json\/wp\/v2\/pages\/285","targetHints":{"allow":["GET"]}}],"collection":[{"href":"https:\/\/blog.edu.turku.fi\/oppimisen-tuki\/wp-json\/wp\/v2\/pages"}],"about":[{"href":"https:\/\/blog.edu.turku.fi\/oppimisen-tuki\/wp-json\/wp\/v2\/types\/page"}],"author":[{"embeddable":true,"href":"https:\/\/blog.edu.turku.fi\/oppimisen-tuki\/wp-json\/wp\/v2\/users\/56"}],"replies":[{"embeddable":true,"href":"https:\/\/blog.edu.turku.fi\/oppimisen-tuki\/wp-json\/wp\/v2\/comments?post=285"}],"version-history":[{"count":6,"href":"https:\/\/blog.edu.turku.fi\/oppimisen-tuki\/wp-json\/wp\/v2\/pages\/285\/revisions"}],"predecessor-version":[{"id":3294,"href":"https:\/\/blog.edu.turku.fi\/oppimisen-tuki\/wp-json\/wp\/v2\/pages\/285\/revisions\/3294"}],"up":[{"embeddable":true,"href":"https:\/\/blog.edu.turku.fi\/oppimisen-tuki\/wp-json\/wp\/v2\/pages\/359"}],"wp:attachment":[{"href":"https:\/\/blog.edu.turku.fi\/oppimisen-tuki\/wp-json\/wp\/v2\/media?parent=285"}],"curies":[{"name":"wp","href":"https:\/\/api.w.org\/{rel}","templated":true}]}}