{"id":1150,"date":"2023-04-25T15:00:07","date_gmt":"2023-04-25T12:00:07","guid":{"rendered":"https:\/\/blog.edu.turku.fi\/oppimisen-tuki\/?page_id=1150"},"modified":"2023-10-12T11:54:15","modified_gmt":"2023-10-12T08:54:15","slug":"koulu-ja-aluenepsyopettajat","status":"publish","type":"page","link":"https:\/\/blog.edu.turku.fi\/oppimisen-tuki\/koulutusasteet\/perusopetus\/toimijat\/koulu-ja-aluenepsyopettajat\/","title":{"rendered":"Koulu- ja aluenepsyopettajat"},"content":{"rendered":"<h2>Koulunepsyopettaja<\/h2>\n<ul>\n<li>kehitt\u00e4\u00e4 koko ty\u00f6yhteis\u00f6n tietoisuuden ja ymm\u00e4rryksen lis\u00e4\u00e4minen neuropsykiatrisesti (nepsy) oireilevien oppilaiden tuen asioista<\/li>\n<li>tiedottaa ja luo keskustelua ty\u00f6yhteis\u00f6ss\u00e4\u00e4n nepsyasioista ja ottaa huomioon nepsyn\u00e4k\u00f6kulman koulun asioihin liittyv\u00e4ss\u00e4 suunnittelussa ja p\u00e4\u00e4t\u00f6ksenteossa<\/li>\n<li>lis\u00e4\u00e4 hyv\u00e4ksyv\u00e4\u00e4 ja positiivista asennetta nepsyoireileviin oppilaisiin ja nepsyasioihin<\/li>\n<li>on mukana kehitt\u00e4m\u00e4ss\u00e4 koulun toimintatapoja nepsy-yst\u00e4v\u00e4llisemmiksi (koulun yhteiset, selke\u00e4t ja johdonmukaiset toimintatavat, rauhallinen ilmapiiri)<\/li>\n<li>edist\u00e4\u00e4 aistiesteett\u00f6myytt\u00e4 (selkeys, h\u00e4iri\u00f6t\u00f6n oppimisymp\u00e4rist\u00f6, aistikuormituksesta palautumisen mahdollistaminen koulup\u00e4iv\u00e4n aikana) ja kehitt\u00e4\u00e4 oppimisymp\u00e4rist\u00f6j\u00e4 nepsy-yst\u00e4v\u00e4llisemmiksi<\/li>\n<li>tukee ty\u00f6yhteis\u00f6n j\u00e4seni\u00e4 sopivien toimintatapojen l\u00f6yt\u00e4misess\u00e4 sek\u00e4 tukee luokka-arjessa selviytymist\u00e4 eri ty\u00f6skentelytavoin, jotka sovitetaan kunkin koulun toimintakulttuuriin (esimerkiksi havainnointi luokassa tai yhteisopettajuus)<\/li>\n<li>konsultoi pyydett\u00e4ess\u00e4 oman koulun tai alueen muiden koulujen henkil\u00f6kuntaa nepsyasioissa (kuten opettajia, koulunk\u00e4ynninohjaajia ja aamu- ja iltap\u00e4iv\u00e4toiminnan ohjaajia) yksin tai ty\u00f6parina alue-nepsyopettajan, toisen koulunepsyopettajan ja\/tai sairaalakoulun konsultaatiotahon kanssa<\/li>\n<\/ul>\n<h2>Aluenepsyopettaja<\/h2>\n<ul>\n<li>kehitt\u00e4\u00e4 Turun yleisopetuksen nepsytukea<\/li>\n<li>edist\u00e4\u00e4 alueensa (pohjoinen, it\u00e4inen, etel\u00e4inen, yl\u00e4koulu) neuropsykiatrisesti oireilevien oppilaiden asioita kehitt\u00e4en Turun kouluja nepsy-yst\u00e4v\u00e4llisemmiksi<\/li>\n<li>tekee yhteisty\u00f6t\u00e4 nepsyasioiden edist\u00e4miseksi Turun alueen nepsytoimijoiden kanssa (hallinnon, hoitotahojen, sosiaalitoimen ja 3. sektorin kanssa)<\/li>\n<li>konsultoi pyydett\u00e4ess\u00e4 alueen koulujen henkil\u00f6kuntaa nepsyasioissa (kuten opettajia, koulunk\u00e4ynninohjaajia ja aamu- ja iltap\u00e4iv\u00e4toiminnan ohjaajia) yksin tai ty\u00f6parina koulunepsyopettajan ja\/tai sairaalakoulun konsultaatiotahon kanssa.<\/li>\n<\/ul>\n","protected":false},"excerpt":{"rendered":"<p>Koko ty\u00f6yhteis\u00f6n tietoisuuden ja ymm\u00e4rryksen lis\u00e4\u00e4minen neuropsykiatrisesti oireilevien oppilaiden tuen asioista Tiedottaa ja luo keskustelua ty\u00f6yhteis\u00f6ss\u00e4\u00e4n nepsyasioista ja ottaa huomioon nepsyn\u00e4k\u00f6kulman koulun asioihin liit&#8230;<\/p>\n","protected":false},"author":56,"featured_media":0,"parent":426,"menu_order":0,"comment_status":"closed","ping_status":"closed","template":"","meta":{"footnotes":""},"class_list":["post-1150","page","type-page","status-publish","hentry"],"_links":{"self":[{"href":"https:\/\/blog.edu.turku.fi\/oppimisen-tuki\/wp-json\/wp\/v2\/pages\/1150","targetHints":{"allow":["GET"]}}],"collection":[{"href":"https:\/\/blog.edu.turku.fi\/oppimisen-tuki\/wp-json\/wp\/v2\/pages"}],"about":[{"href":"https:\/\/blog.edu.turku.fi\/oppimisen-tuki\/wp-json\/wp\/v2\/types\/page"}],"author":[{"embeddable":true,"href":"https:\/\/blog.edu.turku.fi\/oppimisen-tuki\/wp-json\/wp\/v2\/users\/56"}],"replies":[{"embeddable":true,"href":"https:\/\/blog.edu.turku.fi\/oppimisen-tuki\/wp-json\/wp\/v2\/comments?post=1150"}],"version-history":[{"count":16,"href":"https:\/\/blog.edu.turku.fi\/oppimisen-tuki\/wp-json\/wp\/v2\/pages\/1150\/revisions"}],"predecessor-version":[{"id":3759,"href":"https:\/\/blog.edu.turku.fi\/oppimisen-tuki\/wp-json\/wp\/v2\/pages\/1150\/revisions\/3759"}],"up":[{"embeddable":true,"href":"https:\/\/blog.edu.turku.fi\/oppimisen-tuki\/wp-json\/wp\/v2\/pages\/426"}],"wp:attachment":[{"href":"https:\/\/blog.edu.turku.fi\/oppimisen-tuki\/wp-json\/wp\/v2\/media?parent=1150"}],"curies":[{"name":"wp","href":"https:\/\/api.w.org\/{rel}","templated":true}]}}