{"id":1147,"date":"2023-04-25T14:58:20","date_gmt":"2023-04-25T11:58:20","guid":{"rendered":"https:\/\/blog.edu.turku.fi\/oppimisen-tuki\/?page_id=1147"},"modified":"2023-07-05T14:38:37","modified_gmt":"2023-07-05T11:38:37","slug":"psykiatrinen-sairaanhoitaja","status":"publish","type":"page","link":"https:\/\/blog.edu.turku.fi\/oppimisen-tuki\/koulutusasteet\/perusopetus\/toimijat\/psykiatrinen-sairaanhoitaja\/","title":{"rendered":"Psykiatrinen sairaanhoitaja"},"content":{"rendered":"<ul>\n<li>keskittyy oppilaan ajankohtaisen voinnin kartoittamiseen ja ratkaisukeskeiseen tapaan l\u00f6yt\u00e4\u00e4 keinoja ja tukea arjen haasteissa selviytymiseen yhdess\u00e4 oppilaan ja tarvittaessa huoltajien kanssa<\/li>\n<li>tavoitteena on antaa oppilaalle h\u00e4nen tarvitsemaansa apua ja tukea matalalla kynnyksell\u00e4 ja arjen elinymp\u00e4rist\u00f6ss\u00e4 eli koulussa<\/li>\n<li>tekee tarvittaessa moniammatillista yhteis- ja verkostoty\u00f6t\u00e4 koulun toimijoiden, sosiaalitoimen, kolmannen sektorin ja erikoissairaanhoidon kanssa<\/li>\n<li>auttaa ilman l\u00e4hetett\u00e4. Asiakkuuteen tullaan terveydenhoitajan, kuraattorin, psykologin tai opettajan ohjaamana, mutta my\u00f6s oppilaan tai huoltajan omalla yhteydenotolla.<\/li>\n<li>ei tee p\u00e4\u00e4llekk\u00e4ist\u00e4 ty\u00f6t\u00e4 esimerkiksi kuraattorin, psykologin tai erikoissairaanhoidon kanssa, pois lukien erikoissairaanhoidon jonotusaika<\/li>\n<li>auttaa\u00a0 Turun kaupungin yleisopetuksen alakoululaisia ja ty\u00f6 kohdentuu my\u00f6s asiakkaana olevien oppilaiden huoltajiin<\/li>\n<li>tekee ty\u00f6t\u00e4 oppilaan kasvussa tai kehityksess\u00e4 esiin tulevien haasteiden selvitt\u00e4miseen ja arviointiin yksil\u00f6kohtaisilla keskusteluk\u00e4ynneill\u00e4 tai yksitt\u00e4isill\u00e4 perhetapaamisilla vastaanotoilla<\/li>\n<li>voi tarvittaessa sopia tapaamisia koko perheen kanssa<\/li>\n<li>pyrkii j\u00e4rjest\u00e4m\u00e4\u00e4n k\u00e4ynnit p\u00e4\u00e4asiassa oppilaan omassa koulussa koulup\u00e4iv\u00e4n aikana<\/li>\n<li>k\u00e4ynnit perustuvat aina vapaaehtoisuuteen. Psykiatriset sairaanhoitajat kirjaavat asiakastapaamiset ja omaa ty\u00f6t\u00e4\u00e4n koskevat toiminnot Pegasos potilastietoj\u00e4rjestelm\u00e4\u00e4n.<\/li>\n<\/ul>\n<p>P\u00e4\u00e4asialliset tulosyyt:<\/p>\n<ul>\n<li>tunteiden hallinnan haasteet<\/li>\n<li>ahdistuneisuus, paniikkioireilu, pelkotilat, sosiaalisten tilanteiden j\u00e4nnitt\u00e4minen<\/li>\n<li>mielialaan liittyv\u00e4t ongelmat<\/li>\n<li>psykosomaattisesti oireilevat, joilla somatiikan puolen tutkimukset tehty<\/li>\n<li>uniongelmat<\/li>\n<li>liev\u00e4t sy\u00f6miseen liittyv\u00e4t pulmat, esim. liev\u00e4 sy\u00f6mish\u00e4iri\u00f6oireilu, kehonkuvan haasteet<\/li>\n<li>sukupuoli-identiteettiin liittyv\u00e4t asiat<\/li>\n<li>vaikeat kotitilanteet, esim. vanhempien ero, sairaudet, p\u00e4ihteet<\/li>\n<li>itsetuhoiset ajatukset ja itsens\u00e4 vahingoittaminen, pois lukien akuutit, p\u00e4ivystykselliset tilanteet<\/li>\n<li>\u00e4killiset traumat, esim. l\u00e4heisen kuolema, v\u00e4kivaltatilanne, yhteiskunnalliset tilanteet (sota, ilmastonmuutos)<\/li>\n<\/ul>\n","protected":false},"excerpt":{"rendered":"<table class=\"kasitekaavio\">\n<tbody>\n<tr>\n<td>Psykiatrinen sairaanhoitaja\n<\/td>\n<\/tr>\n<tr>\n<td>L\u00e4hetett\u00e4 ei tarvita\n<\/td>\n<\/tr>\n<tr>\n<td>Kohderyhm\u00e4n\u00e4 yleisopetuksen oppilaat\n<\/td>\n<\/tr>\n<tr>\n<td>Tulosyyn\u00e4 esimerkiksi ahdistuneisuus tai&#8230;<\/p>\n","protected":false},"author":56,"featured_media":0,"parent":426,"menu_order":0,"comment_status":"closed","ping_status":"closed","template":"","meta":{"footnotes":""},"class_list":["post-1147","page","type-page","status-publish","hentry"],"_links":{"self":[{"href":"https:\/\/blog.edu.turku.fi\/oppimisen-tuki\/wp-json\/wp\/v2\/pages\/1147","targetHints":{"allow":["GET"]}}],"collection":[{"href":"https:\/\/blog.edu.turku.fi\/oppimisen-tuki\/wp-json\/wp\/v2\/pages"}],"about":[{"href":"https:\/\/blog.edu.turku.fi\/oppimisen-tuki\/wp-json\/wp\/v2\/types\/page"}],"author":[{"embeddable":true,"href":"https:\/\/blog.edu.turku.fi\/oppimisen-tuki\/wp-json\/wp\/v2\/users\/56"}],"replies":[{"embeddable":true,"href":"https:\/\/blog.edu.turku.fi\/oppimisen-tuki\/wp-json\/wp\/v2\/comments?post=1147"}],"version-history":[{"count":8,"href":"https:\/\/blog.edu.turku.fi\/oppimisen-tuki\/wp-json\/wp\/v2\/pages\/1147\/revisions"}],"predecessor-version":[{"id":2386,"href":"https:\/\/blog.edu.turku.fi\/oppimisen-tuki\/wp-json\/wp\/v2\/pages\/1147\/revisions\/2386"}],"up":[{"embeddable":true,"href":"https:\/\/blog.edu.turku.fi\/oppimisen-tuki\/wp-json\/wp\/v2\/pages\/426"}],"wp:attachment":[{"href":"https:\/\/blog.edu.turku.fi\/oppimisen-tuki\/wp-json\/wp\/v2\/media?parent=1147"}],"curies":[{"name":"wp","href":"https:\/\/api.w.org\/{rel}","templated":true}]}}