{"id":71,"date":"2020-12-09T16:35:21","date_gmt":"2020-12-09T14:35:21","guid":{"rendered":"https:\/\/blog.edu.turku.fi\/opo\/?page_id=71"},"modified":"2025-12-01T13:19:59","modified_gmt":"2025-12-01T11:19:59","slug":"uravalinta","status":"publish","type":"page","link":"https:\/\/blog.edu.turku.fi\/opo\/uravalinta\/","title":{"rendered":"Urasuunnittelu"},"content":{"rendered":"<p><a href=\"https:\/\/tyomarkkinatori.fi\/ammattitieto\" target=\"_blank\" rel=\"noopener\">Ty\u00f6markkinatori<\/a>\u00a0 Ammattien ja alojen vertailuun) tyomarkkinatori.fi\/ammattitieto<\/p>\n<p><a href=\"https:\/\/tyovoimabarometri.fi\" target=\"_blank\" rel=\"noopener\">Ty\u00f6voimabarometri \u00a0<\/a>Osaamisen ja ty\u00f6voiman kysynt\u00e4 ty\u00f6markkinoilla) tyovoimabarometri.fi\/<\/p>\n<p><a href=\"https:\/\/toissa.fi\/fi_FI\/hakemisto#ProfessionList\">toissa.fi<\/a> Koulutuspolku uralle<\/p>\n<p><a href=\"https:\/\/yle.fi\/a\/74-20053544\" target=\"_blank\" rel=\"noopener\">YLE:n palkkakone<\/a><\/p>\n<h2>Itsetuntemus<\/h2>\n<p><a href=\"https:\/\/avo.urakoodi.fi\/\">AVO-ammatinvalintaohjelma<\/a><\/p>\n<p><a href=\"https:\/\/storyline.perho.fi\/vk\/story.html\">Digitaaliset vahvuuskortit<\/a> (omien vahvuuksien tunnistaminen) storyline.perho.fi\/vk\/story.html<\/p>\n<p><a href=\"https:\/\/lauda.ulapland.fi\/bitstream\/handle\/10024\/64877\/VAHTO_kortit.pdf?sequence=1&amp;isAllowed=y\">Vahto-vahvuuskortit<\/a> blogi.eoppimispalvelut.fi\/vahto\/tyokirja\/<\/p>\n<p><a href=\"https:\/\/blogi.eoppimispalvelut.fi\/vahto\/tyokirja\/\">Vahvuusperusteisen ohjauksen ty\u00f6kirja<\/a> blogi.eoppimispalvelut.fi\/vahto\/tyokirja\/<\/p>\n<div>\n<p><a href=\"https:\/\/www.tulevaisuusmatka.fi\/\">Tulevaisuusmatka -ty\u00f6kalut<\/a> (tulevaisuuden suunnittelu) www.tulevaisuusmatka.fi<\/p>\n<\/div>\n<p><a href=\"https:\/\/nuortennyt.fi\/nuorille\/duunikone\/\">Duunikone<\/a> (vahvuudet ja uran suunta) nuortennyt.fi\/nuorille\/duunikone\/<\/p>\n<p><a href=\"https:\/\/www.studentum.fi\/EducationTest\/Start\/11\">Ammatinvalintatesti<\/a> (minne peruskoulun tai lukion j\u00e4lkeen) www.studentum.fi\/EducationTest\/Start\/11<\/p>\n<h2>Ty\u00f6el\u00e4m\u00e4- ja opiskeluvalmiudet<\/h2>\n<h2><a style=\"font-size: 16px;font-weight: 400\" href=\"https:\/\/retumittari.fi\/language\">CREAR- mittari<\/a><span style=\"font-size: 16px;font-weight: 400\"> (opintojen etenemist\u00e4 haittaavat tekij\u00e4t) retumittari.fi<\/span><\/h2>\n<div>\n<p style=\"font-weight: 400\"><a href=\"https:\/\/kykyviisari.ttl.fi\/intro\/page2\">Kykyviisari<\/a> (ty\u00f6- ja toimintakyky) https:\/\/kykyviisari.ttl.fi<\/p>\n<div>\n<p><a href=\"https:\/\/luovi.fi\/tutustu-ja-hae-luoviin\/ruori-arviointimenetelma\/\">RUORI-arviointimenetelm\u00e4<\/a> (tuen ja ohjauksen tarve) luovi.fi\/tutustu-ja-hae-luoviin\/ruori-arviointimenetelma<\/p>\n<\/div>\n<\/div>\n","protected":false},"excerpt":{"rendered":"<p>Ty\u00f6markkinatori\u00a0 Ammattien ja alojen vertailuun) tyomarkkinatori.fi\/ammattitieto Ty\u00f6voimabarometri \u00a0Osaamisen ja ty\u00f6voiman kysynt\u00e4 ty\u00f6markkinoilla) tyovoimabarometri.fi\/ toissa.fi Koulutuspolku uralle YLE:n palkkakone Itsetuntemus AVO-ammatinvalintaohjelma Digitaaliset vahvuuskortit (omien vahvuuksien tunnistaminen) storyline.perho.fi\/vk\/story.html Vahto-vahvuuskortit blogi.eoppimispalvelut.fi\/vahto\/tyokirja\/ Vahvuusperusteisen ohjauksen ty\u00f6kirja blogi.eoppimispalvelut.fi\/vahto\/tyokirja\/ Tulevaisuusmatka -ty\u00f6kalut (tulevaisuuden suunnittelu) www.tulevaisuusmatka.fi Duunikone (vahvuudet ja uran suunta) nuortennyt.fi\/nuorille\/duunikone\/ Ammatinvalintatesti (minne peruskoulun tai lukion j\u00e4lkeen) www.studentum.fi\/EducationTest\/Start\/11 Ty\u00f6el\u00e4m\u00e4- ja opiskeluvalmiudet CREAR- mittari &hellip; <a href=\"https:\/\/blog.edu.turku.fi\/opo\/uravalinta\/\" class=\"more-link\">Jatka lukemista<span class=\"screen-reader-text\"> &#8221;Urasuunnittelu&#8221;<\/span><\/a><\/p>\n","protected":false},"author":138,"featured_media":0,"parent":0,"menu_order":0,"comment_status":"closed","ping_status":"closed","template":"","meta":{"footnotes":""},"class_list":["post-71","page","type-page","status-publish","hentry"],"_links":{"self":[{"href":"https:\/\/blog.edu.turku.fi\/opo\/wp-json\/wp\/v2\/pages\/71","targetHints":{"allow":["GET"]}}],"collection":[{"href":"https:\/\/blog.edu.turku.fi\/opo\/wp-json\/wp\/v2\/pages"}],"about":[{"href":"https:\/\/blog.edu.turku.fi\/opo\/wp-json\/wp\/v2\/types\/page"}],"author":[{"embeddable":true,"href":"https:\/\/blog.edu.turku.fi\/opo\/wp-json\/wp\/v2\/users\/138"}],"replies":[{"embeddable":true,"href":"https:\/\/blog.edu.turku.fi\/opo\/wp-json\/wp\/v2\/comments?post=71"}],"version-history":[{"count":35,"href":"https:\/\/blog.edu.turku.fi\/opo\/wp-json\/wp\/v2\/pages\/71\/revisions"}],"predecessor-version":[{"id":921,"href":"https:\/\/blog.edu.turku.fi\/opo\/wp-json\/wp\/v2\/pages\/71\/revisions\/921"}],"wp:attachment":[{"href":"https:\/\/blog.edu.turku.fi\/opo\/wp-json\/wp\/v2\/media?parent=71"}],"curies":[{"name":"wp","href":"https:\/\/api.w.org\/{rel}","templated":true}]}}