{"id":14,"date":"2021-10-13T15:23:46","date_gmt":"2021-10-13T12:23:46","guid":{"rendered":"https:\/\/blog.edu.turku.fi\/oikeusosallistua\/?page_id=14"},"modified":"2021-10-15T15:12:07","modified_gmt":"2021-10-15T12:12:07","slug":"verkosto","status":"publish","type":"page","link":"https:\/\/blog.edu.turku.fi\/oikeusosallistua\/verkosto\/","title":{"rendered":"Verkosto"},"content":{"rendered":"<p>Oikeus osallistua -hanke toteutetaan viiden koulutuksen j\u00e4rjest\u00e4j\u00e4n verkostossa, ja mukana ovat seuraavat oppilaitokset:<\/p>\n<p>\u2013 Turun ammatti-instituutti<br \/>\n\u2013 <a href=\"https:\/\/www.sskky.fi\/kuntayhtyma\/hankinnat\/oikeus-osata\" target=\"_blank\" rel=\"noopener\">Salon seudun ammattiopisto<\/a><br \/>\n\u2013 <a href=\"http:\/\/sataedu.fi\/hanke\/oikeus-osallistua\/\" target=\"_blank\" rel=\"noopener\">Sataedu<\/a><br \/>\n\u2013 Turun kristillinen opisto<br \/>\n\u2013 <a href=\"https:\/\/www.livia.fi\/livia\/hankkeet\" target=\"_blank\" rel=\"noopener\">Ammattiopisto Livia<\/a><\/p>\n<p>Hankkeen hallinnoinnista vastaa Turun kaupungin konsernihallinnon kehitt\u00e4mispalvelut.<br \/>\n<strong>Toteutusaika:<\/strong>\u00a013.11.2020\u221230.6.2022<\/p>\n<p>Turun kaupunki<br \/>\nMiia Lehtonen<br \/>\nmiia.m.lehtonen(a)turku.fi<\/p>\n","protected":false},"excerpt":{"rendered":"<p>Oikeus osallistua -hanke toteutetaan viiden koulutuksen j\u00e4rjest\u00e4j\u00e4n verkostossa, ja mukana ovat seuraavat oppilaitokset: \u2013 Turun ammatti-instituutti \u2013 Salon seudun ammattiopisto \u2013 Sataedu \u2013 Turun kristillinen opisto \u2013 Ammattiopisto Livia Hankkeen hallinnoinnista vastaa Turun kaupungin konsernihallinnon kehitt\u00e4mispalvelut. Toteutusaika:\u00a013.11.2020\u221230.6.2022 Turun kaupunki Miia Lehtonen miia.m.lehtonen(a)turku.fi<\/p>\n","protected":false},"author":9,"featured_media":0,"parent":0,"menu_order":0,"comment_status":"closed","ping_status":"closed","template":"","meta":{"footnotes":""},"class_list":["post-14","page","type-page","status-publish","hentry"],"_links":{"self":[{"href":"https:\/\/blog.edu.turku.fi\/oikeusosallistua\/wp-json\/wp\/v2\/pages\/14","targetHints":{"allow":["GET"]}}],"collection":[{"href":"https:\/\/blog.edu.turku.fi\/oikeusosallistua\/wp-json\/wp\/v2\/pages"}],"about":[{"href":"https:\/\/blog.edu.turku.fi\/oikeusosallistua\/wp-json\/wp\/v2\/types\/page"}],"author":[{"embeddable":true,"href":"https:\/\/blog.edu.turku.fi\/oikeusosallistua\/wp-json\/wp\/v2\/users\/9"}],"replies":[{"embeddable":true,"href":"https:\/\/blog.edu.turku.fi\/oikeusosallistua\/wp-json\/wp\/v2\/comments?post=14"}],"version-history":[{"count":3,"href":"https:\/\/blog.edu.turku.fi\/oikeusosallistua\/wp-json\/wp\/v2\/pages\/14\/revisions"}],"predecessor-version":[{"id":45,"href":"https:\/\/blog.edu.turku.fi\/oikeusosallistua\/wp-json\/wp\/v2\/pages\/14\/revisions\/45"}],"wp:attachment":[{"href":"https:\/\/blog.edu.turku.fi\/oikeusosallistua\/wp-json\/wp\/v2\/media?parent=14"}],"curies":[{"name":"wp","href":"https:\/\/api.w.org\/{rel}","templated":true}]}}