{"id":2526,"date":"2021-02-19T17:36:37","date_gmt":"2021-02-19T15:36:37","guid":{"rendered":"https:\/\/blog.edu.turku.fi\/nummenpakka\/?page_id=2526"},"modified":"2023-11-28T12:01:35","modified_gmt":"2023-11-28T10:01:35","slug":"move","status":"publish","type":"page","link":"https:\/\/blog.edu.turku.fi\/nummenpakka\/move\/","title":{"rendered":"MIHI- MOVE!"},"content":{"rendered":"<p><strong>Mihi &#8211; Rajattomasti mahdollisuuksia oppilaille mihin menn\u00e4, mit\u00e4 tehd\u00e4.<br \/>\n<\/strong>Lis\u00e4tietoa: <a href=\"https:\/\/mihi.fi\/\" target=\"_blank\" rel=\"noopener\">https:\/\/mihi.fi\/<\/a><\/p>\n<p><strong>MOVE! -Fyysisen toimintakyvyn seurantaj\u00e4rjestelm\u00e4<br \/>\n<\/strong>Move! on perusopetuksen 5. ja 8. vuosiluokkien oppilaille tarkoitettu fyysisen toimintakyvyn valtakunnallinen tiedonkeruu- ja palautej\u00e4rjestelm\u00e4, joka tuottaa muun muassa tietoa yhdistett\u00e4v\u00e4ksi 5. ja 8. vuosiluokilla koululaisille teht\u00e4viin laajoihin terveystarkastuksiin. J\u00e4rjestelm\u00e4n keskeisen\u00e4 tarkoituksena on kannustaa omatoimiseen fyysisest\u00e4 toimintakyvyst\u00e4 huolehtimiseen.<br \/>\n<strong><br \/>\nK\u00e4y tutustumassa tarkemmin: <a href=\"https:\/\/www.oph.fi\/fi\/move\" target=\"_blank\" rel=\"noopener noreferrer\">Move! | Opetushallitus (oph.fi)<\/a><br \/>\n<\/strong><a href=\"https:\/\/blog.edu.turku.fi\/nummenpakka\/files\/2023\/11\/nummenpakan_koulu_03310_turku_move2023_Optimized.pdf\" target=\"_blank\" rel=\"noopener\">Nummenpakan koulun tulokset 2023 (5. ja 8.luokat)<\/a><strong><br \/>\n<\/strong><a href=\"https:\/\/blog.edu.turku.fi\/nummenpakka\/files\/2022\/11\/nummenpakan_koulu_03310_move2022.pdf\" target=\"_blank\" rel=\"noopener\">Nummenpakan koulun tulokset 2022 (5. ja 8.luokat)<\/a><br \/>\n<a href=\"https:\/\/blog.edu.turku.fi\/nummenpakka\/files\/2022\/01\/koulu_03310.pdf\" target=\"_blank\" rel=\"noopener\">Nummenpakan koulun tulokset 2021 (5. ja 8.luokat)<\/a><\/p>\n<p><a href=\"https:\/\/blog.edu.turku.fi\/nummenpakka\/files\/2022\/01\/kunta_TurkuAbo.pdf\" target=\"_blank\" rel=\"noopener\">Turun kaupungin tulokset 2021<\/a><\/p>\n<p><a href=\"https:\/\/blog.edu.turku.fi\/nummenpakka\/files\/2021\/03\/Move_info-kouluille-helmikuu2021.pdf\" target=\"_blank\" rel=\"noopener noreferrer\">MOVE!- tulosten hy\u00f6dynt\u00e4minen koulussa ja valmistautuminen vuoden 2021 mittauksiin<\/a><\/p>\n<p><a href=\"https:\/\/blog.edu.turku.fi\/nummenpakka\/files\/2021\/03\/Move-tulokset-2020-NUM.pdf\" target=\"_blank\" rel=\"noopener noreferrer\">Nummenpakan koulun tulokset 2020 (5. ja 8.luokat)<\/a><\/p>\n<p>&nbsp;<\/p>\n<p><strong>Nuorisopassi 7.luokkalaisille lukuvuonna 2022-23<\/strong><br \/>\nKoulun 7. luokkalaiset oppilaat (jotka ovat saaneet huoltajalta luvan) p\u00e4\u00e4sev\u00e4t k\u00e4ytt\u00e4m\u00e4\u00e4n nuorisopassin maksuttomia harrastamiseen ja vapaa-ajan viettoon liittyvi\u00e4 etuja lukuvuonna 2022-2023.<br \/>\nLupalomake ja tarkemmat tiedot huoltajat l\u00f6ytyv\u00e4t Wilman lomakkeet-osiosta.<br \/>\nKun huoltaja on k\u00e4ynyt luvan hyv\u00e4ksym\u00e4ss\u00e4, nuori p\u00e4\u00e4see k\u00e4ytt\u00e4m\u00e4\u00e4n etuja.<br \/>\nTarkemmat ohjeet ym. l\u00e4hetetty huoltajille ja oppilaille Wilmassa.<\/p>\n<p>Lis\u00e4tietoa:\u00a0<a href=\"https:\/\/nuorisopassi.fi\/\" target=\"_blank\" rel=\"noopener\">nuorisopassi.fi<\/a><a href=\"https:\/\/nuorisopassi.fi\/\">\/<\/a>\u00a0 ja <a href=\"https:\/\/blog.edu.turku.fi\/nummenpakka\/files\/2022\/08\/Nuorisopassi-lukuvuonna-2022-23-7.lk_.pdf\">https:\/\/blog.edu.turku.fi\/nummenpakka\/files\/2022\/08\/Nuorisopassi-lukuvuonna-2022-23-7.lk_.pdf<\/a><\/p>\n<p>Lis\u00e4tietoa oppilaille Nuorisopassin k\u00e4ytt\u00f6\u00f6notosta:<br \/>\n<a href=\"https:\/\/blog.edu.turku.fi\/nummenpakka\/files\/2022\/08\/Nuorisopassi-tiedote_jatkopilotti1.pdf\" target=\"_blank\" rel=\"noopener\">suomeksi<\/a><br \/>\n<a href=\"https:\/\/blog.edu.turku.fi\/nummenpakka\/files\/2022\/08\/Nuorisopassi-tiedote_jatkopilotti_Englanti.pdf\">englanniksi<\/a><br \/>\n<a href=\"https:\/\/blog.edu.turku.fi\/nummenpakka\/files\/2022\/08\/Arabia-Nuorisopassi-tiedote_jatkopilotti.pdf\" target=\"_blank\" rel=\"noopener\">arabiaksi<\/a><\/p>\n<p>&nbsp;<\/p>\n<p><strong>Mihi &#8211; Rajattomasti mahdollisuuksia oppilaille mihin menn\u00e4, mit\u00e4 tehd\u00e4.<br \/>\n<\/strong>Lis\u00e4tietoa: <a href=\"https:\/\/mihi.fi\/\" target=\"_blank\" rel=\"noopener\">https:\/\/mihi.fi\/<\/a><\/p>\n","protected":false},"excerpt":{"rendered":"<p>Mihi &#8211; Rajattomasti mahdollisuuksia oppilaille mihin menn\u00e4, mit\u00e4 tehd\u00e4. Lis\u00e4tietoa: https:\/\/mihi.fi\/ MOVE! -Fyysisen toimintakyvyn seurantaj\u00e4rjestelm\u00e4 Move! on perusopetuksen 5. ja 8. vuosiluokkien oppilaille tarkoitettu fyysisen toimintakyvyn valtakunnallinen tiedonkeruu- ja palautej\u00e4rjestelm\u00e4, joka tuottaa muun muassa tietoa yhdistett\u00e4v\u00e4ksi 5. ja 8. vuosiluokilla koululaisille teht\u00e4viin laajoihin terveystarkastuksiin. J\u00e4rjestelm\u00e4n keskeisen\u00e4 tarkoituksena on kannustaa omatoimiseen fyysisest\u00e4 toimintakyvyst\u00e4 huolehtimiseen. K\u00e4y tutustumassa &hellip; <a href=\"https:\/\/blog.edu.turku.fi\/nummenpakka\/move\/\" class=\"more-link\">Jatka lukemista<span class=\"screen-reader-text\"> &#8221;MIHI- MOVE!&#8221;<\/span><\/a><\/p>\n","protected":false},"author":82,"featured_media":0,"parent":0,"menu_order":0,"comment_status":"closed","ping_status":"closed","template":"","meta":{"footnotes":""},"class_list":["post-2526","page","type-page","status-publish","hentry"],"_links":{"self":[{"href":"https:\/\/blog.edu.turku.fi\/nummenpakka\/wp-json\/wp\/v2\/pages\/2526","targetHints":{"allow":["GET"]}}],"collection":[{"href":"https:\/\/blog.edu.turku.fi\/nummenpakka\/wp-json\/wp\/v2\/pages"}],"about":[{"href":"https:\/\/blog.edu.turku.fi\/nummenpakka\/wp-json\/wp\/v2\/types\/page"}],"author":[{"embeddable":true,"href":"https:\/\/blog.edu.turku.fi\/nummenpakka\/wp-json\/wp\/v2\/users\/82"}],"replies":[{"embeddable":true,"href":"https:\/\/blog.edu.turku.fi\/nummenpakka\/wp-json\/wp\/v2\/comments?post=2526"}],"version-history":[{"count":27,"href":"https:\/\/blog.edu.turku.fi\/nummenpakka\/wp-json\/wp\/v2\/pages\/2526\/revisions"}],"predecessor-version":[{"id":3977,"href":"https:\/\/blog.edu.turku.fi\/nummenpakka\/wp-json\/wp\/v2\/pages\/2526\/revisions\/3977"}],"wp:attachment":[{"href":"https:\/\/blog.edu.turku.fi\/nummenpakka\/wp-json\/wp\/v2\/media?parent=2526"}],"curies":[{"name":"wp","href":"https:\/\/api.w.org\/{rel}","templated":true}]}}