{"id":2445,"date":"2021-01-24T22:54:51","date_gmt":"2021-01-24T20:54:51","guid":{"rendered":"https:\/\/blog.edu.turku.fi\/nummenpakka\/?page_id=2445"},"modified":"2023-08-14T13:39:18","modified_gmt":"2023-08-14T10:39:18","slug":"kiinteistonhoito-ja-siivous","status":"publish","type":"page","link":"https:\/\/blog.edu.turku.fi\/nummenpakka\/yhteystiedot\/kiinteistonhoito-ja-siivous\/","title":{"rendered":"Kiinteist\u00f6nhoito ja siivous"},"content":{"rendered":"<p>kiinteist\u00f6nhoitaja Kari Kujanp\u00e4\u00e4 (Halisten yksikk\u00f6 ja Nummen v\u00e4ist\u00f6tila Halisissa) 040 523 2011: <em>(s\u00e4hk\u00f6posti muotoa etunimi.sukunimi<u>@arkea.fi)<br \/>\n<\/u><\/em><br \/>\nkiinteist\u00f6nhoito Pekka Rautsala (Aurajoen yksikk\u00f6) 050 590 7459:<br \/>\n<em>(s\u00e4hk\u00f6posti muotoa etunimi.sukunimi<u>@arkea.fi)<\/u><\/em><\/p>\n<p class=\"xmsonormal\"><span style=\"color: #000000\">siivouksen palveluesimies Ninni Hiltunen 040 482 9826\u00a0 <em>(s\u00e4hk\u00f6posti muotoa etunimi.sukunimi<u>@palmia.fi)<\/u><\/em><\/span><\/p>\n<p>&nbsp;<\/p>\n<p class=\"xmsonormal\"><span style=\"color: black\">\u00a0<\/span><\/p>\n","protected":false},"excerpt":{"rendered":"<p>kiinteist\u00f6nhoitaja Kari Kujanp\u00e4\u00e4 (Halisten yksikk\u00f6 ja Nummen v\u00e4ist\u00f6tila Halisissa) 040 523 2011: (s\u00e4hk\u00f6posti muotoa etunimi.sukunimi@arkea.fi) kiinteist\u00f6nhoito Pekka Rautsala (Aurajoen yksikk\u00f6) 050 590 7459: (s\u00e4hk\u00f6posti muotoa etunimi.sukunimi@arkea.fi) siivouksen palveluesimies Ninni Hiltunen 040 482 9826\u00a0 (s\u00e4hk\u00f6posti muotoa etunimi.sukunimi@palmia.fi) &nbsp; \u00a0<\/p>\n","protected":false},"author":82,"featured_media":0,"parent":36,"menu_order":0,"comment_status":"closed","ping_status":"closed","template":"","meta":{"footnotes":""},"class_list":["post-2445","page","type-page","status-publish","hentry"],"_links":{"self":[{"href":"https:\/\/blog.edu.turku.fi\/nummenpakka\/wp-json\/wp\/v2\/pages\/2445","targetHints":{"allow":["GET"]}}],"collection":[{"href":"https:\/\/blog.edu.turku.fi\/nummenpakka\/wp-json\/wp\/v2\/pages"}],"about":[{"href":"https:\/\/blog.edu.turku.fi\/nummenpakka\/wp-json\/wp\/v2\/types\/page"}],"author":[{"embeddable":true,"href":"https:\/\/blog.edu.turku.fi\/nummenpakka\/wp-json\/wp\/v2\/users\/82"}],"replies":[{"embeddable":true,"href":"https:\/\/blog.edu.turku.fi\/nummenpakka\/wp-json\/wp\/v2\/comments?post=2445"}],"version-history":[{"count":15,"href":"https:\/\/blog.edu.turku.fi\/nummenpakka\/wp-json\/wp\/v2\/pages\/2445\/revisions"}],"predecessor-version":[{"id":3795,"href":"https:\/\/blog.edu.turku.fi\/nummenpakka\/wp-json\/wp\/v2\/pages\/2445\/revisions\/3795"}],"up":[{"embeddable":true,"href":"https:\/\/blog.edu.turku.fi\/nummenpakka\/wp-json\/wp\/v2\/pages\/36"}],"wp:attachment":[{"href":"https:\/\/blog.edu.turku.fi\/nummenpakka\/wp-json\/wp\/v2\/media?parent=2445"}],"curies":[{"name":"wp","href":"https:\/\/api.w.org\/{rel}","templated":true}]}}