{"id":180,"date":"2013-05-03T12:56:03","date_gmt":"2013-05-03T09:56:03","guid":{"rendered":"https:\/\/blog.edu.turku.fi\/nummenpakka\/?page_id=180"},"modified":"2022-08-31T14:34:24","modified_gmt":"2022-08-31T11:34:24","slug":"aamu-ja-iltapaivatoiminta","status":"publish","type":"page","link":"https:\/\/blog.edu.turku.fi\/nummenpakka\/oppilaille-ja-huoltajille\/aamu-ja-iltapaivatoiminta\/","title":{"rendered":"Aamu- ja iltap\u00e4iv\u00e4toiminta"},"content":{"rendered":"<p><strong>ILTAP\u00c4IV\u00c4TOIMINTA 2022-23<\/strong><\/p>\n<p><strong>Nummen yksik\u00f6n iltap\u00e4iv\u00e4toiminta<br \/>\n<\/strong>Nummenpakan koulun Nummen v\u00e4ist\u00f6tilat (A-rakennus)<br \/>\nPaavinkatu 13, 20540 Turku<br \/>\nkoulup\u00e4ivin\u00e4 klo 11-17<br \/>\n044-907 2993<\/p>\n<p><strong>Halisten\u00a0iltap\u00e4iv\u00e4toiminta<br \/>\n<\/strong>Gregorius IX:n tie 8, 20540 Turku<br \/>\nkoulup\u00e4ivin\u00e4 klo 11-17<br \/>\n040-3417631<\/p>\n<p><span style=\"color: #ffffff\">Halisten alueen oppilaita on my\u00f6s mukana Turun Urheiluliiton iltap\u00e4iv\u00e4toiminnassa R\u00e4nt\u00e4m\u00e4ess\u00e4 (Siutlankatu 1, 20380) koulup\u00e4ivin\u00e4 klo 12-17 p.040-4862778<\/span><\/p>\n","protected":false},"excerpt":{"rendered":"<p>ILTAP\u00c4IV\u00c4TOIMINTA 2022-23 Nummen yksik\u00f6n iltap\u00e4iv\u00e4toiminta Nummenpakan koulun Nummen v\u00e4ist\u00f6tilat (A-rakennus) Paavinkatu 13, 20540 Turku koulup\u00e4ivin\u00e4 klo 11-17 044-907 2993 Halisten\u00a0iltap\u00e4iv\u00e4toiminta Gregorius IX:n tie 8, 20540 Turku koulup\u00e4ivin\u00e4 klo 11-17 040-3417631 Halisten alueen oppilaita on my\u00f6s mukana Turun Urheiluliiton iltap\u00e4iv\u00e4toiminnassa R\u00e4nt\u00e4m\u00e4ess\u00e4 (Siutlankatu 1, 20380) koulup\u00e4ivin\u00e4 klo 12-17 p.040-4862778<\/p>\n","protected":false},"author":33,"featured_media":0,"parent":110,"menu_order":0,"comment_status":"closed","ping_status":"closed","template":"","meta":{"footnotes":""},"class_list":["post-180","page","type-page","status-publish","hentry"],"_links":{"self":[{"href":"https:\/\/blog.edu.turku.fi\/nummenpakka\/wp-json\/wp\/v2\/pages\/180","targetHints":{"allow":["GET"]}}],"collection":[{"href":"https:\/\/blog.edu.turku.fi\/nummenpakka\/wp-json\/wp\/v2\/pages"}],"about":[{"href":"https:\/\/blog.edu.turku.fi\/nummenpakka\/wp-json\/wp\/v2\/types\/page"}],"author":[{"embeddable":true,"href":"https:\/\/blog.edu.turku.fi\/nummenpakka\/wp-json\/wp\/v2\/users\/33"}],"replies":[{"embeddable":true,"href":"https:\/\/blog.edu.turku.fi\/nummenpakka\/wp-json\/wp\/v2\/comments?post=180"}],"version-history":[{"count":17,"href":"https:\/\/blog.edu.turku.fi\/nummenpakka\/wp-json\/wp\/v2\/pages\/180\/revisions"}],"predecessor-version":[{"id":3348,"href":"https:\/\/blog.edu.turku.fi\/nummenpakka\/wp-json\/wp\/v2\/pages\/180\/revisions\/3348"}],"up":[{"embeddable":true,"href":"https:\/\/blog.edu.turku.fi\/nummenpakka\/wp-json\/wp\/v2\/pages\/110"}],"wp:attachment":[{"href":"https:\/\/blog.edu.turku.fi\/nummenpakka\/wp-json\/wp\/v2\/media?parent=180"}],"curies":[{"name":"wp","href":"https:\/\/api.w.org\/{rel}","templated":true}]}}