{"id":174,"date":"2013-05-03T12:54:11","date_gmt":"2013-05-03T09:54:11","guid":{"rendered":"https:\/\/blog.edu.turku.fi\/nummenpakka\/?page_id=174"},"modified":"2023-11-07T15:10:13","modified_gmt":"2023-11-07T13:10:13","slug":"oppilaiden_suojaaminen_koulussa_toimintaohje","status":"publish","type":"page","link":"https:\/\/blog.edu.turku.fi\/nummenpakka\/oppilaille-ja-huoltajille\/oppilaiden_suojaaminen_koulussa_toimintaohje\/","title":{"rendered":"Suunnitelma oppilaiden suojaamiseksi v\u00e4kivallalta, kiusaamiselta ja h\u00e4irinn\u00e4lt\u00e4"},"content":{"rendered":"<p><span style=\"color: #ff0000\"><em><strong>kts. uusin versio osana opetussuunnitelman j\u00e4rjestyss\u00e4\u00e4nt\u00f6jen ohessa (p\u00e4ivitetty 6\/2023)<\/strong><\/em><\/span> <a href=\"https:\/\/blog.edu.turku.fi\/nummenpakka\/opetus\/jarjestyssaannot\/\" target=\"_blank\" rel=\"noopener\">t\u00e4\u00e4lt\u00e4<\/a><\/p>\n<p><b>Nummenpakan koulun suunnitelman suojaamiseksi v\u00e4kivallalta, kiusaamiselta ja h\u00e4irinn\u00e4lt\u00e4 l\u00f6yd\u00e4t <a href=\"https:\/\/blog.edu.turku.fi\/nummenpakka\/files\/2021\/01\/Suunnitelma-oppilaiden-suojaamiseksi-vakivallalta-kiusaamiselta-ja-hairinnalta-26.1.2021.pdf\" target=\"_blank\" rel=\"noopener noreferrer\">t\u00e4\u00e4lt\u00e4<\/a>. <\/b><b><\/b><\/p>\n<p><strong>K\u00e4y tutustumassa my\u00f6s KiVa koulun kiusaamisen vastaisiin toimenpiteisiin kotona ja koulussa<\/strong><a href=\"http:\/\/www.kivakoulu.fi\/toimenpiteet_kotona\" target=\"_blank\" rel=\"noopener noreferrer\"><br \/>\n<\/a><a href=\"https:\/\/www.kivakoulu.fi\/vanhemmille\/\" target=\"_blank\" rel=\"noopener noreferrer\">https:\/\/www.kivakoulu.fi\/vanhemmille\/<\/a><\/p>\n<p>&nbsp;<\/p>\n","protected":false},"excerpt":{"rendered":"<p>kts. uusin versio osana opetussuunnitelman j\u00e4rjestyss\u00e4\u00e4nt\u00f6jen ohessa (p\u00e4ivitetty 6\/2023) t\u00e4\u00e4lt\u00e4 Nummenpakan koulun suunnitelman suojaamiseksi v\u00e4kivallalta, kiusaamiselta ja h\u00e4irinn\u00e4lt\u00e4 l\u00f6yd\u00e4t t\u00e4\u00e4lt\u00e4. K\u00e4y tutustumassa my\u00f6s KiVa koulun kiusaamisen vastaisiin toimenpiteisiin kotona ja koulussa https:\/\/www.kivakoulu.fi\/vanhemmille\/ &nbsp;<\/p>\n","protected":false},"author":33,"featured_media":0,"parent":110,"menu_order":0,"comment_status":"closed","ping_status":"closed","template":"","meta":{"footnotes":""},"class_list":["post-174","page","type-page","status-publish","hentry"],"_links":{"self":[{"href":"https:\/\/blog.edu.turku.fi\/nummenpakka\/wp-json\/wp\/v2\/pages\/174","targetHints":{"allow":["GET"]}}],"collection":[{"href":"https:\/\/blog.edu.turku.fi\/nummenpakka\/wp-json\/wp\/v2\/pages"}],"about":[{"href":"https:\/\/blog.edu.turku.fi\/nummenpakka\/wp-json\/wp\/v2\/types\/page"}],"author":[{"embeddable":true,"href":"https:\/\/blog.edu.turku.fi\/nummenpakka\/wp-json\/wp\/v2\/users\/33"}],"replies":[{"embeddable":true,"href":"https:\/\/blog.edu.turku.fi\/nummenpakka\/wp-json\/wp\/v2\/comments?post=174"}],"version-history":[{"count":34,"href":"https:\/\/blog.edu.turku.fi\/nummenpakka\/wp-json\/wp\/v2\/pages\/174\/revisions"}],"predecessor-version":[{"id":3932,"href":"https:\/\/blog.edu.turku.fi\/nummenpakka\/wp-json\/wp\/v2\/pages\/174\/revisions\/3932"}],"up":[{"embeddable":true,"href":"https:\/\/blog.edu.turku.fi\/nummenpakka\/wp-json\/wp\/v2\/pages\/110"}],"wp:attachment":[{"href":"https:\/\/blog.edu.turku.fi\/nummenpakka\/wp-json\/wp\/v2\/media?parent=174"}],"curies":[{"name":"wp","href":"https:\/\/api.w.org\/{rel}","templated":true}]}}