{"id":2047,"date":"2018-02-28T21:23:03","date_gmt":"2018-02-28T18:23:03","guid":{"rendered":"https:\/\/blog.edu.turku.fi\/navigare2010\/?page_id=2047"},"modified":"2024-05-30T23:56:56","modified_gmt":"2024-05-30T20:56:56","slug":"merilukion-juhlapurjehdus-bergen-shetlannin-saaret-bergen","status":"publish","type":"page","link":"https:\/\/blog.edu.turku.fi\/navigare2010\/merilukion-juhlapurjehdus-bergen-shetlannin-saaret-bergen\/","title":{"rendered":"Turku-Maarianhamina-Tukholma-Turku"},"content":{"rendered":"<p>Alus: kuunari Lokki<\/p>\n<p>Aika: 10.8-23.8.2024<\/p>\n<p>Kurssilla opiskellaan perinteisi\u00e4 merenkulkutaitoja, It\u00e4meren alueen historiaa sek\u00e4 maantiedett\u00e4 ja biologiaa ottamalla muun muassa vesi- ja pohjan\u00e4ytteit\u00e4.<\/p>\n<p>Kurssi toteutetaan yhteisty\u00f6ss\u00e4 HG- Productionin ja Kimmo Hotasen kanssa Lokki aluksella. Mukana purjehduksella on 2 ammattimiehist\u00f6n j\u00e4sent\u00e4 sek\u00e4 kaksi opettajaa. Opiskelijoita on mukana 10\/ryhm\u00e4. Purjehdus toteutetaan kolmessa eri ryhm\u00e4ss\u00e4 .I ryhm\u00e4 purjehtii Maarianhaminaan. II ryhm\u00e4 siirtyy laivalla Maarianhaminaan ja purjehtii Tukholmaan, III ryhm\u00e4 purjehtii Lokin lopulta Tukholmasta\u00a0 Turkuun, johon purjehdus p\u00e4\u00e4ttyy.<\/p>\n<p>&nbsp;<\/p>\n","protected":false},"excerpt":{"rendered":"<p>Alus: kuunari Lokki Aika: 10.8-23.8.2024 Kurssilla opiskellaan perinteisi\u00e4 merenkulkutaitoja, It\u00e4meren alueen historiaa sek\u00e4 maantiedett\u00e4 ja biologiaa ottamalla muun muassa vesi- ja pohjan\u00e4ytteit\u00e4. Kurssi toteutetaan yhteisty\u00f6ss\u00e4 HG- Productionin ja Kimmo Hotasen kanssa Lokki aluksella. Mukana purjehduksella on 2 ammattimiehist\u00f6n j\u00e4sent\u00e4 sek\u00e4 kaksi opettajaa. Opiskelijoita on mukana 10\/ryhm\u00e4. Purjehdus toteutetaan kolmessa eri ryhm\u00e4ss\u00e4 .I ryhm\u00e4 purjehtii Maarianhaminaan. &hellip; <a href=\"https:\/\/blog.edu.turku.fi\/navigare2010\/merilukion-juhlapurjehdus-bergen-shetlannin-saaret-bergen\/\" class=\"more-link\">Jatka lukemista<span class=\"screen-reader-text\"> &#8221;Turku-Maarianhamina-Tukholma-Turku&#8221;<\/span><\/a><\/p>\n","protected":false},"author":18,"featured_media":0,"parent":0,"menu_order":0,"comment_status":"closed","ping_status":"closed","template":"","meta":{"footnotes":""},"class_list":["post-2047","page","type-page","status-publish","hentry"],"_links":{"self":[{"href":"https:\/\/blog.edu.turku.fi\/navigare2010\/wp-json\/wp\/v2\/pages\/2047","targetHints":{"allow":["GET"]}}],"collection":[{"href":"https:\/\/blog.edu.turku.fi\/navigare2010\/wp-json\/wp\/v2\/pages"}],"about":[{"href":"https:\/\/blog.edu.turku.fi\/navigare2010\/wp-json\/wp\/v2\/types\/page"}],"author":[{"embeddable":true,"href":"https:\/\/blog.edu.turku.fi\/navigare2010\/wp-json\/wp\/v2\/users\/18"}],"replies":[{"embeddable":true,"href":"https:\/\/blog.edu.turku.fi\/navigare2010\/wp-json\/wp\/v2\/comments?post=2047"}],"version-history":[{"count":11,"href":"https:\/\/blog.edu.turku.fi\/navigare2010\/wp-json\/wp\/v2\/pages\/2047\/revisions"}],"predecessor-version":[{"id":3588,"href":"https:\/\/blog.edu.turku.fi\/navigare2010\/wp-json\/wp\/v2\/pages\/2047\/revisions\/3588"}],"wp:attachment":[{"href":"https:\/\/blog.edu.turku.fi\/navigare2010\/wp-json\/wp\/v2\/media?parent=2047"}],"curies":[{"name":"wp","href":"https:\/\/api.w.org\/{rel}","templated":true}]}}