{"id":690,"date":"2017-08-04T13:37:54","date_gmt":"2017-08-04T10:37:54","guid":{"rendered":"https:\/\/blog.edu.turku.fi\/monikulttuurinenopetus\/?page_id=690"},"modified":"2017-08-04T14:28:50","modified_gmt":"2017-08-04T11:28:50","slug":"monikulttuurisuus-ja-monikieliset-oppilaat-opsissa","status":"publish","type":"page","link":"https:\/\/blog.edu.turku.fi\/monikulttuurinenopetus\/monikulttuurisuus-ja-monikieliset-oppilaat-opsissa\/","title":{"rendered":"Monikulttuurisuus ja monikieliset oppilaat OPSissa"},"content":{"rendered":"<p><strong>Monikulttuurisuus<\/strong> mainitaan 1.8.2016 voimaan tulleessa perusopetuksen opetussuunnitelmassa monessa kohtaa, etenkin luvussa 3.3. <a href=\"https:\/\/blog.edu.turku.fi\/ops2016\/hyvaksytyt\/paikalliset-suunnitelmat\/\">T\u00e4st\u00e4 linkist\u00e4<\/a> p\u00e4\u00e4set lukemaan koko opetusuunnitelman.<\/p>\n<p>Seuraavaan on koottu\u00a0monikulttuurisuuteen liittyvi\u00e4 otteita OPSista:<\/p>\n<p><strong>Perusopetuksen opetussuunnitelman perusteet 2014, luku 3.3:<\/strong><\/p>\n<p><strong>KULTTUURINEN OSAAMINEN, VUOROVAIKUTUS JA ILMAISU (L2)<\/strong><\/p>\n<p>\u201dOppilaat kasvavat maailmaan, joka on kulttuurisesti, kielellisesti, uskonnollisesti ja katsomuksellisesti moninainen.\u201d<\/p>\n<p>\u201dOppilaat oppivat arvostamaan omia sosiaalisia, kulttuurisia, uskonnollisia, katsomuksellisia ja kielellisi\u00e4 juuriaan.\u201d<\/p>\n<p>\u201dOpetuksessa tuetaan oppilaiden kasvua monipuolisiksi ja taitaviksi kielenk\u00e4ytt\u00e4jiksi sek\u00e4 \u00e4idinkielell\u00e4\u00e4n ett\u00e4 muilla kielill\u00e4.\u201d<\/p>\n<p>\u201dOppilaita rohkaistaan vuorovaikutukseen ja itsens\u00e4 ilmaisemiseen v\u00e4h\u00e4isell\u00e4kin kielitaidolla.\u201d<\/p>\n<p>\u201dOppilaita ohjataan n\u00e4kem\u00e4\u00e4n kulttuurinen moninaisuus l\u00e4ht\u00f6kohtaisesti my\u00f6nteisen\u00e4 voimavarana.\u201d<\/p>\n<p>&nbsp;<\/p>\n<p><strong>Monikielisist\u00e4 oppilaista<\/strong> sanotaan OPSissa mm. seuraavaa:<\/p>\n<p><strong>Perusopetuksen opetussuunnitelman perusteet 2014, luku 9.4: <\/strong><\/p>\n<p><strong>MUUT MONIKIELISET OPPILAAT<\/strong><\/p>\n<p>\u201dMonikielisten oppilaiden opetuksessa erityisen\u00e4 tavoitteena on tukea oppilaiden monikielisyytt\u00e4 sek\u00e4 identiteetin ja itsetunnon kehittymist\u00e4.\u201d<\/p>\n<p>\u201dMonikielisi\u00e4 oppilaita rohkaistaan k\u00e4ytt\u00e4m\u00e4\u00e4n osaamiaan kieli\u00e4 monipuolisesti eri oppiaineiden tunneilla ja muussa koulun toiminnassa.\u201d<\/p>\n<p>\u201dOppilaille pyrit\u00e4\u00e4n tarjoamaan oppilaan oman \u00e4idinkielen opetusta.\u201d<\/p>\n<p>\u201dOppilaan oman \u00e4idinkielen ja suomen tai ruotsin kielen opetuksen ohella oppilaille annetaan tarvittaessa tukea my\u00f6s muilla oppimisen osa-alueilla tasavertaisten oppimisvalmiuksien saavuttamiseksi.\u201d<\/p>\n<p><b>Turun paikallinen OPS (luku 9.4): \u201d<\/b>Koululla on merkitt\u00e4v\u00e4 rooli monikielisten perheiden kasvatusty\u00f6n tukemisessa. Koulu rohkaisee perheit\u00e4 k\u00e4ytt\u00e4m\u00e4\u00e4n ja kehitt\u00e4m\u00e4\u00e4n aktiivisesti omia \u00e4idinkieli\u00e4\u00e4n sek\u00e4 opiskelukielt\u00e4.\u201d<\/p>\n<p>&nbsp;<\/p>\n","protected":false},"excerpt":{"rendered":"<p>Monikulttuurisuus mainitaan 1.8.2016 voimaan tulleessa perusopetuksen opetussuunnitelmassa monessa kohtaa, etenkin luvussa 3.3. T\u00e4st\u00e4 linkist\u00e4 p\u00e4\u00e4set lukemaan koko opetusuunnitelman. Seuraavaan on koottu\u00a0monikulttuurisuuteen liittyvi\u00e4 otteita OPSista: Perusopetuksen opetussuunnitelman perusteet 2014, luku 3.3: KULTTUURINEN OSAAMINEN, VUOROVAIKUTUS JA ILMAISU (L2) \u201dOppilaat kasvavat maailmaan, joka on kulttuurisesti, kielellisesti, uskonnollisesti ja katsomuksellisesti moninainen.\u201d \u201dOppilaat oppivat arvostamaan omia sosiaalisia, kulttuurisia, uskonnollisia, katsomuksellisia &hellip; <a href=\"https:\/\/blog.edu.turku.fi\/monikulttuurinenopetus\/monikulttuurisuus-ja-monikieliset-oppilaat-opsissa\/\" class=\"more-link\">Jatka lukemista<span class=\"screen-reader-text\"> &#8221;Monikulttuurisuus ja monikieliset oppilaat OPSissa&#8221;<\/span><\/a><\/p>\n","protected":false},"author":1827,"featured_media":0,"parent":0,"menu_order":0,"comment_status":"closed","ping_status":"closed","template":"","meta":{"footnotes":""},"class_list":["post-690","page","type-page","status-publish","hentry"],"_links":{"self":[{"href":"https:\/\/blog.edu.turku.fi\/monikulttuurinenopetus\/wp-json\/wp\/v2\/pages\/690","targetHints":{"allow":["GET"]}}],"collection":[{"href":"https:\/\/blog.edu.turku.fi\/monikulttuurinenopetus\/wp-json\/wp\/v2\/pages"}],"about":[{"href":"https:\/\/blog.edu.turku.fi\/monikulttuurinenopetus\/wp-json\/wp\/v2\/types\/page"}],"author":[{"embeddable":true,"href":"https:\/\/blog.edu.turku.fi\/monikulttuurinenopetus\/wp-json\/wp\/v2\/users\/1827"}],"replies":[{"embeddable":true,"href":"https:\/\/blog.edu.turku.fi\/monikulttuurinenopetus\/wp-json\/wp\/v2\/comments?post=690"}],"version-history":[{"count":5,"href":"https:\/\/blog.edu.turku.fi\/monikulttuurinenopetus\/wp-json\/wp\/v2\/pages\/690\/revisions"}],"predecessor-version":[{"id":696,"href":"https:\/\/blog.edu.turku.fi\/monikulttuurinenopetus\/wp-json\/wp\/v2\/pages\/690\/revisions\/696"}],"wp:attachment":[{"href":"https:\/\/blog.edu.turku.fi\/monikulttuurinenopetus\/wp-json\/wp\/v2\/media?parent=690"}],"curies":[{"name":"wp","href":"https:\/\/api.w.org\/{rel}","templated":true}]}}