{"id":61,"date":"2016-06-08T15:26:03","date_gmt":"2016-06-08T12:26:03","guid":{"rendered":"https:\/\/blog.edu.turku.fi\/monikulttuurinenopetus\/?page_id=61"},"modified":"2020-06-18T09:33:44","modified_gmt":"2020-06-18T06:33:44","slug":"oppilaan-oman-aidinkielen-opetus-mai-2","status":"publish","type":"page","link":"https:\/\/blog.edu.turku.fi\/monikulttuurinenopetus\/oppilaan-oman-aidinkielen-opetus-mai-2\/","title":{"rendered":"Oppilaan oman \u00e4idinkielen opetus (MAI)"},"content":{"rendered":"<p>Oppilaan oman \u00e4idinkielen opetus on tarkoitettu niille, joiden \u00e4idinkieli on muu kuin suomi tai ruotsi. Opetuksessa vahvistetaan kielellisi\u00e4 taitoja ja kulttuuri-identiteetti\u00e4. Opetukseen voivat osallistua my\u00f6s ne oppilaat, jotka ovat oppineet ko. kielen ulkomailla asuessaan.<\/p>\n<p>Opetusta annetaan l\u00e4hes kolmessakymmeness\u00e4 eri kieless\u00e4. Tunnit ovat yleens\u00e4 koulup\u00e4iv\u00e4n j\u00e4lkeen erikseen sovituissa kouluissa.<\/p>\n","protected":false},"excerpt":{"rendered":"<p>Oppilaan oman \u00e4idinkielen opetus on tarkoitettu niille, joiden \u00e4idinkieli on muu kuin suomi tai ruotsi. Opetuksessa vahvistetaan kielellisi\u00e4 taitoja ja kulttuuri-identiteetti\u00e4. Opetukseen voivat osallistua my\u00f6s ne oppilaat, jotka ovat oppineet ko. kielen ulkomailla asuessaan. Opetusta annetaan l\u00e4hes kolmessakymmeness\u00e4 eri kieless\u00e4. Tunnit ovat yleens\u00e4 koulup\u00e4iv\u00e4n j\u00e4lkeen erikseen sovituissa kouluissa.<\/p>\n","protected":false},"author":1827,"featured_media":0,"parent":0,"menu_order":0,"comment_status":"closed","ping_status":"closed","template":"","meta":{"footnotes":""},"class_list":["post-61","page","type-page","status-publish","hentry"],"_links":{"self":[{"href":"https:\/\/blog.edu.turku.fi\/monikulttuurinenopetus\/wp-json\/wp\/v2\/pages\/61","targetHints":{"allow":["GET"]}}],"collection":[{"href":"https:\/\/blog.edu.turku.fi\/monikulttuurinenopetus\/wp-json\/wp\/v2\/pages"}],"about":[{"href":"https:\/\/blog.edu.turku.fi\/monikulttuurinenopetus\/wp-json\/wp\/v2\/types\/page"}],"author":[{"embeddable":true,"href":"https:\/\/blog.edu.turku.fi\/monikulttuurinenopetus\/wp-json\/wp\/v2\/users\/1827"}],"replies":[{"embeddable":true,"href":"https:\/\/blog.edu.turku.fi\/monikulttuurinenopetus\/wp-json\/wp\/v2\/comments?post=61"}],"version-history":[{"count":5,"href":"https:\/\/blog.edu.turku.fi\/monikulttuurinenopetus\/wp-json\/wp\/v2\/pages\/61\/revisions"}],"predecessor-version":[{"id":1098,"href":"https:\/\/blog.edu.turku.fi\/monikulttuurinenopetus\/wp-json\/wp\/v2\/pages\/61\/revisions\/1098"}],"wp:attachment":[{"href":"https:\/\/blog.edu.turku.fi\/monikulttuurinenopetus\/wp-json\/wp\/v2\/media?parent=61"}],"curies":[{"name":"wp","href":"https:\/\/api.w.org\/{rel}","templated":true}]}}