{"id":57,"date":"2016-06-08T15:20:35","date_gmt":"2016-06-08T12:20:35","guid":{"rendered":"https:\/\/blog.edu.turku.fi\/monikulttuurinenopetus\/?page_id=57"},"modified":"2025-08-22T14:46:34","modified_gmt":"2025-08-22T11:46:34","slug":"etusivu","status":"publish","type":"page","link":"https:\/\/blog.edu.turku.fi\/monikulttuurinenopetus\/","title":{"rendered":"Tervetuloa Turun monikulttuurisen opetuksen blogi-sivustolle!"},"content":{"rendered":"<p>T\u00e4\u00e4lt\u00e4 l\u00f6yd\u00e4t ajankohtaista ja hy\u00f6dyllist\u00e4 tietoa monikulttuurisesta opetuksesta Turun perusopetuksessa. Sivusto on tarkoitettu\u00a0Turun opetushenkil\u00f6st\u00f6n k\u00e4ytt\u00f6\u00f6n.<\/p>\n<p>Lis\u00e4tietoja:<\/p>\n<p>monikulttuurisen opetuksen suunnittelija Tenna K\u00e4pyl\u00e4 ja erityispalvelup\u00e4\u00e4llikk\u00f6 Annika Rae, etunimi.sukunimi@turku.fi, puh. 0449074816 ja 040 1964 874<\/p>\n<p>&nbsp;<\/p>\n","protected":false},"excerpt":{"rendered":"<p>T\u00e4\u00e4lt\u00e4 l\u00f6yd\u00e4t ajankohtaista ja hy\u00f6dyllist\u00e4 tietoa monikulttuurisesta opetuksesta Turun perusopetuksessa. Sivusto on tarkoitettu\u00a0Turun opetushenkil\u00f6st\u00f6n k\u00e4ytt\u00f6\u00f6n. Lis\u00e4tietoja: monikulttuurisen opetuksen suunnittelija Tenna K\u00e4pyl\u00e4 ja erityispalvelup\u00e4\u00e4llikk\u00f6 Annika Rae, etunimi.sukunimi@turku.fi, puh. 0449074816 ja 040 1964 874 &nbsp;<\/p>\n","protected":false},"author":1827,"featured_media":0,"parent":0,"menu_order":0,"comment_status":"closed","ping_status":"closed","template":"","meta":{"footnotes":""},"class_list":["post-57","page","type-page","status-publish","hentry"],"_links":{"self":[{"href":"https:\/\/blog.edu.turku.fi\/monikulttuurinenopetus\/wp-json\/wp\/v2\/pages\/57","targetHints":{"allow":["GET"]}}],"collection":[{"href":"https:\/\/blog.edu.turku.fi\/monikulttuurinenopetus\/wp-json\/wp\/v2\/pages"}],"about":[{"href":"https:\/\/blog.edu.turku.fi\/monikulttuurinenopetus\/wp-json\/wp\/v2\/types\/page"}],"author":[{"embeddable":true,"href":"https:\/\/blog.edu.turku.fi\/monikulttuurinenopetus\/wp-json\/wp\/v2\/users\/1827"}],"replies":[{"embeddable":true,"href":"https:\/\/blog.edu.turku.fi\/monikulttuurinenopetus\/wp-json\/wp\/v2\/comments?post=57"}],"version-history":[{"count":25,"href":"https:\/\/blog.edu.turku.fi\/monikulttuurinenopetus\/wp-json\/wp\/v2\/pages\/57\/revisions"}],"predecessor-version":[{"id":2243,"href":"https:\/\/blog.edu.turku.fi\/monikulttuurinenopetus\/wp-json\/wp\/v2\/pages\/57\/revisions\/2243"}],"wp:attachment":[{"href":"https:\/\/blog.edu.turku.fi\/monikulttuurinenopetus\/wp-json\/wp\/v2\/media?parent=57"}],"curies":[{"name":"wp","href":"https:\/\/api.w.org\/{rel}","templated":true}]}}