{"id":409,"date":"2016-08-18T10:29:40","date_gmt":"2016-08-18T07:29:40","guid":{"rendered":"https:\/\/blog.edu.turku.fi\/monikulttuurinenopetus\/?page_id=409"},"modified":"2025-07-02T12:44:50","modified_gmt":"2025-07-02T09:44:50","slug":"opettajat-3","status":"publish","type":"page","link":"https:\/\/blog.edu.turku.fi\/monikulttuurinenopetus\/opettajat-3\/","title":{"rendered":"Opettajat"},"content":{"rendered":"<p>S2-opettajien s\u00e4hk\u00f6postilistan kautta saa tietoa mm. kokouksista, koulutuksista ja ajankohtaisista asioista. Mik\u00e4li et ole listalla, mutta haluaisit j\u00e4seneksi, olethan yhteydess\u00e4 monikulttuurisen opetuksen suunnittelija Tenna K\u00e4pyl\u00e4\u00e4n. S2-opettajilla on my\u00f6s oma Teams-alusta, johon liitty\u00e4ksesi voit olla my\u00f6s suunnittelijaan yhteydess\u00e4.<\/p>\n","protected":false},"excerpt":{"rendered":"<p>S2-opettajien s\u00e4hk\u00f6postilistan kautta saa tietoa mm. kokouksista, koulutuksista ja ajankohtaisista asioista. Mik\u00e4li et ole listalla, mutta haluaisit j\u00e4seneksi, olethan yhteydess\u00e4 monikulttuurisen opetuksen suunnittelija Tenna K\u00e4pyl\u00e4\u00e4n. S2-opettajilla on my\u00f6s oma Teams-alusta, johon liitty\u00e4ksesi voit olla my\u00f6s suunnittelijaan yhteydess\u00e4.<\/p>\n","protected":false},"author":1827,"featured_media":0,"parent":0,"menu_order":0,"comment_status":"closed","ping_status":"closed","template":"","meta":{"footnotes":""},"class_list":["post-409","page","type-page","status-publish","hentry"],"_links":{"self":[{"href":"https:\/\/blog.edu.turku.fi\/monikulttuurinenopetus\/wp-json\/wp\/v2\/pages\/409","targetHints":{"allow":["GET"]}}],"collection":[{"href":"https:\/\/blog.edu.turku.fi\/monikulttuurinenopetus\/wp-json\/wp\/v2\/pages"}],"about":[{"href":"https:\/\/blog.edu.turku.fi\/monikulttuurinenopetus\/wp-json\/wp\/v2\/types\/page"}],"author":[{"embeddable":true,"href":"https:\/\/blog.edu.turku.fi\/monikulttuurinenopetus\/wp-json\/wp\/v2\/users\/1827"}],"replies":[{"embeddable":true,"href":"https:\/\/blog.edu.turku.fi\/monikulttuurinenopetus\/wp-json\/wp\/v2\/comments?post=409"}],"version-history":[{"count":24,"href":"https:\/\/blog.edu.turku.fi\/monikulttuurinenopetus\/wp-json\/wp\/v2\/pages\/409\/revisions"}],"predecessor-version":[{"id":2218,"href":"https:\/\/blog.edu.turku.fi\/monikulttuurinenopetus\/wp-json\/wp\/v2\/pages\/409\/revisions\/2218"}],"wp:attachment":[{"href":"https:\/\/blog.edu.turku.fi\/monikulttuurinenopetus\/wp-json\/wp\/v2\/media?parent=409"}],"curies":[{"name":"wp","href":"https:\/\/api.w.org\/{rel}","templated":true}]}}