{"id":298,"date":"2016-06-14T16:22:02","date_gmt":"2016-06-14T13:22:02","guid":{"rendered":"https:\/\/blog.edu.turku.fi\/monikulttuurinenopetus\/?page_id=298"},"modified":"2023-12-21T10:21:35","modified_gmt":"2023-12-21T08:21:35","slug":"linkkeja-5","status":"publish","type":"page","link":"https:\/\/blog.edu.turku.fi\/monikulttuurinenopetus\/linkkeja-5\/","title":{"rendered":"Materiaalia kielellisesti tuettuun opetukseen"},"content":{"rendered":"<p>Turun Normaalikoulun kielitietoiset oppimateriaalit eri oppiaineisiin. Sivustolla on my\u00f6s omakielist\u00e4 materiaalia arabiaksi ja kurdiksi sek\u00e4 apua erilaisten tekstien ymm\u00e4rt\u00e4miseen ja tuottamiseen: <a href=\"https:\/\/minkki.tnk.fi\/\">Turun normaalikoulun MINKKI-hankkeen verkkoalusta (tnk.fi)<\/a><\/p>\n<p><a href=\"http:\/\/sanapaja.edu.fi\/\" target=\"_blank\" rel=\"noopener noreferrer\"><u>Sanapaja<\/u><\/a> on palvelu, joka tukee opiskelua suomen kielell\u00e4. Sanapajaan ker\u00e4t\u00e4\u00e4n valikoidusti eri oppiaineissa esiintyvi\u00e4 vaikeita sanoja ja k\u00e4sitteit\u00e4, jotka on selitetty ja osin my\u00f6s havainnollistettu. Sanoista on saatavilla k\u00e4\u00e4nn\u00f6ksi\u00e4 usealla eri kielell\u00e4 ja valikoima t\u00e4ydentyy koko ajan. Huom! Sanapajan ohjevideo l\u00f6ytyy apinan kravatin kysymysmerkist\u00e4.<\/p>\n<p>OPH:n tuottamaa selkomateriaalia matematiikkaan, historiaan, yhteiskuntaoppiin ja biologiaan: <a href=\"https:\/\/aipe.edu.fi\/web\/site-807316\/state-jurdgnzqgercytzr\/front-page\">Tuotevalikko (edu.fi)<\/a>\u00a0ja\u00a0<a href=\"https:\/\/verkkokauppa.oph.fi\/sivu\/tuote\/biologia-7-9-metsaekosysteemi-4-6-3-kirjaa-\/2502811\">Biologia 7-9 &#8211; Mets\u00e4ekosysteemi 4-6 (3 kirjaa) | Opetushallitus verkkokauppa (oph.fi)<\/a><\/p>\n<p><a href=\"http:\/\/www.hi2.fi\/\">HIMA- Historiaa maahanmuuttajille<\/a>: HiMa on aikuisille maahanmuuttajille suunnattu kielitietoinen historian oppikirja. Oppimateriaali noudattaa aikuisten perusasteen opetussuunnitelmaa, mutta sit\u00e4 voidaan k\u00e4ytt\u00e4\u00e4 soveltuvin osin my\u00f6s yl\u00e4koulun, LUVA:n ja lukion kurssien kielitietoisena tukimateriaalina. HiMa-hanke on toteutettu vuonna 2016 Opetushallituksen ja Eiran aikuislukion rahoituksella.<\/p>\n<p>Opikkeen sivuilla on ilmaiseksi ladattavissa selkokielist\u00e4 lis\u00e4materiaalia eri oppiaineisiin,\u00a0 esimerkiksi yl\u00e4koulun uskonto: <a href=\"https:\/\/opike.fi\/wp-content\/uploads\/2022\/09\/USKONTO-Ylakoulu-Lisamateriaali-2022.pdf\" target=\"_blank\" rel=\"noopener noreferrer nofollow\">https:\/\/opike.fi\/wp-content\/uploads\/2022\/09\/USKONTO-Ylakoulu-Lisamateriaali-2022.pdf<\/a><\/p>\n<p><a href=\"https:\/\/www.kielibuusti.fi\/fi\">Kielibuusti sivustolta\u00a0<\/a>l\u00f6yd\u00e4t neuvot ja materiaalit kaikkiin suomen ja ruotsin oppimiseen liittyviin kysymyksiin. Sivustolla on muun muassa itseopiskelumateriaaleja, vinkkej\u00e4 kielenoppimiseen ty\u00f6ss\u00e4, kielenoppimisen suunnittelun ja ohjauksen v\u00e4lineit\u00e4 sek\u00e4 pedagogisia materiaaleja. Sivustolta l\u00f6ytyy my\u00f6s muun muassa vinkkej\u00e4 tekstitaitojen opiskeluun: <a href=\"https:\/\/www.kielibuusti.fi\/fi\/opiskele-suomea\/itseopiskelu\/opiskele-tekstitaitoja\">Opiskele tekstitaitoja | Kielibuusti<\/a><\/p>\n","protected":false},"excerpt":{"rendered":"<p>Turun Normaalikoulun kielitietoiset oppimateriaalit eri oppiaineisiin. Sivustolla on my\u00f6s omakielist\u00e4 materiaalia arabiaksi ja kurdiksi sek\u00e4 apua erilaisten tekstien ymm\u00e4rt\u00e4miseen ja tuottamiseen: Turun normaalikoulun MINKKI-hankkeen verkkoalusta (tnk.fi) Sanapaja on palvelu, joka tukee opiskelua suomen kielell\u00e4. Sanapajaan ker\u00e4t\u00e4\u00e4n valikoidusti eri oppiaineissa esiintyvi\u00e4 vaikeita sanoja ja k\u00e4sitteit\u00e4, jotka on selitetty ja osin my\u00f6s havainnollistettu. Sanoista on saatavilla k\u00e4\u00e4nn\u00f6ksi\u00e4 &hellip; <a href=\"https:\/\/blog.edu.turku.fi\/monikulttuurinenopetus\/linkkeja-5\/\" class=\"more-link\">Jatka lukemista<span class=\"screen-reader-text\"> &#8221;Materiaalia kielellisesti tuettuun opetukseen&#8221;<\/span><\/a><\/p>\n","protected":false},"author":1827,"featured_media":0,"parent":0,"menu_order":0,"comment_status":"closed","ping_status":"closed","template":"","meta":{"footnotes":""},"class_list":["post-298","page","type-page","status-publish","hentry"],"_links":{"self":[{"href":"https:\/\/blog.edu.turku.fi\/monikulttuurinenopetus\/wp-json\/wp\/v2\/pages\/298","targetHints":{"allow":["GET"]}}],"collection":[{"href":"https:\/\/blog.edu.turku.fi\/monikulttuurinenopetus\/wp-json\/wp\/v2\/pages"}],"about":[{"href":"https:\/\/blog.edu.turku.fi\/monikulttuurinenopetus\/wp-json\/wp\/v2\/types\/page"}],"author":[{"embeddable":true,"href":"https:\/\/blog.edu.turku.fi\/monikulttuurinenopetus\/wp-json\/wp\/v2\/users\/1827"}],"replies":[{"embeddable":true,"href":"https:\/\/blog.edu.turku.fi\/monikulttuurinenopetus\/wp-json\/wp\/v2\/comments?post=298"}],"version-history":[{"count":27,"href":"https:\/\/blog.edu.turku.fi\/monikulttuurinenopetus\/wp-json\/wp\/v2\/pages\/298\/revisions"}],"predecessor-version":[{"id":2028,"href":"https:\/\/blog.edu.turku.fi\/monikulttuurinenopetus\/wp-json\/wp\/v2\/pages\/298\/revisions\/2028"}],"wp:attachment":[{"href":"https:\/\/blog.edu.turku.fi\/monikulttuurinenopetus\/wp-json\/wp\/v2\/media?parent=298"}],"curies":[{"name":"wp","href":"https:\/\/api.w.org\/{rel}","templated":true}]}}