{"id":266,"date":"2016-06-14T15:25:02","date_gmt":"2016-06-14T12:25:02","guid":{"rendered":"https:\/\/blog.edu.turku.fi\/monikulttuurinenopetus\/?page_id=266"},"modified":"2025-07-02T12:43:19","modified_gmt":"2025-07-02T09:43:19","slug":"ohjeita-opettajille-2","status":"publish","type":"page","link":"https:\/\/blog.edu.turku.fi\/monikulttuurinenopetus\/ohjeita-opettajille-2\/","title":{"rendered":"Ohjeita opettajille ja ohjaajille"},"content":{"rendered":"<p>Omakielisen\u00e4 opettajana Turun perusopetuksessa &#8211; opas koulujen k\u00e4ytt\u00f6\u00f6n:<a href=\"https:\/\/blog.edu.turku.fi\/monikulttuurinenopetus\/files\/2023\/07\/OMO-opas-lv-23-24.doc\">OMO-opas lv 23-24<\/a> <a href=\"https:\/\/blog.edu.turku.fi\/monikulttuurinenopetus\/files\/2023\/07\/OMO-opas-lv-23-24.pdf\">OMO-opas lv 23-24<\/a><\/p>\n<p><strong>Huom! Opasta p\u00e4ivitet\u00e4\u00e4n parhaillaan\u00a0<\/strong><\/p>\n<p>K\u00e4sikirja SAP HR \u2013portaalin\u00a0k\u00e4ytt\u00f6\u00f6n (mm. ohjeita poissaolon ilmoittamiseen, koulutukseen hakemiseen, matkalaskujen tekoon): <a href=\"https:\/\/blog.edu.turku.fi\/monikulttuurinenopetus\/files\/2016\/06\/SAP-HR-PORTAALIN-K\u00c4SIKIRJA-Ty\u00f6ntekij\u00e4n-itsepalvelutoiminnot.docx\">SAP HR -PORTAALIN K\u00c4SIKIRJA &#8211; Ty\u00f6ntekij\u00e4n itsepalvelutoiminnot<\/a><\/p>\n<p>Ty\u00f6nkuva ja ohjeistus omakieliselle koulunk\u00e4ynninohjaajalle: <a href=\"https:\/\/blog.edu.turku.fi\/monikulttuurinenopetus\/files\/2025\/07\/Omakieliset-koulunkaynninohjaajat_tyonkuva.pdf\">Omakieliset koulunk\u00e4ynninohjaajat_ty\u00f6nkuva<\/a><\/p>\n","protected":false},"excerpt":{"rendered":"<p>Omakielisen\u00e4 opettajana Turun perusopetuksessa &#8211; opas koulujen k\u00e4ytt\u00f6\u00f6n:OMO-opas lv 23-24 OMO-opas lv 23-24 Huom! Opasta p\u00e4ivitet\u00e4\u00e4n parhaillaan\u00a0 K\u00e4sikirja SAP HR \u2013portaalin\u00a0k\u00e4ytt\u00f6\u00f6n (mm. ohjeita poissaolon ilmoittamiseen, koulutukseen hakemiseen, matkalaskujen tekoon): SAP HR -PORTAALIN K\u00c4SIKIRJA &#8211; Ty\u00f6ntekij\u00e4n itsepalvelutoiminnot Ty\u00f6nkuva ja ohjeistus omakieliselle koulunk\u00e4ynninohjaajalle: Omakieliset koulunk\u00e4ynninohjaajat_ty\u00f6nkuva<\/p>\n","protected":false},"author":1827,"featured_media":0,"parent":0,"menu_order":0,"comment_status":"closed","ping_status":"closed","template":"","meta":{"footnotes":""},"class_list":["post-266","page","type-page","status-publish","hentry"],"_links":{"self":[{"href":"https:\/\/blog.edu.turku.fi\/monikulttuurinenopetus\/wp-json\/wp\/v2\/pages\/266","targetHints":{"allow":["GET"]}}],"collection":[{"href":"https:\/\/blog.edu.turku.fi\/monikulttuurinenopetus\/wp-json\/wp\/v2\/pages"}],"about":[{"href":"https:\/\/blog.edu.turku.fi\/monikulttuurinenopetus\/wp-json\/wp\/v2\/types\/page"}],"author":[{"embeddable":true,"href":"https:\/\/blog.edu.turku.fi\/monikulttuurinenopetus\/wp-json\/wp\/v2\/users\/1827"}],"replies":[{"embeddable":true,"href":"https:\/\/blog.edu.turku.fi\/monikulttuurinenopetus\/wp-json\/wp\/v2\/comments?post=266"}],"version-history":[{"count":18,"href":"https:\/\/blog.edu.turku.fi\/monikulttuurinenopetus\/wp-json\/wp\/v2\/pages\/266\/revisions"}],"predecessor-version":[{"id":2216,"href":"https:\/\/blog.edu.turku.fi\/monikulttuurinenopetus\/wp-json\/wp\/v2\/pages\/266\/revisions\/2216"}],"wp:attachment":[{"href":"https:\/\/blog.edu.turku.fi\/monikulttuurinenopetus\/wp-json\/wp\/v2\/media?parent=266"}],"curies":[{"name":"wp","href":"https:\/\/api.w.org\/{rel}","templated":true}]}}