{"id":1768,"date":"2023-06-22T10:10:36","date_gmt":"2023-06-22T07:10:36","guid":{"rendered":"https:\/\/blog.edu.turku.fi\/monikulttuurinenopetus\/?page_id=1768"},"modified":"2023-06-22T11:20:45","modified_gmt":"2023-06-22T08:20:45","slug":"suomalainen-kulttuuri","status":"publish","type":"page","link":"https:\/\/blog.edu.turku.fi\/monikulttuurinenopetus\/suomalainen-kulttuuri\/","title":{"rendered":"Suomalainen kulttuuri"},"content":{"rendered":"<p><a href=\"http:\/\/yle.fi\/aihe\/artikkeli\/2017\/05\/09\/suomen-100-vuotta-virtasten-silmin-nain-koyhasta-maatalousmaasta-tuli-moderni\">Opetusvideo \u201dHyvinvointia rakentamassa: Suomen ja Virtasten vuosisata\u201d. <\/a>\u00a0Video valaisee suomalaisen yhteiskunnan kehittymist\u00e4 ja avaa sen taustoja. Opetusvideo valaisee suomalaisen yhteiskunnan kehittymist\u00e4 ja avaa sen taustoja. Sen on tarkoitus auttaa maahanmuuttajaa hahmottamaan joitakin kriittisi\u00e4 menestystekij\u00f6it\u00e4, jotka ovat vaikuttaneet Suomen kehittymiseen perifeerisest\u00e4 ja k\u00f6yh\u00e4st\u00e4 agraaritaloudesta nykyiseksi moderniksi hyvinvointivaltioksi. Videossa kerrotaan Suomen historian keskeisimmist\u00e4 vaiheista 1900-luvun alusta nykyp\u00e4iv\u00e4\u00e4n. Lis\u00e4ksi siin\u00e4 kuvataan muun muassa seuraavien asioiden kehittyminen Suomessa: yleinen oppivelvollisuus ja peruskoulu, yleinen \u00e4\u00e4nioikeus, sukupuolten tasa-arvo sek\u00e4 \u00e4itien ja lasten terveydenhoito. Aihepiiri\u00e4 l\u00e4hestyt\u00e4\u00e4n kuvitteellisen Virtasen suvun kautta. <strong>Video on toteutettu selkosuomeksi sek\u00e4 englanniksi, ven\u00e4j\u00e4ksi, thaiksi, arabiaksi, somaliksi, soraniksi ja farsiksi puhuttuna.\u00a0<\/strong><\/p>\n","protected":false},"excerpt":{"rendered":"<p>Opetusvideo \u201dHyvinvointia rakentamassa: Suomen ja Virtasten vuosisata\u201d. \u00a0Video valaisee suomalaisen yhteiskunnan kehittymist\u00e4 ja avaa sen taustoja. Opetusvideo valaisee suomalaisen yhteiskunnan kehittymist\u00e4 ja avaa sen taustoja. Sen on tarkoitus auttaa maahanmuuttajaa hahmottamaan joitakin kriittisi\u00e4 menestystekij\u00f6it\u00e4, jotka ovat vaikuttaneet Suomen kehittymiseen perifeerisest\u00e4 ja k\u00f6yh\u00e4st\u00e4 agraaritaloudesta nykyiseksi moderniksi hyvinvointivaltioksi. Videossa kerrotaan Suomen historian keskeisimmist\u00e4 vaiheista 1900-luvun alusta nykyp\u00e4iv\u00e4\u00e4n. &hellip; <a href=\"https:\/\/blog.edu.turku.fi\/monikulttuurinenopetus\/suomalainen-kulttuuri\/\" class=\"more-link\">Jatka lukemista<span class=\"screen-reader-text\"> &#8221;Suomalainen kulttuuri&#8221;<\/span><\/a><\/p>\n","protected":false},"author":3328,"featured_media":0,"parent":0,"menu_order":0,"comment_status":"closed","ping_status":"closed","template":"","meta":{"footnotes":""},"class_list":["post-1768","page","type-page","status-publish","hentry"],"_links":{"self":[{"href":"https:\/\/blog.edu.turku.fi\/monikulttuurinenopetus\/wp-json\/wp\/v2\/pages\/1768","targetHints":{"allow":["GET"]}}],"collection":[{"href":"https:\/\/blog.edu.turku.fi\/monikulttuurinenopetus\/wp-json\/wp\/v2\/pages"}],"about":[{"href":"https:\/\/blog.edu.turku.fi\/monikulttuurinenopetus\/wp-json\/wp\/v2\/types\/page"}],"author":[{"embeddable":true,"href":"https:\/\/blog.edu.turku.fi\/monikulttuurinenopetus\/wp-json\/wp\/v2\/users\/3328"}],"replies":[{"embeddable":true,"href":"https:\/\/blog.edu.turku.fi\/monikulttuurinenopetus\/wp-json\/wp\/v2\/comments?post=1768"}],"version-history":[{"count":4,"href":"https:\/\/blog.edu.turku.fi\/monikulttuurinenopetus\/wp-json\/wp\/v2\/pages\/1768\/revisions"}],"predecessor-version":[{"id":1802,"href":"https:\/\/blog.edu.turku.fi\/monikulttuurinenopetus\/wp-json\/wp\/v2\/pages\/1768\/revisions\/1802"}],"wp:attachment":[{"href":"https:\/\/blog.edu.turku.fi\/monikulttuurinenopetus\/wp-json\/wp\/v2\/media?parent=1768"}],"curies":[{"name":"wp","href":"https:\/\/api.w.org\/{rel}","templated":true}]}}