{"id":1752,"date":"2023-06-22T09:33:28","date_gmt":"2023-06-22T06:33:28","guid":{"rendered":"https:\/\/blog.edu.turku.fi\/monikulttuurinenopetus\/?page_id=1752"},"modified":"2023-06-22T09:44:13","modified_gmt":"2023-06-22T06:44:13","slug":"kielitietoisuudesta-lisaa","status":"publish","type":"page","link":"https:\/\/blog.edu.turku.fi\/monikulttuurinenopetus\/kielitietoisuudesta-lisaa\/","title":{"rendered":"Kielitietoisuudesta lis\u00e4\u00e4"},"content":{"rendered":"<p>Kulttuurinen moninaisuus ja kielitietoisuus, Ilona Kuukka: <a href=\"https:\/\/www.youtube.com\/watch?v=u2yCep0mb3U\">Kielitietoisuus, Ilona Kuukka &#8211; YouTube<\/a><\/p>\n<p>Yhdess\u00e4 kohti kielitietoista koulua &#8211;\u00a0 <strong>N\u00e4k\u00f6kulmia lis\u00e4\u00e4ntyv\u00e4n kielellisen moninaisuuden tukemiseen: <\/strong><a href=\"https:\/\/www.utupub.fi\/handle\/10024\/174277\">Together towards language-aware schools. Perspectives on supporting increasing linguistic diversity &#8211; UTUPub<\/a><\/p>\n<p><em>Kieliverkosto julkaisee <a href=\"https:\/\/www.kieliverkosto.fi\/fi\/journals\">Kieli, koulutus ja yhteiskunta<\/a><\/em> -verkkolehte\u00e4, jonka artikkelit k\u00e4sittelev\u00e4t monipuolisesti kielikoulutusta. Toukokuun 2020 numeron teemana on kieli-, kulttuuri- ja katsomustietoisuus koulutuksen ja kasvatuksen kent\u00e4ll\u00e4. Sis\u00e4lt\u00e4\u00e4 paljon mielenkiintoisia artikkeleita.<\/p>\n<p><a href=\"https:\/\/www.utu.fi\/fi\/yliopisto\/kasvatustieteiden-tiedekunta\/opettajankoulutuslaitos\/kieli-ja-kulttuuritietoinen-opetus\">Turun yliopiston opettajankouluslaitos j\u00e4rjest\u00e4\u00e4 kursseja<\/a>, joilla\u00a0opettajat voivat kouluttautua kieli- ja kulttuuritietoisen opetuksen asiantuntijoiksi. Koulutukset ovat osallistujille maksuttomia, ja ne rahoittaa opetus- ja kulttuuriministeri\u00f6 sek\u00e4 Opetushallitus.<\/p>\n<p>DivEd-hankkeen vinkkej\u00e4 <a href=\"http:\/\/dived.fi\/kieli-ja-kulttuuritietoinen-opetus\/\">Kieli- ja kulttuuritietoiseen opetukseen<\/a><\/p>\n<p>Turun yliopiston Min\u00e4st\u00e4 ja kielest\u00e4 kiinni \u2013hankkeessa on tuotettu kaksiosainen oppimateriaalipari kieli- ja kulttuuritietoiseen perusopetukseen. Oppimateriaalit sis\u00e4lt\u00e4v\u00e4t pedagogista taustatietoa opettajille, tulostettavaa ja digitaalista materiaalia oppilaille sek\u00e4 helppok\u00e4ytt\u00f6isi\u00e4 toiminnallisia ja yhteis\u00f6llisi\u00e4 teht\u00e4vi\u00e4.<\/p>\n<p>Kielest\u00e4 koppi -kirjan pdf-versio: <a href=\"https:\/\/sites.utu.fi\/minasta-ja-kielesta-kiinni\/wp-content\/uploads\/sites\/179\/2021\/02\/Kielest%C3%A4-koppi-oppimateriaali.pdf\">https:\/\/sites.utu.fi\/minasta-ja-kielesta-kiinni\/wp-content\/uploads\/sites\/179\/2021\/02\/Kielest%C3%A4-koppi-oppimateriaali.pdf<\/a><\/p>\n<p>Min\u00e4st\u00e4 kiinni -kirjan pdf-versio: <a href=\"https:\/\/sites.utu.fi\/minasta-ja-kielesta-kiinni\/wp-content\/uploads\/sites\/179\/2021\/02\/Minasta-kiinni-oppimateriaali.pdf\">https:\/\/sites.utu.fi\/minasta-ja-kielesta-kiinni\/wp-content\/uploads\/sites\/179\/2021\/02\/Minasta-kiinni-oppimateriaali.pdf<\/a><\/p>\n","protected":false},"excerpt":{"rendered":"<p>Kulttuurinen moninaisuus ja kielitietoisuus, Ilona Kuukka: Kielitietoisuus, Ilona Kuukka &#8211; YouTube Yhdess\u00e4 kohti kielitietoista koulua &#8211;\u00a0 N\u00e4k\u00f6kulmia lis\u00e4\u00e4ntyv\u00e4n kielellisen moninaisuuden tukemiseen: Together towards language-aware schools. Perspectives on supporting increasing linguistic diversity &#8211; UTUPub Kieliverkosto julkaisee Kieli, koulutus ja yhteiskunta -verkkolehte\u00e4, jonka artikkelit k\u00e4sittelev\u00e4t monipuolisesti kielikoulutusta. Toukokuun 2020 numeron teemana on kieli-, kulttuuri- ja katsomustietoisuus koulutuksen &hellip; <a href=\"https:\/\/blog.edu.turku.fi\/monikulttuurinenopetus\/kielitietoisuudesta-lisaa\/\" class=\"more-link\">Jatka lukemista<span class=\"screen-reader-text\"> &#8221;Kielitietoisuudesta lis\u00e4\u00e4&#8221;<\/span><\/a><\/p>\n","protected":false},"author":3328,"featured_media":0,"parent":0,"menu_order":0,"comment_status":"closed","ping_status":"closed","template":"","meta":{"footnotes":""},"class_list":["post-1752","page","type-page","status-publish","hentry"],"_links":{"self":[{"href":"https:\/\/blog.edu.turku.fi\/monikulttuurinenopetus\/wp-json\/wp\/v2\/pages\/1752","targetHints":{"allow":["GET"]}}],"collection":[{"href":"https:\/\/blog.edu.turku.fi\/monikulttuurinenopetus\/wp-json\/wp\/v2\/pages"}],"about":[{"href":"https:\/\/blog.edu.turku.fi\/monikulttuurinenopetus\/wp-json\/wp\/v2\/types\/page"}],"author":[{"embeddable":true,"href":"https:\/\/blog.edu.turku.fi\/monikulttuurinenopetus\/wp-json\/wp\/v2\/users\/3328"}],"replies":[{"embeddable":true,"href":"https:\/\/blog.edu.turku.fi\/monikulttuurinenopetus\/wp-json\/wp\/v2\/comments?post=1752"}],"version-history":[{"count":3,"href":"https:\/\/blog.edu.turku.fi\/monikulttuurinenopetus\/wp-json\/wp\/v2\/pages\/1752\/revisions"}],"predecessor-version":[{"id":1757,"href":"https:\/\/blog.edu.turku.fi\/monikulttuurinenopetus\/wp-json\/wp\/v2\/pages\/1752\/revisions\/1757"}],"wp:attachment":[{"href":"https:\/\/blog.edu.turku.fi\/monikulttuurinenopetus\/wp-json\/wp\/v2\/media?parent=1752"}],"curies":[{"name":"wp","href":"https:\/\/api.w.org\/{rel}","templated":true}]}}