{"id":1709,"date":"2023-06-21T15:46:17","date_gmt":"2023-06-21T12:46:17","guid":{"rendered":"https:\/\/blog.edu.turku.fi\/monikulttuurinenopetus\/?page_id=1709"},"modified":"2023-06-21T15:46:17","modified_gmt":"2023-06-21T12:46:17","slug":"islamin-opetussuunnitelma","status":"publish","type":"page","link":"https:\/\/blog.edu.turku.fi\/monikulttuurinenopetus\/islamin-opetussuunnitelma\/","title":{"rendered":"Islamin opetussuunnitelma"},"content":{"rendered":"<p>Arabiankielinen k\u00e4\u00e4nn\u00f6s Turun islamin\u00a0uskonnon\u00a0opetussuunnitelmasta: <a href=\"https:\/\/blog.edu.turku.fi\/monikulttuurinenopetus\/files\/2016\/06\/Arabiankielinen-k\u00e4\u00e4nn\u00f6s-Turun-islamin-opetussuunnitelmasta.pdf\"><u><span style=\"color: #0066cc\">Turun islamin OPS arabiaksi<\/span><\/u><\/a><\/p>\n<p>Somalinkielinen k\u00e4\u00e4nn\u00f6s Turun islamin uskonnon opetussuunnitelmasta: <a href=\"https:\/\/blog.edu.turku.fi\/monikulttuurinenopetus\/files\/2016\/06\/Somali_Islamin-uskonto-Turun-perusopetuksen-opetussuunnitelmassa-1-8-2016.pdf\"><u><span style=\"color: #0066cc\">Turun islamin OPS somaliksi<\/span><\/u><\/a><\/p>\n","protected":false},"excerpt":{"rendered":"<p>Arabiankielinen k\u00e4\u00e4nn\u00f6s Turun islamin\u00a0uskonnon\u00a0opetussuunnitelmasta: Turun islamin OPS arabiaksi Somalinkielinen k\u00e4\u00e4nn\u00f6s Turun islamin uskonnon opetussuunnitelmasta: Turun islamin OPS somaliksi<\/p>\n","protected":false},"author":3328,"featured_media":0,"parent":0,"menu_order":0,"comment_status":"closed","ping_status":"closed","template":"","meta":{"footnotes":""},"class_list":["post-1709","page","type-page","status-publish","hentry"],"_links":{"self":[{"href":"https:\/\/blog.edu.turku.fi\/monikulttuurinenopetus\/wp-json\/wp\/v2\/pages\/1709","targetHints":{"allow":["GET"]}}],"collection":[{"href":"https:\/\/blog.edu.turku.fi\/monikulttuurinenopetus\/wp-json\/wp\/v2\/pages"}],"about":[{"href":"https:\/\/blog.edu.turku.fi\/monikulttuurinenopetus\/wp-json\/wp\/v2\/types\/page"}],"author":[{"embeddable":true,"href":"https:\/\/blog.edu.turku.fi\/monikulttuurinenopetus\/wp-json\/wp\/v2\/users\/3328"}],"replies":[{"embeddable":true,"href":"https:\/\/blog.edu.turku.fi\/monikulttuurinenopetus\/wp-json\/wp\/v2\/comments?post=1709"}],"version-history":[{"count":1,"href":"https:\/\/blog.edu.turku.fi\/monikulttuurinenopetus\/wp-json\/wp\/v2\/pages\/1709\/revisions"}],"predecessor-version":[{"id":1711,"href":"https:\/\/blog.edu.turku.fi\/monikulttuurinenopetus\/wp-json\/wp\/v2\/pages\/1709\/revisions\/1711"}],"wp:attachment":[{"href":"https:\/\/blog.edu.turku.fi\/monikulttuurinenopetus\/wp-json\/wp\/v2\/media?parent=1709"}],"curies":[{"name":"wp","href":"https:\/\/api.w.org\/{rel}","templated":true}]}}